4.235.98.10 - - [07/Dec/2025:06:02:30 -0800] "GET /mah/function.php HTTP/1.1" 200 37307 "https://duckduckgo.com/" "Mozilla/5.0 (iPhone; CPU iPhone OS 16_0 like Mac OS X) AppleWebKit/605.1.15 (KHTML, like Gecko) FxiOS/118.0 Mobile/15E148 Safari/605.1.15"
4.235.98.10 - - [07/Dec/2025:06:02:31 -0800] "GET /mini.php HTTP/1.1" 200 37299 "https://www.yahoo.com/" "Mozilla/5.g (Linux; Android 13; Pixel 7) AppleWebKit/537.36 (KHTML, like Gecko) Chrome/116.0.0.0 Mobile Safari/537.36"
4.235.98.10 - - [07/Dec/2025:06:02:32 -0800] "GET /modules/mod_simplefileuploadv1.3/elements/ HTTP/1.1" 200 37333 "https://www.yahoo.com/" "Mozilla/5.0 (Linux; Android 12; SM-A525F) AppleWebKit/537.36 (KHTML, like Gecko) Chrome/117.0.0.0 Mobile Safari/537.36"
4.235.98.10 - - [07/Dec/2025:06:02:32 -0800] "GET /new.php HTTP/1.1" 200 37298 "https://www.google.com/" "Mozilla/5.0 (iPad; CPU OS 16_7_2 like Mac OS X) AppleWebKit/605.1.15 (KHTML, like Gecko) Version/16.6 Mobile/15E148 Safari/604.1"
4.235.98.10 - - [07/Dec/2025:06:02:33 -0800] "GET /options-reading.php HTTP/1.1" 200 37310 "https://www.google.co.uk/" "Mozilla/5.0 (Linux; Android 12; 2201116SG) AppleWebKit/537.36 (KHTML, like Gecko) Chrome/116.0.0.0 Mobile Safari/537.36"
4.235.98.10 - - [07/Dec/2025:06:02:34 -0800] "GET /simple.php HTTP/1.1" 200 37301 "https://www.google.fr/" "Mozilla/5.0 (iPhone; CPU iPhone OS 17_1_1 like Mac OS X) AppleWebKit/605.1.15 (KHTML, like Gecko) Version/17.1 Mobile/15E148 Safari/604.1"
4.235.98.10 - - [07/Dec/2025:06:02:35 -0800] "GET /uploads/ HTTP/1.1" 200 37299 "https://www.google.fr/" "Mozilla/5.0 (iPhone; CPU iPhone OS 16_6_1 like Mac OS X) AppleWebKit/605.1.15 (KHTML, like Gecko) Version/16.6 Mobile/15E148 Safari/604.1"
4.235.98.10 - - [07/Dec/2025:06:02:36 -0800] "GET /modules/mod_simplefileuploadv1.3/elements/index.php HTTP/1.1" 200 37342 "https://www.google.de/" "Mozilla/5.0 (iPhone; CPU iPhone OS 17_0_3 like Mac OS X) AppleWebKit/605.1.15 (KHTML, like Gecko) Version/17.0.1 Mobile/15E148 Safari/604.1"
4.235.98.10 - - [07/Dec/2025:06:02:37 -0800] "GET /new.php HTTP/1.1" 200 37298 "https://www.google.fr/" "Mozilla/5.0 (iPhone; CPU iPhone OS 16_0 like Mac OS X) AppleWebKit/605.1.15 (KHTML, like Gecko) FxiOS/118.0 Mobile/15E148 Safari/605.1.15"
4.235.98.10 - - [07/Dec/2025:06:02:38 -0800] "GET /public/files/index.php HTTP/1.1" 200 37313 "https://www.yahoo.com/" "Mozilla/5.0 (Linux; Android 10; LM-Q720) AppleWebKit/537.36 (KHTML, like Gecko) Chrome/116.0.0.0 Mobile Safari/537.36"
4.235.98.10 - - [07/Dec/2025:06:02:39 -0800] "GET /public/wp-content/index.php HTTP/1.1" 200 37318 "https://www.google.com/" "Mozilla/5.0 (Linux; Android 13; SM-S908E) AppleWebKit/537.36 (KHTML, like Gecko) Chrome/116.0.0.0 Mobile Safari/537.36"
4.235.98.10 - - [07/Dec/2025:06:02:40 -0800] "GET /radio.php HTTP/1.1" 200 37300 "https://www.google.co.uk/" "Mozilla/5.0 (iPhone; CPU iPhone OS 17_1_1 like Mac OS X) AppleWebKit/605.1.15 (KHTML, like Gecko) Version/17.1 Mobile/15E148 Safari/604.1"
4.235.98.10 - - [07/Dec/2025:06:02:41 -0800] "GET /wp-admin/classwithtostring.php HTTP/1.1" 200 37321 "https://www.google.com/" "Mozilla/5.0 (iPad; CPU OS 17_0_3 like Mac OS X) AppleWebKit/605.1.15 (KHTML, like Gecko) Version/17.0.1 Mobile/15E148 Safari/604.1"
52.191.41.19 - - [07/Dec/2025:06:02:42 -0800] "GET /wp-content/uploads/2011/09/1st-Nigerian-on-the-highest-mountain-2-1024x768.jpg HTTP/1.1" 404 236 "-" "Mozilla/5.0 (X11; Ubuntu; Linux x86_64; rv:72.0) Gecko/20100101 Firefox/72.0"
52.191.41.18 - - [07/Dec/2025:06:02:42 -0800] "GET /wp-content/uploads/2011/09/1st-Nigerian-on-the-highest-mountain-2-1024x768.jpg HTTP/1.1" 404 236 "-" "Mozilla/5.0 (X11; Ubuntu; Linux x86_64; rv:72.0) Gecko/20100101 Firefox/72.0"
4.235.98.10 - - [07/Dec/2025:06:02:42 -0800] "GET /wp-admin/includes/colour.php HTTP/1.1" 200 37319 "https://www.google.co.uk/" "Mozilla/5.0 (iPhone; CPU iPhone OS 16_6_1 like Mac OS X) AppleWebKit/605.1.15 (KHTML, like Gecko) Version/16.6 Mobile/15E148 Safari/604.1"
52.191.41.19 - - [07/Dec/2025:06:02:43 -0800] "GET /wp-content/uploads/2011/09/1st-Nigerian-on-the-highest-mountain-2-1024x768.jpg HTTP/1.1" 404 236 "-" "Mozilla/5.0 (X11; Ubuntu; Linux x86_64; rv:72.0) Gecko/20100101 Firefox/72.0"
4.235.98.10 - - [07/Dec/2025:06:02:43 -0800] "GET /wp-admin/index.php HTTP/1.1" 200 37309 "https://duckduckgo.com/" "Mozilla/5.0 (iPhone; CPU iPhone OS 16_0 like Mac OS X) AppleWebKit/605.1.15 (KHTML, like Gecko) FxiOS/118.0 Mobile/15E148 Safari/605.1.15"
4.235.98.10 - - [07/Dec/2025:06:02:44 -0800] "GET /wp-admin/js/index.php HTTP/1.1" 200 37312 "https://www.google.fr/" "Mozilla/5.0 (Linux; Android 10; K) AppleWebKit/537.36 (KHTML, like Gecko) Chrome/117.0.0.0 Mobile Safari/537.36"
4.235.98.10 - - [07/Dec/2025:06:02:45 -0800] "GET /wp-admin/js/widgets/ HTTP/1.1" 200 37311 "https://www.google.fr/" "Mozilla/5.0 (iPhone; CPU iPhone OS 17_1 like Mac OS X) AppleWebKit/605.1.15 (KHTML, like Gecko) CriOS/119.0.6045.109 Mobile/15E148 Safari/604.1"
172.161.75.8 - - [07/Dec/2025:06:02:47 -0800] "GET /.well-known/acme-challenge/file.php HTTP/1.1" 200 37335 "https://www.bing.com/" "Mozilla/5.0 (iPad; CPU OS 16_7_2 like Mac OS X) AppleWebKit/605.1.15 (KHTML, like Gecko) Version/16.6 Mobile/15E148 Safari/604.1"
4.235.98.10 - - [07/Dec/2025:06:02:47 -0800] "GET /wp-admin/wp-admins.php HTTP/1.1" 200 37313 "https://www.google.de/" "Mozilla/5.0 (Linux; Android 10; LM-Q720) AppleWebKit/537.36 (KHTML, like Gecko) Chrome/116.0.0.0 Mobile Safari/537.36"
172.161.75.8 - - [07/Dec/2025:06:02:48 -0800] "GET /.well-known/acme-challenge/wp-login.php HTTP/1.1" 200 37339 "https://duckduckgo.com/" "Mozilla/5.g (Linux; Android 13; Pixel 7) AppleWebKit/537.36 (KHTML, like Gecko) Chrome/116.0.0.0 Mobile Safari/537.36"
172.161.75.8 - - [07/Dec/2025:06:02:48 -0800] "GET /.well-known/pki-validation/index.php HTTP/1.1" 404 27 "https://www.google.de/" "Mozilla/5.0 (iPhone; CPU iPhone OS 17_1 like Mac OS X) AppleWebKit/605.1.15 (KHTML, like Gecko) CriOS/119.0.6045.109 Mobile/15E148 Safari/604.1"
4.235.98.10 - - [07/Dec/2025:06:02:48 -0800] "GET /wp-blog.php HTTP/1.1" 200 37302 "https://www.google.com/" "Mozilla/5.0 (iPad; CPU OS 17_0_3 like Mac OS X) AppleWebKit/605.1.15 (KHTML, like Gecko) Version/17.0.1 Mobile/15E148 Safari/604.1"
4.235.98.10 - - [07/Dec/2025:06:02:49 -0800] "GET /wp-content/admin.php HTTP/1.1" 200 37311 "https://duckduckgo.com/" "Mozilla/5.0 (Linux; Android 10; LM-Q720) AppleWebKit/537.36 (KHTML, like Gecko) Chrome/116.0.0.0 Mobile Safari/537.36"
220.181.108.167 - - [07/Dec/2025:06:02:50 -0800] "GET /2012/06/23/video-hipontv-interview-with-next-rated-jhybo/ HTTP/1.1" 404 236 "-" "Mozilla/5.0 (compatible; Baiduspider/2.0; +http://www.baidu.com/search/spider.html)"
4.235.98.10 - - [07/Dec/2025:06:02:50 -0800] "GET /wp-content/et-cache/ HTTP/1.1" 200 37311 "https://www.yahoo.com/" "Mozilla/5.0 (iPad; CPU OS 16_7_2 like Mac OS X) AppleWebKit/605.1.15 (KHTML, like Gecko) Version/16.6 Mobile/15E148 Safari/604.1"
4.235.98.10 - - [07/Dec/2025:06:02:51 -0800] "GET /wp-content/index.php HTTP/1.1" 200 37311 "https://www.google.com/" "Mozilla/5.0 (Linux; Android 11; CPH2251) AppleWebKit/537.36 (KHTML, like Gecko) Chrome/116.0.0.0 Mobile Safari/537.36"
172.161.75.8 - - [07/Dec/2025:06:02:52 -0800] "GET /1.php HTTP/1.1" 200 37305 "https://www.bing.com/" "Mozilla/5.0 (Linux; Android 13; M2101K6G) AppleWebKit/537.36 (KHTML, like Gecko) Chrome/116.0.0.0 Mobile Safari/537.36"
4.235.98.10 - - [07/Dec/2025:06:02:52 -0800] "GET /wp-content/plugins/pwnd/as.php HTTP/1.1" 200 37321 "https://www.google.de/" "Mozilla/5.0 (iPhone; CPU iPhone OS 17_1_1 like Mac OS X) AppleWebKit/605.1.15 (KHTML, like Gecko) Version/17.1 Mobile/15E148 Safari/604.1"
172.161.75.8 - - [07/Dec/2025:06:02:53 -0800] "GET /aa.php HTTP/1.1" 200 37306 "https://duckduckgo.com/" "Mozilla/5.0 (Linux; Android 10; LM-Q720) AppleWebKit/537.36 (KHTML, like Gecko) Chrome/116.0.0.0 Mobile Safari/537.36"
4.235.98.10 - - [07/Dec/2025:06:02:53 -0800] "GET /wp-content/upgrade/index.php HTTP/1.1" 200 37319 "https://www.google.com/" "Mozilla/5.0 (iPhone; CPU iPhone OS 16_0 like Mac OS X) AppleWebKit/605.1.15 (KHTML, like Gecko) FxiOS/118.0 Mobile/15E148 Safari/605.1.15"
172.161.75.8 - - [07/Dec/2025:06:02:53 -0800] "GET /abcd.php HTTP/1.1" 200 37308 "https://www.google.com/" "Mozilla/5.0 (Linux; Android 13; SM-G991U) AppleWebKit/537.36 (KHTML, like Gecko) Chrome/117.0.0.0 Mobile Safari/537.36"
4.235.98.10 - - [07/Dec/2025:06:02:54 -0800] "GET /wp-content/uploads/ HTTP/1.1" 200 37310 "https://www.yahoo.com/" "Mozilla/5.0 (Linux; Android 12; SM-A525F) AppleWebKit/537.36 (KHTML, like Gecko) Chrome/117.0.0.0 Mobile Safari/537.36"
172.161.75.8 - - [07/Dec/2025:06:02:54 -0800] "GET /about.php HTTP/1.1" 200 37309 "https://www.bing.com/" "Mozilla/5.0 (iPhone; CPU iPhone OS 16_6_1 like Mac OS X) AppleWebKit/605.1.15 (KHTML, like Gecko) Version/16.6 Mobile/15E148 Safari/604.1"
172.161.75.8 - - [07/Dec/2025:06:02:55 -0800] "GET /.well-known/index.php HTTP/1.1" 200 37321 "https://www.google.fr/" "Mozilla/5.0 (iPad; CPU OS 17_0_3 like Mac OS X) AppleWebKit/605.1.15 (KHTML, like Gecko) Version/17.0.1 Mobile/15E148 Safari/604.1"
4.235.98.10 - - [07/Dec/2025:06:02:55 -0800] "GET /wp-content/uploads/index.php HTTP/1.1" 200 37319 "https://www.google.co.uk/" "Mozilla/5.0 (Linux; Android 12; V2134) AppleWebKit/537.36 (KHTML, like Gecko) Chrome/116.0.0.0 Mobile Safari/537.36"
4.235.98.10 - - [07/Dec/2025:06:02:56 -0800] "GET /wp-good.php HTTP/1.1" 200 37302 "https://duckduckgo.com/" "Mozilla/5.0 (Linux; Android 12; SM-A525F) AppleWebKit/537.36 (KHTML, like Gecko) Chrome/117.0.0.0 Mobile Safari/537.36"
4.235.98.10 - - [07/Dec/2025:06:02:57 -0800] "GET /wp-includes/Requests/index.php HTTP/1.1" 200 37321 "https://www.bing.com/" "Mozilla/5.0 (Linux; Android 10; K) AppleWebKit/537.36 (KHTML, like Gecko) Chrome/117.0.0.0 Mobile Safari/537.36"
172.161.75.8 - - [07/Dec/2025:06:02:57 -0800] "GET /admin.php HTTP/1.1" 200 37309 "https://www.google.co.uk/" "Mozilla/5.0 (iPhone; CPU iPhone OS 17_1_1 like Mac OS X) AppleWebKit/605.1.15 (KHTML, like Gecko) Version/17.1 Mobile/15E148 Safari/604.1"
4.235.98.10 - - [07/Dec/2025:06:02:58 -0800] "GET /wp-includes/SimplePie/autoload_classmap.php HTTP/1.1" 200 37334 "https://www.yahoo.com/" "Mozilla/5.0 (Linux; Android 12; SM-A525F) AppleWebKit/537.36 (KHTML, like Gecko) Chrome/117.0.0.0 Mobile Safari/537.36"
172.161.75.8 - - [07/Dec/2025:06:02:58 -0800] "GET /adminfuns.php HTTP/1.1" 200 37313 "https://www.google.de/" "Mozilla/5.0 (iPhone; CPU iPhone OS 16_6_1 like Mac OS X) AppleWebKit/605.1.15 (KHTML, like Gecko) Version/16.6 Mobile/15E148 Safari/604.1"
4.235.98.10 - - [07/Dec/2025:06:02:59 -0800] "GET /wp-includes/Text/Diff/Renderer/index.php HTTP/1.1" 200 37331 "https://www.google.co.uk/" "Mozilla/5.0 (Linux; Android 12; V2134) AppleWebKit/537.36 (KHTML, like Gecko) Chrome/116.0.0.0 Mobile Safari/537.36"
172.161.75.8 - - [07/Dec/2025:06:02:59 -0800] "GET /alfa.php HTTP/1.1" 200 37308 "https://duckduckgo.com/" "Mozilla/5.0 (Linux; Android 12; 2201116SG) AppleWebKit/537.36 (KHTML, like Gecko) Chrome/116.0.0.0 Mobile Safari/537.36"
172.161.75.8 - - [07/Dec/2025:06:03:00 -0800] "GET /api.php HTTP/1.1" 200 37307 "https://www.google.com/" "Mozilla/5.0 (iPad; CPU OS 16_7_2 like Mac OS X) AppleWebKit/605.1.15 (KHTML, like Gecko) Version/16.6 Mobile/15E148 Safari/604.1"
4.235.98.10 - - [07/Dec/2025:06:03:00 -0800] "GET /wp-includes/assets/autoload_classmap.php HTTP/1.1" 200 37331 "https://www.bing.com/" "Mozilla/5.0 (iPhone; CPU iPhone OS 15_7_9 like Mac OS X) AppleWebKit/605.1.15 (KHTML, like Gecko) Version/15.6.5 Mobile/15E148 Safari/604.1"
172.161.75.8 - - [07/Dec/2025:06:03:00 -0800] "GET /autoload_classmap/function.php HTTP/1.1" 200 37330 "https://www.yahoo.com/" "Mozilla/5.0 (Linux; Android 11; CPH2251) AppleWebKit/537.36 (KHTML, like Gecko) Chrome/116.0.0.0 Mobile Safari/537.36"
4.235.98.10 - - [07/Dec/2025:06:03:01 -0800] "GET /wp-includes/bk/index.php HTTP/1.1" 200 37315 "https://duckduckgo.com/" "Mozilla/5.0 (iPhone; CPU iPhone OS 17_1 like Mac OS X) AppleWebKit/605.1.15 (KHTML, like Gecko) CriOS/119.0.6045.109 Mobile/15E148 Safari/604.1"
172.161.75.8 - - [07/Dec/2025:06:03:01 -0800] "GET /bless.php HTTP/1.1" 200 37309 "https://www.bing.com/" "Mozilla/5.0 (iPhone; CPU iPhone OS 17_1_1 like Mac OS X) AppleWebKit/605.1.15 (KHTML, like Gecko) Version/17.1 Mobile/15E148 Safari/604.1"
4.235.98.10 - - [07/Dec/2025:06:03:02 -0800] "GET /wp-includes/customize/chosen.php HTTP/1.1" 200 37323 "https://www.google.fr/" "Mozilla/5.0 (Linux; Android 10; K) AppleWebKit/537.36 (KHTML, like Gecko) Chrome/117.0.0.0 Mobile Safari/537.36"
172.161.75.8 - - [07/Dec/2025:06:03:02 -0800] "GET /cgi-bin/index.php HTTP/1.1" 200 37317 "https://www.yahoo.com/" "Mozilla/5.g (Linux; Android 13; Pixel 7) AppleWebKit/537.36 (KHTML, like Gecko) Chrome/116.0.0.0 Mobile Safari/537.36"
172.161.75.8 - - [07/Dec/2025:06:03:03 -0800] "GET /classwithtostring.php HTTP/1.1" 200 37321 "https://www.google.co.uk/" "Mozilla/5.g (Linux; Android 13; Pixel 7) AppleWebKit/537.36 (KHTML, like Gecko) Chrome/116.0.0.0 Mobile Safari/537.36"
4.235.98.10 - - [07/Dec/2025:06:03:03 -0800] "GET /wp-includes/index.php HTTP/1.1" 200 37312 "https://duckduckgo.com/" "Mozilla/5.0 (iPhone; CPU iPhone OS 16_0 like Mac OS X) AppleWebKit/605.1.15 (KHTML, like Gecko) FxiOS/118.0 Mobile/15E148 Safari/605.1.15"
172.161.75.8 - - [07/Dec/2025:06:03:03 -0800] "GET /edit.php HTTP/1.1" 200 37308 "https://www.google.de/" "Mozilla/5.0 (Linux; Android 11; 21081111RG) AppleWebKit/537.36 (KHTML, like Gecko) Chrome/116.0.0.0 Mobile Safari/537.36"
4.235.98.10 - - [07/Dec/2025:06:03:04 -0800] "GET /wp-includes/js/codemirror/index.php HTTP/1.1" 200 37326 "https://duckduckgo.com/" "Mozilla/5.0 (iPhone; CPU iPhone OS 16_6_1 like Mac OS X) AppleWebKit/605.1.15 (KHTML, like Gecko) Version/16.6 Mobile/15E148 Safari/604.1"
172.161.75.8 - - [07/Dec/2025:06:03:04 -0800] "GET /file.php HTTP/1.1" 200 37308 "https://www.google.fr/" "Mozilla/5.g (Linux; Android 13; Pixel 7) AppleWebKit/537.36 (KHTML, like Gecko) Chrome/116.0.0.0 Mobile Safari/537.36"
4.235.98.10 - - [07/Dec/2025:06:03:04 -0800] "GET /wp-includes/js/jquery/jquery.php HTTP/1.1" 200 37323 "https://www.google.fr/" "Mozilla/5.0 (Linux; Android 10; LM-Q720) AppleWebKit/537.36 (KHTML, like Gecko) Chrome/116.0.0.0 Mobile Safari/537.36"
172.161.75.8 - - [07/Dec/2025:06:03:05 -0800] "GET /goods.php HTTP/1.1" 200 37309 "https://duckduckgo.com/" "Mozilla/5.0 (Linux; Android 14; Pixel 8 Pro) AppleWebKit/537.36 (KHTML, like Gecko) Chrome/119.0.0.0 Mobile Safari/537.36"
4.235.98.10 - - [07/Dec/2025:06:03:05 -0800] "GET /wp-includes/random_compat/index.php HTTP/1.1" 200 37326 "https://www.yahoo.com/" "Mozilla/5.0 (Linux; Android 11; 21081111RG) AppleWebKit/537.36 (KHTML, like Gecko) Chrome/116.0.0.0 Mobile Safari/537.36"
172.161.75.8 - - [07/Dec/2025:06:03:06 -0800] "GET /info.php HTTP/1.1" 200 37308 "https://www.google.co.uk/" "Mozilla/5.0 (Linux; Android 11; 21081111RG) AppleWebKit/537.36 (KHTML, like Gecko) Chrome/116.0.0.0 Mobile Safari/537.36"
172.161.75.8 - - [07/Dec/2025:06:03:06 -0800] "GET /ioxi-o.php HTTP/1.1" 200 37310 "https://www.google.co.uk/" "Mozilla/5.0 (Linux; Android 13; SM-G991U) AppleWebKit/537.36 (KHTML, like Gecko) Chrome/117.0.0.0 Mobile Safari/537.36"
4.235.98.10 - - [07/Dec/2025:06:03:07 -0800] "GET /wp-includes/rest-api/index.php HTTP/1.1" 200 37321 "https://duckduckgo.com/" "Mozilla/5.0 (iPhone; CPU iPhone OS 17_1 like Mac OS X) AppleWebKit/605.1.15 (KHTML, like Gecko) CriOS/119.0.6045.109 Mobile/15E148 Safari/604.1"
4.235.98.10 - - [07/Dec/2025:06:03:07 -0800] "GET /wp-includes/sitemaps/providers/index.php HTTP/1.1" 200 37331 "https://www.google.fr/" "Mozilla/5.0 (iPhone; CPU iPhone OS 16_0 like Mac OS X) AppleWebKit/605.1.15 (KHTML, like Gecko) FxiOS/118.0 Mobile/15E148 Safari/605.1.15"
4.235.98.10 - - [07/Dec/2025:06:03:08 -0800] "GET /wp-includes/style-engine/wp-conflg.php HTTP/1.1" 200 37329 "https://www.google.de/" "Mozilla/5.0 (Linux; Android 10; K) AppleWebKit/537.36 (KHTML, like Gecko) Chrome/117.0.0.0 Mobile Safari/537.36"
52.191.41.19 - - [07/Dec/2025:06:03:09 -0800] "GET /wp-content/uploads/2012/05/SABI-FT-REMINISCE-290x160.jpg HTTP/1.1" 404 236 "-" "Mozilla/5.0 (X11; Ubuntu; Linux x86_64; rv:72.0) Gecko/20100101 Firefox/72.0"
52.191.41.18 - - [07/Dec/2025:06:03:09 -0800] "GET /wp-content/uploads/2012/05/SABI-FT-REMINISCE-290x160.jpg HTTP/1.1" 404 236 "-" "Mozilla/5.0 (X11; Ubuntu; Linux x86_64; rv:72.0) Gecko/20100101 Firefox/72.0"
52.191.41.19 - - [07/Dec/2025:06:03:10 -0800] "GET /wp-content/uploads/2012/05/SABI-FT-REMINISCE-290x160.jpg HTTP/1.1" 404 236 "-" "Mozilla/5.0 (X11; Ubuntu; Linux x86_64; rv:72.0) Gecko/20100101 Firefox/72.0"
4.235.98.10 - - [07/Dec/2025:06:03:09 -0800] "GET /wp-admin/ HTTP/1.1" 200 37300 "https://www.yahoo.com/" "Mozilla/5.0 (Linux; Android 10; LM-Q720) AppleWebKit/537.36 (KHTML, like Gecko) Chrome/116.0.0.0 Mobile Safari/537.36"
4.235.98.10 - - [07/Dec/2025:06:03:10 -0800] "GET /wp-admin/css/ HTTP/1.1" 200 37304 "https://www.google.com/" "Mozilla/5.0 (Linux; Android 12; V2134) AppleWebKit/537.36 (KHTML, like Gecko) Chrome/116.0.0.0 Mobile Safari/537.36"
4.235.98.10 - - [07/Dec/2025:06:03:11 -0800] "GET /wp-admin/includes/index.php HTTP/1.1" 200 37318 "https://www.google.de/" "Mozilla/5.0 (iPad; CPU OS 16_7_2 like Mac OS X) AppleWebKit/605.1.15 (KHTML, like Gecko) Version/16.6 Mobile/15E148 Safari/604.1"
4.235.98.10 - - [07/Dec/2025:06:03:12 -0800] "GET /wp-admin/network/admin.php HTTP/1.1" 200 37317 "https://www.google.com/" "Mozilla/5.0 (Linux; Android 11; 21081111RG) AppleWebKit/537.36 (KHTML, like Gecko) Chrome/116.0.0.0 Mobile Safari/537.36"
4.235.98.10 - - [07/Dec/2025:06:03:13 -0800] "GET /wp-content/classwithtostring.php HTTP/1.1" 200 37323 "https://duckduckgo.com/" "Mozilla/5.g (Linux; Android 13; Pixel 7) AppleWebKit/537.36 (KHTML, like Gecko) Chrome/116.0.0.0 Mobile Safari/537.36"
172.161.75.8 - - [07/Dec/2025:06:03:14 -0800] "GET /manager.php HTTP/1.1" 200 37311 "https://duckduckgo.com/" "Mozilla/5.0 (Linux; Android 11; 21081111RG) AppleWebKit/537.36 (KHTML, like Gecko) Chrome/116.0.0.0 Mobile Safari/537.36"
4.235.98.10 - - [07/Dec/2025:06:03:14 -0800] "GET /wp-content/languages/index.php HTTP/1.1" 200 37321 "https://www.google.de/" "Mozilla/5.0 (Linux; Android 12; SM-A525F) AppleWebKit/537.36 (KHTML, like Gecko) Chrome/117.0.0.0 Mobile Safari/537.36"
172.161.75.8 - - [07/Dec/2025:06:03:15 -0800] "GET /mini HTTP/1.1" 200 37304 "https://www.google.co.uk/" "Mozilla/5.0 (Linux; Android 13; SM-G991U) AppleWebKit/537.36 (KHTML, like Gecko) Chrome/117.0.0.0 Mobile Safari/537.36"
20.205.13.31 - - [07/Dec/2025:06:03:15 -0800] "GET /.well-known/acme-challenge/file.php HTTP/1.1" 503 282 "https://www.google.com/" "Mozilla/5.0 (iPhone; CPU iPhone OS 17_0_3 like Mac OS X) AppleWebKit/605.1.15 (KHTML, like Gecko) Version/17.0.1 Mobile/15E148 Safari/604.1"
172.161.75.8 - - [07/Dec/2025:06:03:16 -0800] "GET /wp-user.php HTTP/1.1" 200 37311 "https://www.yahoo.com/" "Mozilla/5.0 (Linux; Android 10; LM-Q720) AppleWebKit/537.36 (KHTML, like Gecko) Chrome/116.0.0.0 Mobile Safari/537.36"
4.235.98.10 - - [07/Dec/2025:06:03:16 -0800] "GET /wp-content/plugins/admin.php HTTP/1.1" 200 37319 "https://www.google.co.uk/" "Mozilla/5.0 (iPhone; CPU iPhone OS 17_1 like Mac OS X) AppleWebKit/605.1.15 (KHTML, like Gecko) CriOS/119.0.6045.109 Mobile/15E148 Safari/604.1"
20.205.13.31 - - [07/Dec/2025:06:03:17 -0800] "GET /.well-known/acme-challenge/wp-login.php HTTP/1.1" 503 282 "https://www.google.fr/" "Mozilla/5.0 (iPad; CPU OS 17_0_3 like Mac OS X) AppleWebKit/605.1.15 (KHTML, like Gecko) Version/17.0.1 Mobile/15E148 Safari/604.1"
172.161.75.8 - - [07/Dec/2025:06:03:17 -0800] "GET /wp.php HTTP/1.1" 200 37306 "https://www.google.fr/" "Mozilla/5.0 (Linux; Android 11; 21081111RG) AppleWebKit/537.36 (KHTML, like Gecko) Chrome/116.0.0.0 Mobile Safari/537.36"
4.235.98.10 - - [07/Dec/2025:06:03:17 -0800] "GET /wp-content/themes/admin.php HTTP/1.1" 200 37318 "https://www.google.de/" "Mozilla/5.0 (Linux; Android 14; Pixel 8 Pro) AppleWebKit/537.36 (KHTML, like Gecko) Chrome/119.0.0.0 Mobile Safari/537.36"
172.161.75.8 - - [07/Dec/2025:06:03:17 -0800] "GET /xmrlpc.php HTTP/1.1" 200 37310 "https://duckduckgo.com/" "Mozilla/5.0 (Linux; Android 10; K) AppleWebKit/537.36 (KHTML, like Gecko) Chrome/117.0.0.0 Mobile Safari/537.36"
20.205.13.31 - - [07/Dec/2025:06:03:18 -0800] "GET /.well-known/pki-validation/index.php HTTP/1.1" 406 300 "https://www.yahoo.com/" "Mozilla/5.0 (Linux; Android 11; 21081111RG) AppleWebKit/537.36 (KHTML, like Gecko) Chrome/116.0.0.0 Mobile Safari/537.36"
20.205.13.31 - - [07/Dec/2025:06:03:18 -0800] "GET /1.php HTTP/1.1" 503 282 "https://www.google.de/" "Mozilla/5.0 (iPhone; CPU iPhone OS 17_1 like Mac OS X) AppleWebKit/605.1.15 (KHTML, like Gecko) CriOS/119.0.6045.109 Mobile/15E148 Safari/604.1"
142.250.32.32 - - [07/Dec/2025:06:03:18 -0800] "GET /wp-content/uploads/2014/08/fliptyce-mayd2.jpg HTTP/1.1" 404 236 "-" "Mozilla/5.0 (Windows NT 5.1; rv:11.0) Gecko Firefox/11.0 (via ggpht.com GoogleImageProxy)"
172.161.75.8 - - [07/Dec/2025:06:03:18 -0800] "GET /ahax.php HTTP/1.1" 200 37308 "https://www.bing.com/" "Mozilla/5.0 (Linux; Android 10; K) AppleWebKit/537.36 (KHTML, like Gecko) Chrome/117.0.0.0 Mobile Safari/537.36"
4.235.98.10 - - [07/Dec/2025:06:03:18 -0800] "GET /wp-content/uploads/2023/ HTTP/1.1" 200 37315 "https://www.yahoo.com/" "Mozilla/5.0 (Linux; Android 11; CPH2251) AppleWebKit/537.36 (KHTML, like Gecko) Chrome/116.0.0.0 Mobile Safari/537.36"
20.205.13.31 - - [07/Dec/2025:06:03:20 -0800] "GET /aa.php HTTP/1.1" 503 282 "https://www.yahoo.com/" "Mozilla/5.0 (Linux; Android 10; K) AppleWebKit/537.36 (KHTML, like Gecko) Chrome/117.0.0.0 Mobile Safari/537.36"
4.235.98.10 - - [07/Dec/2025:06:03:19 -0800] "GET /wp-content/uploads/2024/ HTTP/1.1" 200 37315 "https://www.yahoo.com/" "Mozilla/5.0 (Linux; Android 13; SM-G991U) AppleWebKit/537.36 (KHTML, like Gecko) Chrome/117.0.0.0 Mobile Safari/537.36"
172.161.75.8 - - [07/Dec/2025:06:03:20 -0800] "GET /akcc.php HTTP/1.1" 200 37308 "https://www.google.co.uk/" "Mozilla/5.0 (iPad; CPU OS 16_7_2 like Mac OS X) AppleWebKit/605.1.15 (KHTML, like Gecko) Version/16.6 Mobile/15E148 Safari/604.1"
4.235.98.10 - - [07/Dec/2025:06:03:20 -0800] "GET /wp-content/uploads/2025/ HTTP/1.1" 200 37315 "https://www.google.com/" "Mozilla/5.0 (Linux; Android 12; 2201116SG) AppleWebKit/537.36 (KHTML, like Gecko) Chrome/116.0.0.0 Mobile Safari/537.36"
20.205.13.31 - - [07/Dec/2025:06:03:21 -0800] "GET /abcd.php HTTP/1.1" 503 282 "https://www.bing.com/" "Mozilla/5.g (Linux; Android 13; Pixel 7) AppleWebKit/537.36 (KHTML, like Gecko) Chrome/116.0.0.0 Mobile Safari/537.36"
172.161.75.8 - - [07/Dec/2025:06:03:21 -0800] "GET /assets/ HTTP/1.1" 200 37307 "https://www.google.com/" "Mozilla/5.0 (Linux; Android 10; LM-Q720) AppleWebKit/537.36 (KHTML, like Gecko) Chrome/116.0.0.0 Mobile Safari/537.36"
4.235.98.10 - - [07/Dec/2025:06:03:21 -0800] "GET /wp-editor.php HTTP/1.1" 200 37304 "https://duckduckgo.com/" "Mozilla/5.0 (Linux; Android 10; K) AppleWebKit/537.36 (KHTML, like Gecko) Chrome/117.0.0.0 Mobile Safari/537.36"
20.205.13.31 - - [07/Dec/2025:06:03:23 -0800] "GET /about.php HTTP/1.1" 503 282 "https://www.yahoo.com/" "Mozilla/5.0 (iPhone; CPU iPhone OS 16_6_1 like Mac OS X) AppleWebKit/605.1.15 (KHTML, like Gecko) Version/16.6 Mobile/15E148 Safari/604.1"
172.161.75.8 - - [07/Dec/2025:06:03:22 -0800] "GET /assets/images/ HTTP/1.1" 200 37314 "https://www.bing.com/" "Mozilla/5.0 (iPad; CPU OS 16_7_2 like Mac OS X) AppleWebKit/605.1.15 (KHTML, like Gecko) Version/16.6 Mobile/15E148 Safari/604.1"
4.235.98.10 - - [07/Dec/2025:06:03:23 -0800] "GET /wp-includes/ID3/ HTTP/1.1" 200 37307 "https://www.google.com/" "Mozilla/5.0 (Linux; Android 14; Pixel 8 Pro) AppleWebKit/537.36 (KHTML, like Gecko) Chrome/119.0.0.0 Mobile Safari/537.36"
172.161.75.8 - - [07/Dec/2025:06:03:23 -0800] "GET /av.php HTTP/1.1" 200 37306 "https://www.yahoo.com/" "Mozilla/5.0 (Linux; Android 12; SM-A525F) AppleWebKit/537.36 (KHTML, like Gecko) Chrome/117.0.0.0 Mobile Safari/537.36"
20.205.13.31 - - [07/Dec/2025:06:03:24 -0800] "GET /.well-known/index.php HTTP/1.1" 503 282 "https://www.bing.com/" "Mozilla/5.0 (iPhone; CPU iPhone OS 15_7_9 like Mac OS X) AppleWebKit/605.1.15 (KHTML, like Gecko) Version/15.6.5 Mobile/15E148 Safari/604.1"
4.235.98.10 - - [07/Dec/2025:06:03:24 -0800] "GET /wp-includes/ID3/simi.php HTTP/1.1" 200 37315 "https://www.bing.com/" "Mozilla/5.0 (Linux; Android 13; M2101K6G) AppleWebKit/537.36 (KHTML, like Gecko) Chrome/116.0.0.0 Mobile Safari/537.36"
172.161.75.8 - - [07/Dec/2025:06:03:24 -0800] "GET /buy.php HTTP/1.1" 200 37307 "https://www.google.com/" "Mozilla/5.0 (Linux; Android 12; SM-A525F) AppleWebKit/537.36 (KHTML, like Gecko) Chrome/117.0.0.0 Mobile Safari/537.36"
4.235.98.10 - - [07/Dec/2025:06:03:25 -0800] "GET /wp-includes/IXR/ HTTP/1.1" 200 37307 "https://www.google.fr/" "Mozilla/5.0 (iPhone; CPU iPhone OS 17_1 like Mac OS X) AppleWebKit/605.1.15 (KHTML, like Gecko) CriOS/119.0.6045.109 Mobile/15E148 Safari/604.1"
20.205.13.31 - - [07/Dec/2025:06:03:25 -0800] "GET /admin.php HTTP/1.1" 503 282 "https://www.google.co.uk/" "Mozilla/5.0 (Linux; Android 13; M2101K6G) AppleWebKit/537.36 (KHTML, like Gecko) Chrome/116.0.0.0 Mobile Safari/537.36"
20.205.13.31 - - [07/Dec/2025:06:03:27 -0800] "GET /adminfuns.php HTTP/1.1" 503 282 "https://www.google.de/" "Mozilla/5.0 (iPhone; CPU iPhone OS 16_6_1 like Mac OS X) AppleWebKit/605.1.15 (KHTML, like Gecko) Version/16.6 Mobile/15E148 Safari/604.1"
::1 - - [07/Dec/2025:06:03:27 -0800] "GET /whm-server-status HTTP/1.0" 200 1151713 "-" "Lynx/2.8.8dev.15 libwww-FM/2.14 SSL-MM/1.4.1 OpenSSL/1.0.1e-fips"
4.235.98.10 - - [07/Dec/2025:06:03:26 -0800] "GET /wp-includes/Requests/about.php HTTP/1.1" 200 37321 "https://www.google.com/" "Mozilla/5.0 (iPhone; CPU iPhone OS 16_0 like Mac OS X) AppleWebKit/605.1.15 (KHTML, like Gecko) FxiOS/118.0 Mobile/15E148 Safari/605.1.15"
52.191.41.18 - - [07/Dec/2025:06:03:27 -0800] "GET /wp-content/uploads/2012/10/debra-front-150x150.jpg HTTP/1.1" 404 236 "-" "Mozilla/5.0 (X11; Ubuntu; Linux x86_64; rv:72.0) Gecko/20100101 Firefox/72.0"
220.181.51.120 - - [07/Dec/2025:06:03:28 -0800] "GET /2013/09/09/photo-dr-sid-rocking-scottish-traditional-attire/ HTTP/1.1" 404 236 "-" "Mozilla/5.0 (Windows NT 10.0; WOW64) AppleWebKit/537.36 (KHTML, like Gecko) Chrome/48.0.2564.116 Safari/537.36"
4.235.98.10 - - [07/Dec/2025:06:03:27 -0800] "GET /wp-includes/Text/xwx1.php HTTP/1.1" 200 37316 "https://www.google.fr/" "Mozilla/5.0 (iPhone; CPU iPhone OS 16_0 like Mac OS X) AppleWebKit/605.1.15 (KHTML, like Gecko) FxiOS/118.0 Mobile/15E148 Safari/605.1.15"
52.191.41.19 - - [07/Dec/2025:06:03:28 -0800] "GET /wp-content/uploads/2012/10/debra-front-150x150.jpg HTTP/1.1" 404 236 "-" "Mozilla/5.0 (X11; Ubuntu; Linux x86_64; rv:72.0) Gecko/20100101 Firefox/72.0"
20.205.13.31 - - [07/Dec/2025:06:03:28 -0800] "GET /alfa.php HTTP/1.1" 503 282 "https://www.google.com/" "Mozilla/5.0 (Linux; Android 12; 2201116SG) AppleWebKit/537.36 (KHTML, like Gecko) Chrome/116.0.0.0 Mobile Safari/537.36"
52.191.41.18 - - [07/Dec/2025:06:03:28 -0800] "GET /wp-content/uploads/2012/10/debra-front-150x150.jpg HTTP/1.1" 404 236 "-" "Mozilla/5.0 (X11; Ubuntu; Linux x86_64; rv:72.0) Gecko/20100101 Firefox/72.0"
4.235.98.10 - - [07/Dec/2025:06:03:28 -0800] "GET /wp-includes/assets/about.php HTTP/1.1" 200 37319 "https://www.google.com/" "Mozilla/5.0 (Linux; Android 10; K) AppleWebKit/537.36 (KHTML, like Gecko) Chrome/117.0.0.0 Mobile Safari/537.36"
20.205.13.31 - - [07/Dec/2025:06:03:29 -0800] "GET /api.php HTTP/1.1" 503 282 "https://duckduckgo.com/" "Mozilla/5.0 (Linux; Android 13; SM-S908E) AppleWebKit/537.36 (KHTML, like Gecko) Chrome/116.0.0.0 Mobile Safari/537.36"
62.234.168.65 - - [07/Dec/2025:06:03:29 -0800] "GET /wp-content/uploads/2013/06/Publication2-150x150.jpg HTTP/1.1" 404 236 "-" "Mozilla/5.0 (X11; Ubuntu; Linux x86_64; rv:72.0) Gecko/20100101 Firefox/72.0"
172.161.75.8 - - [07/Dec/2025:06:03:29 -0800] "GET /cgi-bin/ HTTP/1.1" 200 37308 "https://www.google.fr/" "Mozilla/5.0 (Linux; Android 10; LM-Q720) AppleWebKit/537.36 (KHTML, like Gecko) Chrome/116.0.0.0 Mobile Safari/537.36"
4.235.98.10 - - [07/Dec/2025:06:03:29 -0800] "GET /wp-includes/assets/index.php HTTP/1.1" 200 37319 "https://www.google.com/" "Mozilla/5.0 (Linux; Android 12; 2201116SG) AppleWebKit/537.36 (KHTML, like Gecko) Chrome/116.0.0.0 Mobile Safari/537.36"
20.205.13.31 - - [07/Dec/2025:06:03:31 -0800] "GET /autoload_classmap/function.php HTTP/1.1" 503 282 "https://www.google.com/" "Mozilla/5.0 (Linux; Android 12; 2201116SG) AppleWebKit/537.36 (KHTML, like Gecko) Chrome/116.0.0.0 Mobile Safari/537.36"
4.235.98.10 - - [07/Dec/2025:06:03:30 -0800] "GET /wp-includes/block-patterns/ HTTP/1.1" 200 37318 "https://www.google.co.uk/" "Mozilla/5.0 (Linux; Android 12; SM-A525F) AppleWebKit/537.36 (KHTML, like Gecko) Chrome/117.0.0.0 Mobile Safari/537.36"
62.234.168.65 - - [07/Dec/2025:06:03:31 -0800] "GET /wp-content/uploads/2013/07/Dharsaw-La-Plate-150x150.jpg HTTP/1.1" 404 236 "-" "Mozilla/5.0 (X11; Ubuntu; Linux x86_64; rv:72.0) Gecko/20100101 Firefox/72.0"
172.161.75.8 - - [07/Dec/2025:06:03:31 -0800] "GET /chosen.php HTTP/1.1" 200 37310 "https://www.google.co.uk/" "Mozilla/5.0 (iPhone; CPU iPhone OS 16_0 like Mac OS X) AppleWebKit/605.1.15 (KHTML, like Gecko) FxiOS/118.0 Mobile/15E148 Safari/605.1.15"
4.235.98.10 - - [07/Dec/2025:06:03:31 -0800] "GET /wp-includes/blocks/ HTTP/1.1" 200 37310 "https://www.google.de/" "Mozilla/5.0 (Linux; Android 12; V2134) AppleWebKit/537.36 (KHTML, like Gecko) Chrome/116.0.0.0 Mobile Safari/537.36"
20.205.13.31 - - [07/Dec/2025:06:03:32 -0800] "GET /bless.php HTTP/1.1" 503 282 "https://duckduckgo.com/" "Mozilla/5.0 (Linux; Android 11; CPH2251) AppleWebKit/537.36 (KHTML, like Gecko) Chrome/116.0.0.0 Mobile Safari/537.36"
172.161.75.8 - - [07/Dec/2025:06:03:32 -0800] "GET /css/index.php HTTP/1.1" 200 37313 "https://www.google.fr/" "Mozilla/5.0 (Linux; Android 13; SM-S908E) AppleWebKit/537.36 (KHTML, like Gecko) Chrome/116.0.0.0 Mobile Safari/537.36"
20.205.13.31 - - [07/Dec/2025:06:03:33 -0800] "GET /cgi-bin/index.php HTTP/1.1" 503 282 "https://www.google.fr/" "Mozilla/5.0 (iPhone; CPU iPhone OS 16_0 like Mac OS X) AppleWebKit/605.1.15 (KHTML, like Gecko) FxiOS/118.0 Mobile/15E148 Safari/605.1.15"
172.161.75.8 - - [07/Dec/2025:06:03:33 -0800] "GET /elp.php HTTP/1.1" 200 37307 "https://duckduckgo.com/" "Mozilla/5.0 (iPhone; CPU iPhone OS 17_1_1 like Mac OS X) AppleWebKit/605.1.15 (KHTML, like Gecko) Version/17.1 Mobile/15E148 Safari/604.1"
4.235.98.10 - - [07/Dec/2025:06:03:33 -0800] "GET /wp-includes/blocks/calendar/index.php HTTP/1.1" 200 37328 "https://www.bing.com/" "Mozilla/5.0 (Linux; Android 10; K) AppleWebKit/537.36 (KHTML, like Gecko) Chrome/117.0.0.0 Mobile Safari/537.36"
4.235.98.10 - - [07/Dec/2025:06:03:34 -0800] "GET /wp-includes/certificates/ HTTP/1.1" 200 37316 "https://www.bing.com/" "Mozilla/5.0 (iPhone; CPU iPhone OS 16_0 like Mac OS X) AppleWebKit/605.1.15 (KHTML, like Gecko) FxiOS/118.0 Mobile/15E148 Safari/605.1.15"
172.161.75.8 - - [07/Dec/2025:06:03:34 -0800] "GET /images/ HTTP/1.1" 200 37307 "https://www.yahoo.com/" "Mozilla/5.0 (Linux; Android 10; K) AppleWebKit/537.36 (KHTML, like Gecko) Chrome/117.0.0.0 Mobile Safari/537.36"
20.205.13.31 - - [07/Dec/2025:06:03:35 -0800] "GET /classwithtostring.php HTTP/1.1" 503 282 "https://duckduckgo.com/" "Mozilla/5.0 (Linux; Android 11; CPH2251) AppleWebKit/537.36 (KHTML, like Gecko) Chrome/116.0.0.0 Mobile Safari/537.36"
4.235.98.10 - - [07/Dec/2025:06:03:35 -0800] "GET /wp-includes/css/index.php HTTP/1.1" 200 37316 "https://www.google.de/" "Mozilla/5.0 (iPhone; CPU iPhone OS 17_1_1 like Mac OS X) AppleWebKit/605.1.15 (KHTML, like Gecko) Version/17.1 Mobile/15E148 Safari/604.1"
172.161.75.8 - - [07/Dec/2025:06:03:35 -0800] "GET /index/function.php HTTP/1.1" 200 37318 "https://duckduckgo.com/" "Mozilla/5.0 (iPhone; CPU iPhone OS 15_7_9 like Mac OS X) AppleWebKit/605.1.15 (KHTML, like Gecko) Version/15.6.5 Mobile/15E148 Safari/604.1"
216.244.66.235 - - [07/Dec/2025:06:03:35 -0800] "GET /music-mp3/fuji/small-doctor-giveaway/ HTTP/1.1" 404 236 "-" "Mozilla/5.0 (compatible; DotBot/1.2; +https://opensiteexplorer.org/dotbot; help@moz.com)"
4.235.98.10 - - [07/Dec/2025:06:03:35 -0800] "GET /wp-includes/customize/index.php HTTP/1.1" 200 37322 "https://duckduckgo.com/" "Mozilla/5.0 (iPhone; CPU iPhone OS 16_6_1 like Mac OS X) AppleWebKit/605.1.15 (KHTML, like Gecko) Version/16.6 Mobile/15E148 Safari/604.1"
20.205.13.31 - - [07/Dec/2025:06:03:36 -0800] "GET /edit.php HTTP/1.1" 503 282 "https://www.yahoo.com/" "Mozilla/5.0 (iPhone; CPU iPhone OS 16_0 like Mac OS X) AppleWebKit/605.1.15 (KHTML, like Gecko) FxiOS/118.0 Mobile/15E148 Safari/605.1.15"
172.161.75.8 - - [07/Dec/2025:06:03:36 -0800] "GET /inputs.php HTTP/1.1" 200 37310 "https://www.google.de/" "Mozilla/5.0 (iPhone; CPU iPhone OS 15_7_9 like Mac OS X) AppleWebKit/605.1.15 (KHTML, like Gecko) Version/15.6.5 Mobile/15E148 Safari/604.1"
172.161.75.8 - - [07/Dec/2025:06:03:37 -0800] "GET /mah.php HTTP/1.1" 200 37307 "https://www.yahoo.com/" "Mozilla/5.0 (Linux; Android 12; V2134) AppleWebKit/537.36 (KHTML, like Gecko) Chrome/116.0.0.0 Mobile Safari/537.36"
20.205.13.31 - - [07/Dec/2025:06:03:37 -0800] "GET /file.php HTTP/1.1" 503 282 "https://duckduckgo.com/" "Mozilla/5.0 (Linux; Android 12; 2201116SG) AppleWebKit/537.36 (KHTML, like Gecko) Chrome/116.0.0.0 Mobile Safari/537.36"
172.161.75.8 - - [07/Dec/2025:06:03:37 -0800] "GET /mah/function.php HTTP/1.1" 200 37316 "https://www.yahoo.com/" "Mozilla/5.0 (iPhone; CPU iPhone OS 16_0 like Mac OS X) AppleWebKit/605.1.15 (KHTML, like Gecko) FxiOS/118.0 Mobile/15E148 Safari/605.1.15"
4.235.98.10 - - [07/Dec/2025:06:03:38 -0800] "GET /wp-includes/fonts/admin.php HTTP/1.1" 200 37318 "https://www.yahoo.com/" "Mozilla/5.0 (iPhone; CPU iPhone OS 15_7_9 like Mac OS X) AppleWebKit/605.1.15 (KHTML, like Gecko) Version/15.6.5 Mobile/15E148 Safari/604.1"
20.205.13.31 - - [07/Dec/2025:06:03:39 -0800] "GET /goods.php HTTP/1.1" 503 282 "https://www.google.de/" "Mozilla/5.0 (Linux; Android 12; 2201116SG) AppleWebKit/537.36 (KHTML, like Gecko) Chrome/116.0.0.0 Mobile Safari/537.36"
172.161.75.8 - - [07/Dec/2025:06:03:38 -0800] "GET /mini.php HTTP/1.1" 200 37308 "https://www.google.com/" "Mozilla/5.0 (Linux; Android 10; LM-Q720) AppleWebKit/537.36 (KHTML, like Gecko) Chrome/116.0.0.0 Mobile Safari/537.36"
4.235.98.10 - - [07/Dec/2025:06:03:39 -0800] "GET /wp-includes/html-api/index.php HTTP/1.1" 200 37321 "https://www.google.com/" "Mozilla/5.0 (iPhone; CPU iPhone OS 17_0_3 like Mac OS X) AppleWebKit/605.1.15 (KHTML, like Gecko) Version/17.0.1 Mobile/15E148 Safari/604.1"
20.205.13.31 - - [07/Dec/2025:06:03:40 -0800] "GET /info.php HTTP/1.1" 503 282 "https://www.google.co.uk/" "Mozilla/5.0 (iPhone; CPU iPhone OS 16_6_1 like Mac OS X) AppleWebKit/605.1.15 (KHTML, like Gecko) Version/16.6 Mobile/15E148 Safari/604.1"
4.235.98.10 - - [07/Dec/2025:06:03:40 -0800] "GET /wp-includes/images/media/ HTTP/1.1" 200 37316 "https://www.google.de/" "Mozilla/5.0 (Linux; Android 11; CPH2251) AppleWebKit/537.36 (KHTML, like Gecko) Chrome/116.0.0.0 Mobile Safari/537.36"
4.235.98.10 - - [07/Dec/2025:06:03:41 -0800] "GET /wp-includes/images/smilies/about.php HTTP/1.1" 200 37327 "https://www.yahoo.com/" "Mozilla/5.0 (Linux; Android 11; CPH2251) AppleWebKit/537.36 (KHTML, like Gecko) Chrome/116.0.0.0 Mobile Safari/537.36"
20.205.13.31 - - [07/Dec/2025:06:03:41 -0800] "GET /ioxi-o.php HTTP/1.1" 503 282 "https://www.google.co.uk/" "Mozilla/5.0 (iPhone; CPU iPhone OS 17_1 like Mac OS X) AppleWebKit/605.1.15 (KHTML, like Gecko) CriOS/119.0.6045.109 Mobile/15E148 Safari/604.1"
4.235.98.10 - - [07/Dec/2025:06:03:41 -0800] "GET /wp-includes/js/index.php HTTP/1.1" 200 37315 "https://duckduckgo.com/" "Mozilla/5.0 (Linux; Android 14; Pixel 8 Pro) AppleWebKit/537.36 (KHTML, like Gecko) Chrome/119.0.0.0 Mobile Safari/537.36"
20.205.13.31 - - [07/Dec/2025:06:03:43 -0800] "GET /manager.php HTTP/1.1" 503 282 "https://www.bing.com/" "Mozilla/5.0 (Linux; Android 12; SM-A525F) AppleWebKit/537.36 (KHTML, like Gecko) Chrome/117.0.0.0 Mobile Safari/537.36"
172.161.75.8 - - [07/Dec/2025:06:03:42 -0800] "GET /modules/mod_simplefileuploadv1.3/elements/ HTTP/1.1" 200 37342 "https://www.google.co.uk/" "Mozilla/5.0 (Linux; Android 11; 21081111RG) AppleWebKit/537.36 (KHTML, like Gecko) Chrome/116.0.0.0 Mobile Safari/537.36"
4.235.98.10 - - [07/Dec/2025:06:03:42 -0800] "GET /wp-includes/rest-api/ HTTP/1.1" 200 37312 "https://www.google.fr/" "Mozilla/5.0 (Linux; Android 11; CPH2251) AppleWebKit/537.36 (KHTML, like Gecko) Chrome/116.0.0.0 Mobile Safari/537.36"
172.161.75.8 - - [07/Dec/2025:06:03:43 -0800] "GET /new.php HTTP/1.1" 200 37307 "https://duckduckgo.com/" "Mozilla/5.0 (Linux; Android 11; CPH2251) AppleWebKit/537.36 (KHTML, like Gecko) Chrome/116.0.0.0 Mobile Safari/537.36"
4.235.98.10 - - [07/Dec/2025:06:03:43 -0800] "GET /wp-includes/rest-api/fields/ HTTP/1.1" 200 37319 "https://www.google.fr/" "Mozilla/5.0 (iPhone; CPU iPhone OS 15_7_9 like Mac OS X) AppleWebKit/605.1.15 (KHTML, like Gecko) Version/15.6.5 Mobile/15E148 Safari/604.1"
20.205.13.31 - - [07/Dec/2025:06:03:44 -0800] "GET /mini HTTP/1.1" 503 282 "https://duckduckgo.com/" "Mozilla/5.0 (Linux; Android 12; 2201116SG) AppleWebKit/537.36 (KHTML, like Gecko) Chrome/116.0.0.0 Mobile Safari/537.36"
142.250.32.32 - - [07/Dec/2025:06:03:44 -0800] "GET /wp-content/uploads/2014/08/Banky-W-Lynxxx-and-guest-755x503.jpg HTTP/1.1" 404 236 "-" "Mozilla/5.0 (Windows NT 5.1; rv:11.0) Gecko Firefox/11.0 (via ggpht.com GoogleImageProxy)"
142.250.32.33 - - [07/Dec/2025:06:03:44 -0800] "GET /wp-content/uploads/2014/05/Dorobuchi.jpg HTTP/1.1" 404 236 "-" "Mozilla/5.0 (Windows NT 5.1; rv:11.0) Gecko Firefox/11.0 (via ggpht.com GoogleImageProxy)"
172.161.75.8 - - [07/Dec/2025:06:03:44 -0800] "GET /options-reading.php HTTP/1.1" 200 37319 "https://www.bing.com/" "Mozilla/5.g (Linux; Android 13; Pixel 7) AppleWebKit/537.36 (KHTML, like Gecko) Chrome/116.0.0.0 Mobile Safari/537.36"
4.235.98.10 - - [07/Dec/2025:06:03:44 -0800] "GET /wp-includes/rest-api/search/index.php HTTP/1.1" 200 37328 "https://www.bing.com/" "Mozilla/5.0 (Linux; Android 13; SM-G991U) AppleWebKit/537.36 (KHTML, like Gecko) Chrome/117.0.0.0 Mobile Safari/537.36"
20.205.13.31 - - [07/Dec/2025:06:03:46 -0800] "GET /wp-user.php HTTP/1.1" 503 282 "https://www.google.de/" "Mozilla/5.0 (Linux; Android 13; SM-G991U) AppleWebKit/537.36 (KHTML, like Gecko) Chrome/117.0.0.0 Mobile Safari/537.36"
172.161.75.8 - - [07/Dec/2025:06:03:45 -0800] "GET /simple.php HTTP/1.1" 200 37310 "https://www.yahoo.com/" "Mozilla/5.g (Linux; Android 13; Pixel 7) AppleWebKit/537.36 (KHTML, like Gecko) Chrome/116.0.0.0 Mobile Safari/537.36"
4.235.98.10 - - [07/Dec/2025:06:03:45 -0800] "GET /wp-includes/sitemaps/ HTTP/1.1" 200 37312 "https://www.google.fr/" "Mozilla/5.0 (Linux; Android 11; 21081111RG) AppleWebKit/537.36 (KHTML, like Gecko) Chrome/116.0.0.0 Mobile Safari/537.36"
172.171.100.19 - - [07/Dec/2025:06:03:46 -0800] "GET /wp-content/uploads/2009/06/2-face-150x150.jpg HTTP/1.1" 404 236 "-" "Mozilla/5.0 (X11; Ubuntu; Linux x86_64; rv:72.0) Gecko/20100101 Firefox/72.0"
172.171.99.205 - - [07/Dec/2025:06:03:46 -0800] "GET /wp-content/uploads/2009/06/2-face-150x150.jpg HTTP/1.1" 404 236 "-" "Mozilla/5.0 (X11; Ubuntu; Linux x86_64; rv:72.0) Gecko/20100101 Firefox/72.0"
172.171.97.153 - - [07/Dec/2025:06:03:46 -0800] "GET /wp-content/uploads/2009/06/2-face-150x150.jpg HTTP/1.1" 404 236 "-" "Mozilla/5.0 (X11; Ubuntu; Linux x86_64; rv:72.0) Gecko/20100101 Firefox/72.0"
172.161.75.8 - - [07/Dec/2025:06:03:46 -0800] "GET /uploads/ HTTP/1.1" 200 37308 "https://www.google.fr/" "Mozilla/5.0 (Linux; Android 10; K) AppleWebKit/537.36 (KHTML, like Gecko) Chrome/117.0.0.0 Mobile Safari/537.36"
4.235.98.10 - - [07/Dec/2025:06:03:46 -0800] "GET /wp-includes/sitemaps/wp-conflg.php HTTP/1.1" 200 37325 "https://www.google.co.uk/" "Mozilla/5.0 (iPad; CPU OS 16_7_2 like Mac OS X) AppleWebKit/605.1.15 (KHTML, like Gecko) Version/16.6 Mobile/15E148 Safari/604.1"
20.205.13.31 - - [07/Dec/2025:06:03:47 -0800] "GET /wp.php HTTP/1.1" 503 282 "https://www.google.com/" "Mozilla/5.0 (Linux; Android 10; LM-Q720) AppleWebKit/537.36 (KHTML, like Gecko) Chrome/116.0.0.0 Mobile Safari/537.36"
172.161.75.8 - - [07/Dec/2025:06:03:47 -0800] "GET /modules/mod_simplefileuploadv1.3/elements/index.php HTTP/1.1" 200 37351 "https://www.google.co.uk/" "Mozilla/5.0 (iPhone; CPU iPhone OS 16_6_1 like Mac OS X) AppleWebKit/605.1.15 (KHTML, like Gecko) Version/16.6 Mobile/15E148 Safari/604.1"
4.235.98.10 - - [07/Dec/2025:06:03:47 -0800] "GET /wp-themes.php HTTP/1.1" 200 37304 "https://duckduckgo.com/" "Mozilla/5.0 (Linux; Android 11; CPH2251) AppleWebKit/537.36 (KHTML, like Gecko) Chrome/116.0.0.0 Mobile Safari/537.36"
20.205.13.31 - - [07/Dec/2025:06:03:48 -0800] "GET /xmrlpc.php HTTP/1.1" 503 282 "https://www.google.com/" "Mozilla/5.g (Linux; Android 13; Pixel 7) AppleWebKit/537.36 (KHTML, like Gecko) Chrome/116.0.0.0 Mobile Safari/537.36"
172.161.75.8 - - [07/Dec/2025:06:03:48 -0800] "GET /new.php HTTP/1.1" 200 37307 "https://www.yahoo.com/" "Mozilla/5.0 (Linux; Android 13; M2101K6G) AppleWebKit/537.36 (KHTML, like Gecko) Chrome/116.0.0.0 Mobile Safari/537.36"
4.235.98.10 - - [07/Dec/2025:06:03:48 -0800] "GET /x.php HTTP/1.1" 200 37296 "https://www.google.co.uk/" "Mozilla/5.0 (Linux; Android 11; 21081111RG) AppleWebKit/537.36 (KHTML, like Gecko) Chrome/116.0.0.0 Mobile Safari/537.36"
172.161.75.8 - - [07/Dec/2025:06:03:49 -0800] "GET /public/files/index.php HTTP/1.1" 200 37322 "https://www.google.co.uk/" "Mozilla/5.0 (iPhone; CPU iPhone OS 17_1_1 like Mac OS X) AppleWebKit/605.1.15 (KHTML, like Gecko) Version/17.1 Mobile/15E148 Safari/604.1"
20.205.13.31 - - [07/Dec/2025:06:03:50 -0800] "GET /ahax.php HTTP/1.1" 503 282 "https://www.bing.com/" "Mozilla/5.0 (Linux; Android 10; K) AppleWebKit/537.36 (KHTML, like Gecko) Chrome/117.0.0.0 Mobile Safari/537.36"
4.235.98.10 - - [07/Dec/2025:06:03:49 -0800] "GET /yas.php HTTP/1.1" 200 37298 "https://www.bing.com/" "Mozilla/5.0 (Linux; Android 13; SM-S908E) AppleWebKit/537.36 (KHTML, like Gecko) Chrome/116.0.0.0 Mobile Safari/537.36"
172.161.75.8 - - [07/Dec/2025:06:03:50 -0800] "GET /public/wp-content/index.php HTTP/1.1" 200 37327 "https://www.yahoo.com/" "Mozilla/5.0 (Linux; Android 14; Pixel 8 Pro) AppleWebKit/537.36 (KHTML, like Gecko) Chrome/119.0.0.0 Mobile Safari/537.36"
20.205.13.31 - - [07/Dec/2025:06:03:51 -0800] "GET /akcc.php HTTP/1.1" 503 282 "https://www.google.de/" "Mozilla/5.g (Linux; Android 13; Pixel 7) AppleWebKit/537.36 (KHTML, like Gecko) Chrome/116.0.0.0 Mobile Safari/537.36"
172.161.75.8 - - [07/Dec/2025:06:03:50 -0800] "GET /radio.php HTTP/1.1" 200 37309 "https://www.bing.com/" "Mozilla/5.0 (iPad; CPU OS 17_0_3 like Mac OS X) AppleWebKit/605.1.15 (KHTML, like Gecko) Version/17.0.1 Mobile/15E148 Safari/604.1"
172.161.75.8 - - [07/Dec/2025:06:03:51 -0800] "GET /wp-admin/classwithtostring.php HTTP/1.1" 200 37330 "https://www.google.com/" "Mozilla/5.0 (Linux; Android 10; LM-Q720) AppleWebKit/537.36 (KHTML, like Gecko) Chrome/116.0.0.0 Mobile Safari/537.36"
20.205.13.31 - - [07/Dec/2025:06:03:52 -0800] "GET /assets/ HTTP/1.1" 503 282 "https://www.google.com/" "Mozilla/5.0 (iPhone; CPU iPhone OS 15_7_9 like Mac OS X) AppleWebKit/605.1.15 (KHTML, like Gecko) Version/15.6.5 Mobile/15E148 Safari/604.1"
172.161.75.8 - - [07/Dec/2025:06:03:52 -0800] "GET /wp-admin/includes/colour.php HTTP/1.1" 200 37328 "https://www.google.com/" "Mozilla/5.0 (Linux; Android 13; M2101K6G) AppleWebKit/537.36 (KHTML, like Gecko) Chrome/116.0.0.0 Mobile Safari/537.36"
20.205.13.31 - - [07/Dec/2025:06:03:54 -0800] "GET /assets/images/ HTTP/1.1" 503 282 "https://duckduckgo.com/" "Mozilla/5.0 (iPhone; CPU iPhone OS 16_6_1 like Mac OS X) AppleWebKit/605.1.15 (KHTML, like Gecko) Version/16.6 Mobile/15E148 Safari/604.1"
172.161.75.8 - - [07/Dec/2025:06:03:53 -0800] "GET /wp-admin/index.php HTTP/1.1" 200 37318 "https://www.google.co.uk/" "Mozilla/5.0 (Linux; Android 13; SM-G991U) AppleWebKit/537.36 (KHTML, like Gecko) Chrome/117.0.0.0 Mobile Safari/537.36"
172.161.75.8 - - [07/Dec/2025:06:03:54 -0800] "GET /wp-admin/js/index.php HTTP/1.1" 200 37321 "https://www.bing.com/" "Mozilla/5.g (Linux; Android 13; Pixel 7) AppleWebKit/537.36 (KHTML, like Gecko) Chrome/116.0.0.0 Mobile Safari/537.36"
20.205.13.31 - - [07/Dec/2025:06:03:55 -0800] "GET /av.php HTTP/1.1" 503 282 "https://www.google.com/" "Mozilla/5.0 (iPad; CPU OS 17_0_3 like Mac OS X) AppleWebKit/605.1.15 (KHTML, like Gecko) Version/17.0.1 Mobile/15E148 Safari/604.1"
172.161.75.8 - - [07/Dec/2025:06:03:55 -0800] "GET /wp-admin/js/widgets/ HTTP/1.1" 200 37320 "https://www.google.co.uk/" "Mozilla/5.0 (Linux; Android 10; K) AppleWebKit/537.36 (KHTML, like Gecko) Chrome/117.0.0.0 Mobile Safari/537.36"
20.205.13.31 - - [07/Dec/2025:06:03:56 -0800] "GET /buy.php HTTP/1.1" 503 282 "https://www.yahoo.com/" "Mozilla/5.0 (Linux; Android 12; 2201116SG) AppleWebKit/537.36 (KHTML, like Gecko) Chrome/116.0.0.0 Mobile Safari/537.36"
172.161.75.8 - - [07/Dec/2025:06:03:56 -0800] "GET /wp-admin/wp-admins.php HTTP/1.1" 200 37322 "https://www.google.co.uk/" "Mozilla/5.0 (Linux; Android 10; K) AppleWebKit/537.36 (KHTML, like Gecko) Chrome/117.0.0.0 Mobile Safari/537.36"
172.161.75.8 - - [07/Dec/2025:06:03:57 -0800] "GET /wp-blog.php HTTP/1.1" 200 37311 "https://www.bing.com/" "Mozilla/5.0 (iPhone; CPU iPhone OS 15_7_9 like Mac OS X) AppleWebKit/605.1.15 (KHTML, like Gecko) Version/15.6.5 Mobile/15E148 Safari/604.1"
20.205.13.31 - - [07/Dec/2025:06:03:58 -0800] "GET /cgi-bin/ HTTP/1.1" 503 282 "https://www.yahoo.com/" "Mozilla/5.0 (iPhone; CPU iPhone OS 16_0 like Mac OS X) AppleWebKit/605.1.15 (KHTML, like Gecko) FxiOS/118.0 Mobile/15E148 Safari/605.1.15"
172.161.75.8 - - [07/Dec/2025:06:03:58 -0800] "GET /wp-content/admin.php HTTP/1.1" 200 37320 "https://www.google.fr/" "Mozilla/5.0 (Linux; Android 13; SM-S908E) AppleWebKit/537.36 (KHTML, like Gecko) Chrome/116.0.0.0 Mobile Safari/537.36"
20.205.13.31 - - [07/Dec/2025:06:03:59 -0800] "GET /chosen.php HTTP/1.1" 503 282 "https://www.bing.com/" "Mozilla/5.0 (Linux; Android 10; LM-Q720) AppleWebKit/537.36 (KHTML, like Gecko) Chrome/116.0.0.0 Mobile Safari/537.36"
172.161.75.8 - - [07/Dec/2025:06:03:59 -0800] "GET /wp-content/et-cache/ HTTP/1.1" 200 37320 "https://duckduckgo.com/" "Mozilla/5.0 (Linux; Android 12; 2201116SG) AppleWebKit/537.36 (KHTML, like Gecko) Chrome/116.0.0.0 Mobile Safari/537.36"
132.230.196.146 - - [07/Dec/2025:06:04:00 -0800] "GET /wp-content/uploads/2012/10/boogey-a-1-high-409x409-150x150.jpg HTTP/1.1" 404 236 "-" "Mozilla/5.0 (X11; Ubuntu; Linux x86_64; rv:72.0) Gecko/20100101 Firefox/72.0"
20.205.13.31 - - [07/Dec/2025:06:04:00 -0800] "GET /css/index.php HTTP/1.1" 503 282 "https://www.google.co.uk/" "Mozilla/5.0 (iPad; CPU OS 16_7_2 like Mac OS X) AppleWebKit/605.1.15 (KHTML, like Gecko) Version/16.6 Mobile/15E148 Safari/604.1"
132.230.196.146 - - [07/Dec/2025:06:04:00 -0800] "GET /wp-content/uploads/2012/10/boogey-a-1-high-409x409-150x150.jpg HTTP/1.1" 404 236 "-" "Mozilla/5.0 (X11; Ubuntu; Linux x86_64; rv:72.0) Gecko/20100101 Firefox/72.0"
172.161.75.8 - - [07/Dec/2025:06:04:00 -0800] "GET /wp-content/index.php HTTP/1.1" 200 37320 "https://www.yahoo.com/" "Mozilla/5.0 (iPhone; CPU iPhone OS 17_1 like Mac OS X) AppleWebKit/605.1.15 (KHTML, like Gecko) CriOS/119.0.6045.109 Mobile/15E148 Safari/604.1"
132.230.196.146 - - [07/Dec/2025:06:04:01 -0800] "GET /wp-content/uploads/2012/10/boogey-a-1-high-409x409-150x150.jpg HTTP/1.1" 404 236 "-" "Mozilla/5.0 (X11; Ubuntu; Linux x86_64; rv:72.0) Gecko/20100101 Firefox/72.0"
20.205.13.31 - - [07/Dec/2025:06:04:02 -0800] "GET /elp.php HTTP/1.1" 503 282 "https://www.google.co.uk/" "Mozilla/5.0 (iPhone; CPU iPhone OS 17_1_1 like Mac OS X) AppleWebKit/605.1.15 (KHTML, like Gecko) Version/17.1 Mobile/15E148 Safari/604.1"
20.205.13.31 - - [07/Dec/2025:06:04:03 -0800] "GET /images/ HTTP/1.1" 503 282 "https://www.google.co.uk/" "Mozilla/5.0 (iPhone; CPU iPhone OS 16_0 like Mac OS X) AppleWebKit/605.1.15 (KHTML, like Gecko) FxiOS/118.0 Mobile/15E148 Safari/605.1.15"
172.161.75.8 - - [07/Dec/2025:06:04:03 -0800] "GET /wp-content/plugins/pwnd/as.php HTTP/1.1" 200 37330 "https://www.google.com/" "Mozilla/5.0 (Linux; Android 12; SM-A525F) AppleWebKit/537.36 (KHTML, like Gecko) Chrome/117.0.0.0 Mobile Safari/537.36"
100.7.104.66 - - [07/Dec/2025:06:04:03 -0800] "GET http://jaguda.com/fashion/debut-photo-toke-makinwa-joins-the-reigning-trend-of-kylie-jenners-inspired-weave/ HTTP/1.1" 406 300 "-" "Mozilla/4.0 (compatible; MSIE 7.0; Windows NT 5.1; Trident/4.0; SE 2.X MetaSr 1.0; SE 2.X MetaSr 1.0; .NET CLR 2.0.50727; SE 2.X MetaSr 1.0)"
172.161.75.8 - - [07/Dec/2025:06:04:04 -0800] "GET /wp-content/upgrade/index.php HTTP/1.1" 200 37328 "https://www.google.fr/" "Mozilla/5.0 (iPhone; CPU iPhone OS 16_6_1 like Mac OS X) AppleWebKit/605.1.15 (KHTML, like Gecko) Version/16.6 Mobile/15E148 Safari/604.1"
20.205.13.31 - - [07/Dec/2025:06:04:04 -0800] "GET /index/function.php HTTP/1.1" 503 282 "https://www.yahoo.com/" "Mozilla/5.0 (Linux; Android 13; SM-G991U) AppleWebKit/537.36 (KHTML, like Gecko) Chrome/117.0.0.0 Mobile Safari/537.36"
47.128.121.163 - - [07/Dec/2025:06:04:05 -0800] "GET /wp-content/uploads/2013/11/zainab-balogun-eloy-awards.jpg HTTP/1.1" 404 236 "http://ejivibes.blogspot.com/" "Mozilla/5.0 (Linux; Android 5.0) AppleWebKit/537.36 (KHTML, like Gecko) Mobile Safari/537.36 (compatible; TikTokSpider; ttspider-feedback@tiktok.com)"
47.128.121.163 - - [07/Dec/2025:06:04:05 -0800] "GET /wp-content/uploads/2013/11/dencia-1024x1024.jpeg HTTP/1.1" 404 236 "http://ejivibes.blogspot.com/" "Mozilla/5.0 (Linux; Android 5.0) AppleWebKit/537.36 (KHTML, like Gecko) Mobile Safari/537.36 (compatible; TikTokSpider; ttspider-feedback@tiktok.com)"
