20.196.93.105 - - [07/Dec/2025:05:35:27 -0800] "GET /wp-user.php HTTP/1.1" 200 37309 "https://www.google.com/" "Mozilla/5.0 (Linux; Android 12; V2134) AppleWebKit/537.36 (KHTML, like Gecko) Chrome/116.0.0.0 Mobile Safari/537.36"
20.196.93.105 - - [07/Dec/2025:05:35:28 -0800] "GET /wp.php HTTP/1.1" 200 37304 "https://www.google.com/" "Mozilla/5.0 (iPhone; CPU iPhone OS 17_1_1 like Mac OS X) AppleWebKit/605.1.15 (KHTML, like Gecko) Version/17.1 Mobile/15E148 Safari/604.1"
20.196.93.105 - - [07/Dec/2025:05:35:29 -0800] "GET /xmrlpc.php HTTP/1.1" 200 37308 "https://duckduckgo.com/" "Mozilla/5.0 (iPad; CPU OS 17_0_3 like Mac OS X) AppleWebKit/605.1.15 (KHTML, like Gecko) Version/17.0.1 Mobile/15E148 Safari/604.1"
20.196.93.105 - - [07/Dec/2025:05:35:30 -0800] "GET /ahax.php HTTP/1.1" 200 37306 "https://duckduckgo.com/" "Mozilla/5.0 (Linux; Android 13; SM-G991U) AppleWebKit/537.36 (KHTML, like Gecko) Chrome/117.0.0.0 Mobile Safari/537.36"
20.196.93.105 - - [07/Dec/2025:05:35:30 -0800] "GET /akcc.php HTTP/1.1" 200 37306 "https://www.google.fr/" "Mozilla/5.0 (Linux; Android 13; SM-G991U) AppleWebKit/537.36 (KHTML, like Gecko) Chrome/117.0.0.0 Mobile Safari/537.36"
20.196.93.105 - - [07/Dec/2025:05:35:31 -0800] "GET /assets/ HTTP/1.1" 200 37305 "https://www.bing.com/" "Mozilla/5.0 (Linux; Android 10; LM-Q720) AppleWebKit/537.36 (KHTML, like Gecko) Chrome/116.0.0.0 Mobile Safari/537.36"
20.196.93.105 - - [07/Dec/2025:05:35:32 -0800] "GET /assets/images/ HTTP/1.1" 200 37312 "https://www.google.fr/" "Mozilla/5.0 (iPhone; CPU iPhone OS 15_7_9 like Mac OS X) AppleWebKit/605.1.15 (KHTML, like Gecko) Version/15.6.5 Mobile/15E148 Safari/604.1"
20.196.93.105 - - [07/Dec/2025:05:35:33 -0800] "GET /av.php HTTP/1.1" 200 37304 "https://www.google.de/" "Mozilla/5.g (Linux; Android 13; Pixel 7) AppleWebKit/537.36 (KHTML, like Gecko) Chrome/116.0.0.0 Mobile Safari/537.36"
20.196.93.105 - - [07/Dec/2025:05:35:34 -0800] "GET /buy.php HTTP/1.1" 200 37305 "https://www.bing.com/" "Mozilla/5.0 (iPhone; CPU iPhone OS 17_0_3 like Mac OS X) AppleWebKit/605.1.15 (KHTML, like Gecko) Version/17.0.1 Mobile/15E148 Safari/604.1"
20.196.93.105 - - [07/Dec/2025:05:35:35 -0800] "GET /cgi-bin/ HTTP/1.1" 200 37306 "https://www.yahoo.com/" "Mozilla/5.0 (Linux; Android 14; Pixel 8 Pro) AppleWebKit/537.36 (KHTML, like Gecko) Chrome/119.0.0.0 Mobile Safari/537.36"
20.196.93.105 - - [07/Dec/2025:05:35:36 -0800] "GET /chosen.php HTTP/1.1" 200 37308 "https://duckduckgo.com/" "Mozilla/5.0 (iPad; CPU OS 16_7_2 like Mac OS X) AppleWebKit/605.1.15 (KHTML, like Gecko) Version/16.6 Mobile/15E148 Safari/604.1"
216.73.216.119 - - [07/Dec/2025:05:35:36 -0800] "GET /2013/08/19/fashion-lookbook-house-of-marie-releases-its-2013-collection/house-of-marie-2013-collection-lookbook-fashionghana-24 HTTP/1.1" 404 236 "-" "Mozilla/5.0 AppleWebKit/537.36 (KHTML, like Gecko; compatible; ClaudeBot/1.0; +claudebot@anthropic.com)"
116.179.32.236 - - [07/Dec/2025:05:35:37 -0800] "GET /uncategorized/video-baad2017-banky-adesua-etomi-give-thanks-giving-england/ HTTP/1.1" 404 236 "-" "Mozilla/5.0 (compatible; Baiduspider/2.0; +http://www.baidu.com/search/spider.html)"
20.196.93.105 - - [07/Dec/2025:05:35:37 -0800] "GET /css/index.php HTTP/1.1" 200 37311 "https://www.google.de/" "Mozilla/5.0 (Linux; Android 10; LM-Q720) AppleWebKit/537.36 (KHTML, like Gecko) Chrome/116.0.0.0 Mobile Safari/537.36"
20.196.93.105 - - [07/Dec/2025:05:35:37 -0800] "GET /elp.php HTTP/1.1" 200 37305 "https://www.google.fr/" "Mozilla/5.0 (Linux; Android 10; LM-Q720) AppleWebKit/537.36 (KHTML, like Gecko) Chrome/116.0.0.0 Mobile Safari/537.36"
20.196.93.105 - - [07/Dec/2025:05:35:38 -0800] "GET /images/ HTTP/1.1" 200 37305 "https://www.yahoo.com/" "Mozilla/5.g (Linux; Android 13; Pixel 7) AppleWebKit/537.36 (KHTML, like Gecko) Chrome/116.0.0.0 Mobile Safari/537.36"
20.196.93.105 - - [07/Dec/2025:05:35:39 -0800] "GET /index/function.php HTTP/1.1" 200 37316 "https://www.google.fr/" "Mozilla/5.0 (iPhone; CPU iPhone OS 16_6_1 like Mac OS X) AppleWebKit/605.1.15 (KHTML, like Gecko) Version/16.6 Mobile/15E148 Safari/604.1"
20.196.93.105 - - [07/Dec/2025:05:35:40 -0800] "GET /inputs.php HTTP/1.1" 200 37308 "https://www.yahoo.com/" "Mozilla/5.0 (iPhone; CPU iPhone OS 15_7_9 like Mac OS X) AppleWebKit/605.1.15 (KHTML, like Gecko) Version/15.6.5 Mobile/15E148 Safari/604.1"
20.196.93.105 - - [07/Dec/2025:05:35:41 -0800] "GET /mah.php HTTP/1.1" 200 37305 "https://www.bing.com/" "Mozilla/5.0 (Linux; Android 11; CPH2251) AppleWebKit/537.36 (KHTML, like Gecko) Chrome/116.0.0.0 Mobile Safari/537.36"
68.218.89.6 - - [07/Dec/2025:05:35:41 -0800] "GET /.well-known/acme-challenge/file.php HTTP/1.1" 200 37342 "https://www.yahoo.com/" "Mozilla/5.0 (Linux; Android 12; SM-A525F) AppleWebKit/537.36 (KHTML, like Gecko) Chrome/117.0.0.0 Mobile Safari/537.36"
20.196.93.105 - - [07/Dec/2025:05:35:42 -0800] "GET /mah/function.php HTTP/1.1" 200 37314 "https://www.google.fr/" "Mozilla/5.g (Linux; Android 13; Pixel 7) AppleWebKit/537.36 (KHTML, like Gecko) Chrome/116.0.0.0 Mobile Safari/537.36"
68.218.89.6 - - [07/Dec/2025:05:35:42 -0800] "GET /.well-known/acme-challenge/wp-login.php HTTP/1.1" 200 37346 "https://duckduckgo.com/" "Mozilla/5.0 (iPhone; CPU iPhone OS 17_1_1 like Mac OS X) AppleWebKit/605.1.15 (KHTML, like Gecko) Version/17.1 Mobile/15E148 Safari/604.1"
68.218.89.6 - - [07/Dec/2025:05:35:44 -0800] "GET /.well-known/pki-validation/index.php HTTP/1.1" 406 300 "https://www.google.de/" "Mozilla/5.0 (Linux; Android 12; V2134) AppleWebKit/537.36 (KHTML, like Gecko) Chrome/116.0.0.0 Mobile Safari/537.36"
20.196.93.105 - - [07/Dec/2025:05:35:43 -0800] "GET /mini.php HTTP/1.1" 200 37306 "https://www.google.com/" "Mozilla/5.0 (Linux; Android 11; CPH2251) AppleWebKit/537.36 (KHTML, like Gecko) Chrome/116.0.0.0 Mobile Safari/537.36"
216.73.216.119 - - [07/Dec/2025:05:35:44 -0800] "GET /2013/08/20/lookbook-ghanaian-fashion-label-christie-brown-presents-its-winter-2013-collection-called-dure/10-13 HTTP/1.1" 404 236 "-" "Mozilla/5.0 AppleWebKit/537.36 (KHTML, like Gecko; compatible; ClaudeBot/1.0; +claudebot@anthropic.com)"
68.218.89.6 - - [07/Dec/2025:05:35:44 -0800] "GET /1.php HTTP/1.1" 200 37312 "https://www.yahoo.com/" "Mozilla/5.0 (Linux; Android 13; SM-S908E) AppleWebKit/537.36 (KHTML, like Gecko) Chrome/116.0.0.0 Mobile Safari/537.36"
20.196.93.105 - - [07/Dec/2025:05:35:44 -0800] "GET /modules/mod_simplefileuploadv1.3/elements/ HTTP/1.1" 200 37340 "https://duckduckgo.com/" "Mozilla/5.0 (Linux; Android 11; 21081111RG) AppleWebKit/537.36 (KHTML, like Gecko) Chrome/116.0.0.0 Mobile Safari/537.36"
68.218.89.6 - - [07/Dec/2025:05:35:45 -0800] "GET /aa.php HTTP/1.1" 200 37313 "https://www.google.com/" "Mozilla/5.0 (Linux; Android 14; Pixel 8 Pro) AppleWebKit/537.36 (KHTML, like Gecko) Chrome/119.0.0.0 Mobile Safari/537.36"
20.196.93.105 - - [07/Dec/2025:05:35:45 -0800] "GET /new.php HTTP/1.1" 200 37305 "https://www.google.co.uk/" "Mozilla/5.0 (iPhone; CPU iPhone OS 16_0 like Mac OS X) AppleWebKit/605.1.15 (KHTML, like Gecko) FxiOS/118.0 Mobile/15E148 Safari/605.1.15"
68.218.89.6 - - [07/Dec/2025:05:35:46 -0800] "GET /abcd.php HTTP/1.1" 200 37315 "https://duckduckgo.com/" "Mozilla/5.0 (iPhone; CPU iPhone OS 16_6_1 like Mac OS X) AppleWebKit/605.1.15 (KHTML, like Gecko) Version/16.6 Mobile/15E148 Safari/604.1"
20.196.93.105 - - [07/Dec/2025:05:35:46 -0800] "GET /options-reading.php HTTP/1.1" 200 37317 "https://duckduckgo.com/" "Mozilla/5.g (Linux; Android 13; Pixel 7) AppleWebKit/537.36 (KHTML, like Gecko) Chrome/116.0.0.0 Mobile Safari/537.36"
::1 - - [07/Dec/2025:05:35:48 -0800] "GET /whm-server-status HTTP/1.0" 200 1152152 "-" "Lynx/2.8.8dev.15 libwww-FM/2.14 SSL-MM/1.4.1 OpenSSL/1.0.1e-fips"
68.218.89.6 - - [07/Dec/2025:05:35:47 -0800] "GET /about.php HTTP/1.1" 200 37316 "https://www.google.co.uk/" "Mozilla/5.0 (iPhone; CPU iPhone OS 16_6_1 like Mac OS X) AppleWebKit/605.1.15 (KHTML, like Gecko) Version/16.6 Mobile/15E148 Safari/604.1"
20.196.93.105 - - [07/Dec/2025:05:35:47 -0800] "GET /simple.php HTTP/1.1" 200 37308 "https://www.google.fr/" "Mozilla/5.0 (Linux; Android 12; 2201116SG) AppleWebKit/537.36 (KHTML, like Gecko) Chrome/116.0.0.0 Mobile Safari/537.36"
68.218.89.6 - - [07/Dec/2025:05:35:48 -0800] "GET /.well-known/index.php HTTP/1.1" 200 37328 "https://www.google.com/" "Mozilla/5.0 (Linux; Android 13; M2101K6G) AppleWebKit/537.36 (KHTML, like Gecko) Chrome/116.0.0.0 Mobile Safari/537.36"
20.196.93.105 - - [07/Dec/2025:05:35:49 -0800] "GET /uploads/ HTTP/1.1" 200 37306 "https://www.google.co.uk/" "Mozilla/5.0 (iPhone; CPU iPhone OS 17_0_3 like Mac OS X) AppleWebKit/605.1.15 (KHTML, like Gecko) Version/17.0.1 Mobile/15E148 Safari/604.1"
68.218.89.6 - - [07/Dec/2025:05:35:49 -0800] "GET /admin.php HTTP/1.1" 200 37316 "https://duckduckgo.com/" "Mozilla/5.0 (Linux; Android 13; M2101K6G) AppleWebKit/537.36 (KHTML, like Gecko) Chrome/116.0.0.0 Mobile Safari/537.36"
74.125.209.3 - - [07/Dec/2025:05:35:50 -0800] "GET /wp-content/uploads/2013/08/Emmanuel-Ikubese-returns-as-Femi-in-Shuga-Lagos-BW0A1487.jpg HTTP/1.1" 404 236 "-" "Mozilla/5.0 (Windows NT 5.1; rv:11.0) Gecko Firefox/11.0 (via ggpht.com GoogleImageProxy)"
20.196.93.105 - - [07/Dec/2025:05:35:50 -0800] "GET /modules/mod_simplefileuploadv1.3/elements/index.php HTTP/1.1" 200 37349 "https://www.bing.com/" "Mozilla/5.0 (iPad; CPU OS 16_7_2 like Mac OS X) AppleWebKit/605.1.15 (KHTML, like Gecko) Version/16.6 Mobile/15E148 Safari/604.1"
68.218.89.6 - - [07/Dec/2025:05:35:50 -0800] "GET /adminfuns.php HTTP/1.1" 200 37320 "https://www.google.de/" "Mozilla/5.0 (Linux; Android 11; 21081111RG) AppleWebKit/537.36 (KHTML, like Gecko) Chrome/116.0.0.0 Mobile Safari/537.36"
20.196.93.105 - - [07/Dec/2025:05:35:51 -0800] "GET /new.php HTTP/1.1" 200 37305 "https://www.bing.com/" "Mozilla/5.0 (Linux; Android 13; M2101K6G) AppleWebKit/537.36 (KHTML, like Gecko) Chrome/116.0.0.0 Mobile Safari/537.36"
20.196.93.105 - - [07/Dec/2025:05:35:52 -0800] "GET /public/files/index.php HTTP/1.1" 200 37320 "https://www.bing.com/" "Mozilla/5.0 (iPad; CPU OS 17_0_3 like Mac OS X) AppleWebKit/605.1.15 (KHTML, like Gecko) Version/17.0.1 Mobile/15E148 Safari/604.1"
20.196.93.105 - - [07/Dec/2025:05:35:53 -0800] "GET /public/wp-content/index.php HTTP/1.1" 200 37325 "https://duckduckgo.com/" "Mozilla/5.0 (iPhone; CPU iPhone OS 16_0 like Mac OS X) AppleWebKit/605.1.15 (KHTML, like Gecko) FxiOS/118.0 Mobile/15E148 Safari/605.1.15"
20.196.93.105 - - [07/Dec/2025:05:35:54 -0800] "GET /radio.php HTTP/1.1" 200 37307 "https://duckduckgo.com/" "Mozilla/5.0 (Linux; Android 10; K) AppleWebKit/537.36 (KHTML, like Gecko) Chrome/117.0.0.0 Mobile Safari/537.36"
20.196.93.105 - - [07/Dec/2025:05:35:55 -0800] "GET /wp-admin/classwithtostring.php HTTP/1.1" 200 37328 "https://duckduckgo.com/" "Mozilla/5.0 (iPhone; CPU iPhone OS 15_7_9 like Mac OS X) AppleWebKit/605.1.15 (KHTML, like Gecko) Version/15.6.5 Mobile/15E148 Safari/604.1"
20.196.93.105 - - [07/Dec/2025:05:35:55 -0800] "GET /wp-admin/includes/colour.php HTTP/1.1" 200 37326 "https://www.bing.com/" "Mozilla/5.0 (Linux; Android 14; Pixel 8 Pro) AppleWebKit/537.36 (KHTML, like Gecko) Chrome/119.0.0.0 Mobile Safari/537.36"
20.196.93.105 - - [07/Dec/2025:05:35:56 -0800] "GET /wp-admin/index.php HTTP/1.1" 200 37316 "https://www.yahoo.com/" "Mozilla/5.0 (iPhone; CPU iPhone OS 15_7_9 like Mac OS X) AppleWebKit/605.1.15 (KHTML, like Gecko) Version/15.6.5 Mobile/15E148 Safari/604.1"
20.196.93.105 - - [07/Dec/2025:05:35:57 -0800] "GET /wp-admin/js/index.php HTTP/1.1" 200 37319 "https://www.yahoo.com/" "Mozilla/5.0 (iPhone; CPU iPhone OS 15_7_9 like Mac OS X) AppleWebKit/605.1.15 (KHTML, like Gecko) Version/15.6.5 Mobile/15E148 Safari/604.1"
20.196.93.105 - - [07/Dec/2025:05:35:58 -0800] "GET /wp-admin/js/widgets/ HTTP/1.1" 200 37318 "https://www.google.fr/" "Mozilla/5.0 (Linux; Android 10; LM-Q720) AppleWebKit/537.36 (KHTML, like Gecko) Chrome/116.0.0.0 Mobile Safari/537.36"
20.196.93.105 - - [07/Dec/2025:05:35:59 -0800] "GET /wp-admin/wp-admins.php HTTP/1.1" 200 37320 "https://www.yahoo.com/" "Mozilla/5.0 (iPhone; CPU iPhone OS 16_6_1 like Mac OS X) AppleWebKit/605.1.15 (KHTML, like Gecko) Version/16.6 Mobile/15E148 Safari/604.1"
20.196.93.105 - - [07/Dec/2025:05:36:00 -0800] "GET /wp-blog.php HTTP/1.1" 200 37309 "https://www.bing.com/" "Mozilla/5.0 (Linux; Android 14; Pixel 8 Pro) AppleWebKit/537.36 (KHTML, like Gecko) Chrome/119.0.0.0 Mobile Safari/537.36"
20.196.93.105 - - [07/Dec/2025:05:36:01 -0800] "GET /wp-content/admin.php HTTP/1.1" 200 37318 "https://www.google.fr/" "Mozilla/5.0 (Linux; Android 12; SM-A525F) AppleWebKit/537.36 (KHTML, like Gecko) Chrome/117.0.0.0 Mobile Safari/537.36"
68.218.89.6 - - [07/Dec/2025:05:36:01 -0800] "GET /alfa.php HTTP/1.1" 200 37315 "https://www.google.de/" "Mozilla/5.0 (iPhone; CPU iPhone OS 15_7_9 like Mac OS X) AppleWebKit/605.1.15 (KHTML, like Gecko) Version/15.6.5 Mobile/15E148 Safari/604.1"
20.196.93.105 - - [07/Dec/2025:05:36:02 -0800] "GET /wp-content/et-cache/ HTTP/1.1" 200 37318 "https://duckduckgo.com/" "Mozilla/5.0 (Linux; Android 11; 21081111RG) AppleWebKit/537.36 (KHTML, like Gecko) Chrome/116.0.0.0 Mobile Safari/537.36"
68.218.89.6 - - [07/Dec/2025:05:36:02 -0800] "GET /api.php HTTP/1.1" 200 37314 "https://www.google.co.uk/" "Mozilla/5.0 (Linux; Android 11; CPH2251) AppleWebKit/537.36 (KHTML, like Gecko) Chrome/116.0.0.0 Mobile Safari/537.36"
213.186.1.154 - - [07/Dec/2025:05:36:03 -0800] "GET /author/bobalash HTTP/1.1" 404 236 "-" "Mediatoolkitbot (complaints@mediatoolkit.com)"
20.196.93.105 - - [07/Dec/2025:05:36:02 -0800] "GET /wp-content/index.php HTTP/1.1" 200 37318 "https://www.google.fr/" "Mozilla/5.0 (Linux; Android 10; LM-Q720) AppleWebKit/537.36 (KHTML, like Gecko) Chrome/116.0.0.0 Mobile Safari/537.36"
68.218.89.6 - - [07/Dec/2025:05:36:03 -0800] "GET /autoload_classmap/function.php HTTP/1.1" 200 37337 "https://www.google.de/" "Mozilla/5.0 (iPhone; CPU iPhone OS 17_1 like Mac OS X) AppleWebKit/605.1.15 (KHTML, like Gecko) CriOS/119.0.6045.109 Mobile/15E148 Safari/604.1"
20.196.93.105 - - [07/Dec/2025:05:36:03 -0800] "GET /wp-content/plugins/pwnd/as.php HTTP/1.1" 200 37328 "https://www.google.fr/" "Mozilla/5.g (Linux; Android 13; Pixel 7) AppleWebKit/537.36 (KHTML, like Gecko) Chrome/116.0.0.0 Mobile Safari/537.36"
68.218.89.6 - - [07/Dec/2025:05:36:04 -0800] "GET /bless.php HTTP/1.1" 200 37316 "https://www.google.co.uk/" "Mozilla/5.0 (iPad; CPU OS 17_0_3 like Mac OS X) AppleWebKit/605.1.15 (KHTML, like Gecko) Version/17.0.1 Mobile/15E148 Safari/604.1"
20.196.93.105 - - [07/Dec/2025:05:36:04 -0800] "GET /wp-content/upgrade/index.php HTTP/1.1" 200 37326 "https://duckduckgo.com/" "Mozilla/5.0 (Linux; Android 10; K) AppleWebKit/537.36 (KHTML, like Gecko) Chrome/117.0.0.0 Mobile Safari/537.36"
68.218.89.6 - - [07/Dec/2025:05:36:05 -0800] "GET /cgi-bin/index.php HTTP/1.1" 200 37324 "https://www.google.co.uk/" "Mozilla/5.0 (iPhone; CPU iPhone OS 16_0 like Mac OS X) AppleWebKit/605.1.15 (KHTML, like Gecko) FxiOS/118.0 Mobile/15E148 Safari/605.1.15"
20.196.93.105 - - [07/Dec/2025:05:36:05 -0800] "GET /wp-content/uploads/ HTTP/1.1" 200 37317 "https://duckduckgo.com/" "Mozilla/5.g (Linux; Android 13; Pixel 7) AppleWebKit/537.36 (KHTML, like Gecko) Chrome/116.0.0.0 Mobile Safari/537.36"
68.218.89.6 - - [07/Dec/2025:05:36:06 -0800] "GET /classwithtostring.php HTTP/1.1" 200 37328 "https://duckduckgo.com/" "Mozilla/5.0 (Linux; Android 10; K) AppleWebKit/537.36 (KHTML, like Gecko) Chrome/117.0.0.0 Mobile Safari/537.36"
20.196.93.105 - - [07/Dec/2025:05:36:06 -0800] "GET /wp-content/uploads/index.php HTTP/1.1" 200 37326 "https://www.google.de/" "Mozilla/5.0 (Linux; Android 11; CPH2251) AppleWebKit/537.36 (KHTML, like Gecko) Chrome/116.0.0.0 Mobile Safari/537.36"
68.218.89.6 - - [07/Dec/2025:05:36:07 -0800] "GET /edit.php HTTP/1.1" 200 37315 "https://www.google.de/" "Mozilla/5.0 (Linux; Android 13; SM-G991U) AppleWebKit/537.36 (KHTML, like Gecko) Chrome/117.0.0.0 Mobile Safari/537.36"
20.196.93.105 - - [07/Dec/2025:05:36:07 -0800] "GET /wp-good.php HTTP/1.1" 200 37309 "https://duckduckgo.com/" "Mozilla/5.0 (iPhone; CPU iPhone OS 16_0 like Mac OS X) AppleWebKit/605.1.15 (KHTML, like Gecko) FxiOS/118.0 Mobile/15E148 Safari/605.1.15"
68.218.89.6 - - [07/Dec/2025:05:36:08 -0800] "GET /file.php HTTP/1.1" 200 37315 "https://www.yahoo.com/" "Mozilla/5.0 (Linux; Android 11; 21081111RG) AppleWebKit/537.36 (KHTML, like Gecko) Chrome/116.0.0.0 Mobile Safari/537.36"
20.196.93.105 - - [07/Dec/2025:05:36:08 -0800] "GET /wp-includes/Requests/index.php HTTP/1.1" 200 37328 "https://www.google.de/" "Mozilla/5.0 (iPhone; CPU iPhone OS 17_1 like Mac OS X) AppleWebKit/605.1.15 (KHTML, like Gecko) CriOS/119.0.6045.109 Mobile/15E148 Safari/604.1"
68.218.89.6 - - [07/Dec/2025:05:36:08 -0800] "GET /goods.php HTTP/1.1" 200 37316 "https://www.bing.com/" "Mozilla/5.0 (Linux; Android 12; SM-A525F) AppleWebKit/537.36 (KHTML, like Gecko) Chrome/117.0.0.0 Mobile Safari/537.36"
20.196.93.105 - - [07/Dec/2025:05:36:09 -0800] "GET /wp-includes/SimplePie/autoload_classmap.php HTTP/1.1" 200 37341 "https://www.yahoo.com/" "Mozilla/5.0 (iPhone; CPU iPhone OS 17_0_3 like Mac OS X) AppleWebKit/605.1.15 (KHTML, like Gecko) Version/17.0.1 Mobile/15E148 Safari/604.1"
68.218.89.6 - - [07/Dec/2025:05:36:09 -0800] "GET /info.php HTTP/1.1" 200 37315 "https://www.google.com/" "Mozilla/5.0 (Linux; Android 13; M2101K6G) AppleWebKit/537.36 (KHTML, like Gecko) Chrome/116.0.0.0 Mobile Safari/537.36"
20.196.93.105 - - [07/Dec/2025:05:36:09 -0800] "GET /wp-includes/Text/Diff/Renderer/index.php HTTP/1.1" 200 37338 "https://www.google.com/" "Mozilla/5.0 (Linux; Android 13; SM-S908E) AppleWebKit/537.36 (KHTML, like Gecko) Chrome/116.0.0.0 Mobile Safari/537.36"
68.218.89.6 - - [07/Dec/2025:05:36:10 -0800] "GET /ioxi-o.php HTTP/1.1" 200 37317 "https://www.yahoo.com/" "Mozilla/5.0 (Linux; Android 13; SM-G991U) AppleWebKit/537.36 (KHTML, like Gecko) Chrome/117.0.0.0 Mobile Safari/537.36"
20.196.93.105 - - [07/Dec/2025:05:36:10 -0800] "GET /wp-includes/assets/autoload_classmap.php HTTP/1.1" 200 37338 "https://duckduckgo.com/" "Mozilla/5.0 (Linux; Android 12; SM-A525F) AppleWebKit/537.36 (KHTML, like Gecko) Chrome/117.0.0.0 Mobile Safari/537.36"
216.73.216.119 - - [07/Dec/2025:05:36:11 -0800] "GET /2013/08/19/fashion-lookbook-house-of-marie-releases-its-2013-collection/house-of-marie-2013-collection-lookbook-fashionghana-20 HTTP/1.1" 404 236 "-" "Mozilla/5.0 AppleWebKit/537.36 (KHTML, like Gecko; compatible; ClaudeBot/1.0; +claudebot@anthropic.com)"
68.218.89.6 - - [07/Dec/2025:05:36:11 -0800] "GET /manager.php HTTP/1.1" 200 37318 "https://www.google.fr/" "Mozilla/5.0 (Linux; Android 11; CPH2251) AppleWebKit/537.36 (KHTML, like Gecko) Chrome/116.0.0.0 Mobile Safari/537.36"
20.196.93.105 - - [07/Dec/2025:05:36:11 -0800] "GET /wp-includes/bk/index.php HTTP/1.1" 200 37322 "https://www.bing.com/" "Mozilla/5.0 (Linux; Android 12; SM-A525F) AppleWebKit/537.36 (KHTML, like Gecko) Chrome/117.0.0.0 Mobile Safari/537.36"
68.218.89.6 - - [07/Dec/2025:05:36:12 -0800] "GET /mini HTTP/1.1" 200 37311 "https://www.bing.com/" "Mozilla/5.g (Linux; Android 13; Pixel 7) AppleWebKit/537.36 (KHTML, like Gecko) Chrome/116.0.0.0 Mobile Safari/537.36"
20.196.93.105 - - [07/Dec/2025:05:36:12 -0800] "GET /wp-includes/customize/chosen.php HTTP/1.1" 200 37330 "https://www.google.co.uk/" "Mozilla/5.0 (iPhone; CPU iPhone OS 17_1 like Mac OS X) AppleWebKit/605.1.15 (KHTML, like Gecko) CriOS/119.0.6045.109 Mobile/15E148 Safari/604.1"
68.218.89.6 - - [07/Dec/2025:05:36:13 -0800] "GET /wp-user.php HTTP/1.1" 200 37318 "https://www.google.co.uk/" "Mozilla/5.0 (iPad; CPU OS 17_0_3 like Mac OS X) AppleWebKit/605.1.15 (KHTML, like Gecko) Version/17.0.1 Mobile/15E148 Safari/604.1"
20.196.93.105 - - [07/Dec/2025:05:36:13 -0800] "GET /wp-includes/index.php HTTP/1.1" 200 37319 "https://www.google.de/" "Mozilla/5.0 (iPhone; CPU iPhone OS 17_1_1 like Mac OS X) AppleWebKit/605.1.15 (KHTML, like Gecko) Version/17.1 Mobile/15E148 Safari/604.1"
68.218.89.6 - - [07/Dec/2025:05:36:14 -0800] "GET /wp.php HTTP/1.1" 200 37313 "https://www.google.fr/" "Mozilla/5.0 (Linux; Android 12; 2201116SG) AppleWebKit/537.36 (KHTML, like Gecko) Chrome/116.0.0.0 Mobile Safari/537.36"
20.196.93.105 - - [07/Dec/2025:05:36:14 -0800] "GET /wp-includes/js/codemirror/index.php HTTP/1.1" 200 37333 "https://www.google.com/" "Mozilla/5.0 (iPhone; CPU iPhone OS 17_0_3 like Mac OS X) AppleWebKit/605.1.15 (KHTML, like Gecko) Version/17.0.1 Mobile/15E148 Safari/604.1"
68.218.89.6 - - [07/Dec/2025:05:36:15 -0800] "GET /xmrlpc.php HTTP/1.1" 200 37317 "https://www.google.co.uk/" "Mozilla/5.0 (iPad; CPU OS 16_7_2 like Mac OS X) AppleWebKit/605.1.15 (KHTML, like Gecko) Version/16.6 Mobile/15E148 Safari/604.1"
20.196.93.105 - - [07/Dec/2025:05:36:15 -0800] "GET /wp-includes/js/jquery/jquery.php HTTP/1.1" 200 37330 "https://www.google.fr/" "Mozilla/5.0 (Linux; Android 13; SM-G991U) AppleWebKit/537.36 (KHTML, like Gecko) Chrome/117.0.0.0 Mobile Safari/537.36"
20.196.93.105 - - [07/Dec/2025:05:36:16 -0800] "GET /wp-includes/random_compat/index.php HTTP/1.1" 200 37333 "https://duckduckgo.com/" "Mozilla/5.0 (iPad; CPU OS 16_7_2 like Mac OS X) AppleWebKit/605.1.15 (KHTML, like Gecko) Version/16.6 Mobile/15E148 Safari/604.1"
68.218.89.6 - - [07/Dec/2025:05:36:16 -0800] "GET /ahax.php HTTP/1.1" 200 37315 "https://www.google.de/" "Mozilla/5.0 (Linux; Android 12; SM-A525F) AppleWebKit/537.36 (KHTML, like Gecko) Chrome/117.0.0.0 Mobile Safari/537.36"
20.196.93.105 - - [07/Dec/2025:05:36:16 -0800] "GET /wp-includes/rest-api/index.php HTTP/1.1" 200 37328 "https://www.google.com/" "Mozilla/5.0 (Linux; Android 12; 2201116SG) AppleWebKit/537.36 (KHTML, like Gecko) Chrome/116.0.0.0 Mobile Safari/537.36"
68.218.89.6 - - [07/Dec/2025:05:36:17 -0800] "GET /akcc.php HTTP/1.1" 200 37315 "https://www.google.fr/" "Mozilla/5.0 (Linux; Android 14; Pixel 8 Pro) AppleWebKit/537.36 (KHTML, like Gecko) Chrome/119.0.0.0 Mobile Safari/537.36"
20.196.93.105 - - [07/Dec/2025:05:36:17 -0800] "GET /wp-includes/sitemaps/providers/index.php HTTP/1.1" 200 37338 "https://www.yahoo.com/" "Mozilla/5.0 (iPad; CPU OS 17_0_3 like Mac OS X) AppleWebKit/605.1.15 (KHTML, like Gecko) Version/17.0.1 Mobile/15E148 Safari/604.1"
68.218.89.6 - - [07/Dec/2025:05:36:18 -0800] "GET /assets/ HTTP/1.1" 200 37314 "https://www.google.fr/" "Mozilla/5.0 (iPhone; CPU iPhone OS 15_7_9 like Mac OS X) AppleWebKit/605.1.15 (KHTML, like Gecko) Version/15.6.5 Mobile/15E148 Safari/604.1"
20.196.93.105 - - [07/Dec/2025:05:36:18 -0800] "GET /wp-includes/style-engine/wp-conflg.php HTTP/1.1" 200 37336 "https://www.yahoo.com/" "Mozilla/5.0 (Linux; Android 10; LM-Q720) AppleWebKit/537.36 (KHTML, like Gecko) Chrome/116.0.0.0 Mobile Safari/537.36"
117.174.176.225 - - [07/Dec/2025:05:36:19 -0800] "GET /wp-content/uploads/2012/11/Omotola-2-150x150.jpg HTTP/1.1" 404 236 "-" "Mozilla/5.0 (Macintosh; Intel Mac OS X 10_13_6) AppleWebKit/537.36 (KHTML, like Gecko) Chrome/78.0.3904.108 Safari/537.36"
68.218.89.6 - - [07/Dec/2025:05:36:18 -0800] "GET /assets/images/ HTTP/1.1" 200 37321 "https://www.yahoo.com/" "Mozilla/5.0 (Linux; Android 10; LM-Q720) AppleWebKit/537.36 (KHTML, like Gecko) Chrome/116.0.0.0 Mobile Safari/537.36"
20.196.93.105 - - [07/Dec/2025:05:36:19 -0800] "GET /wp-admin/ HTTP/1.1" 200 37307 "https://www.google.com/" "Mozilla/5.0 (iPad; CPU OS 17_0_3 like Mac OS X) AppleWebKit/605.1.15 (KHTML, like Gecko) Version/17.0.1 Mobile/15E148 Safari/604.1"
68.218.89.6 - - [07/Dec/2025:05:36:19 -0800] "GET /av.php HTTP/1.1" 200 37313 "https://www.google.co.uk/" "Mozilla/5.0 (iPhone; CPU iPhone OS 17_1_1 like Mac OS X) AppleWebKit/605.1.15 (KHTML, like Gecko) Version/17.1 Mobile/15E148 Safari/604.1"
20.196.93.105 - - [07/Dec/2025:05:36:20 -0800] "GET /wp-admin/css/ HTTP/1.1" 200 37311 "https://www.yahoo.com/" "Mozilla/5.0 (iPad; CPU OS 17_0_3 like Mac OS X) AppleWebKit/605.1.15 (KHTML, like Gecko) Version/17.0.1 Mobile/15E148 Safari/604.1"
68.218.89.6 - - [07/Dec/2025:05:36:20 -0800] "GET /buy.php HTTP/1.1" 200 37314 "https://www.google.fr/" "Mozilla/5.0 (Linux; Android 13; SM-G991U) AppleWebKit/537.36 (KHTML, like Gecko) Chrome/117.0.0.0 Mobile Safari/537.36"
20.196.93.105 - - [07/Dec/2025:05:36:21 -0800] "GET /wp-admin/includes/index.php HTTP/1.1" 200 37325 "https://www.google.com/" "Mozilla/5.0 (iPhone; CPU iPhone OS 15_7_9 like Mac OS X) AppleWebKit/605.1.15 (KHTML, like Gecko) Version/15.6.5 Mobile/15E148 Safari/604.1"
68.218.89.6 - - [07/Dec/2025:05:36:21 -0800] "GET /cgi-bin/ HTTP/1.1" 200 37315 "https://www.google.co.uk/" "Mozilla/5.0 (iPhone; CPU iPhone OS 17_1 like Mac OS X) AppleWebKit/605.1.15 (KHTML, like Gecko) CriOS/119.0.6045.109 Mobile/15E148 Safari/604.1"
20.196.93.105 - - [07/Dec/2025:05:36:22 -0800] "GET /wp-admin/network/admin.php HTTP/1.1" 200 37324 "https://www.bing.com/" "Mozilla/5.0 (Linux; Android 10; K) AppleWebKit/537.36 (KHTML, like Gecko) Chrome/117.0.0.0 Mobile Safari/537.36"
68.218.89.6 - - [07/Dec/2025:05:36:22 -0800] "GET /chosen.php HTTP/1.1" 200 37317 "https://www.google.de/" "Mozilla/5.0 (Linux; Android 11; 21081111RG) AppleWebKit/537.36 (KHTML, like Gecko) Chrome/116.0.0.0 Mobile Safari/537.36"
20.196.93.105 - - [07/Dec/2025:05:36:23 -0800] "GET /wp-content/classwithtostring.php HTTP/1.1" 200 37330 "https://www.yahoo.com/" "Mozilla/5.0 (Linux; Android 13; SM-G991U) AppleWebKit/537.36 (KHTML, like Gecko) Chrome/117.0.0.0 Mobile Safari/537.36"
68.218.89.6 - - [07/Dec/2025:05:36:23 -0800] "GET /css/index.php HTTP/1.1" 200 37320 "https://www.google.de/" "Mozilla/5.0 (Linux; Android 13; SM-G991U) AppleWebKit/537.36 (KHTML, like Gecko) Chrome/117.0.0.0 Mobile Safari/537.36"
20.196.93.105 - - [07/Dec/2025:05:36:24 -0800] "GET /wp-content/languages/index.php HTTP/1.1" 200 37328 "https://duckduckgo.com/" "Mozilla/5.0 (iPad; CPU OS 17_0_3 like Mac OS X) AppleWebKit/605.1.15 (KHTML, like Gecko) Version/17.0.1 Mobile/15E148 Safari/604.1"
68.218.89.6 - - [07/Dec/2025:05:36:24 -0800] "GET /elp.php HTTP/1.1" 200 37314 "https://www.google.de/" "Mozilla/5.0 (iPhone; CPU iPhone OS 16_6_1 like Mac OS X) AppleWebKit/605.1.15 (KHTML, like Gecko) Version/16.6 Mobile/15E148 Safari/604.1"
20.196.93.105 - - [07/Dec/2025:05:36:24 -0800] "GET /wp-content/plugins/admin.php HTTP/1.1" 200 37326 "https://duckduckgo.com/" "Mozilla/5.0 (Linux; Android 13; SM-S908E) AppleWebKit/537.36 (KHTML, like Gecko) Chrome/116.0.0.0 Mobile Safari/537.36"
68.218.89.6 - - [07/Dec/2025:05:36:25 -0800] "GET /images/ HTTP/1.1" 200 37314 "https://www.yahoo.com/" "Mozilla/5.0 (Linux; Android 14; Pixel 8 Pro) AppleWebKit/537.36 (KHTML, like Gecko) Chrome/119.0.0.0 Mobile Safari/537.36"
20.196.93.105 - - [07/Dec/2025:05:36:25 -0800] "GET /wp-content/themes/admin.php HTTP/1.1" 200 37325 "https://www.yahoo.com/" "Mozilla/5.0 (Linux; Android 12; SM-A525F) AppleWebKit/537.36 (KHTML, like Gecko) Chrome/117.0.0.0 Mobile Safari/537.36"
68.218.89.6 - - [07/Dec/2025:05:36:26 -0800] "GET /index/function.php HTTP/1.1" 200 37325 "https://www.google.com/" "Mozilla/5.0 (iPad; CPU OS 16_7_2 like Mac OS X) AppleWebKit/605.1.15 (KHTML, like Gecko) Version/16.6 Mobile/15E148 Safari/604.1"
20.196.93.105 - - [07/Dec/2025:05:36:26 -0800] "GET /wp-content/uploads/2023/ HTTP/1.1" 200 37322 "https://www.bing.com/" "Mozilla/5.0 (iPad; CPU OS 17_0_3 like Mac OS X) AppleWebKit/605.1.15 (KHTML, like Gecko) Version/17.0.1 Mobile/15E148 Safari/604.1"
181.120.77.67 - - [07/Dec/2025:05:36:27 -0800] "GET http://jaguda.com/music-mp3/bubbling-under/zahzah-balance-it/ HTTP/1.1" 406 300 "-" "Mozilla/5.0 (Windows NT 10.0; Win64; x64) AppleWebKit/537.36 (KHTML, like Gecko) Chrome/111.0.0.0 Safari/537.36"
68.218.89.6 - - [07/Dec/2025:05:36:27 -0800] "GET /inputs.php HTTP/1.1" 200 37317 "https://www.bing.com/" "Mozilla/5.0 (iPhone; CPU iPhone OS 17_1 like Mac OS X) AppleWebKit/605.1.15 (KHTML, like Gecko) CriOS/119.0.6045.109 Mobile/15E148 Safari/604.1"
20.196.93.105 - - [07/Dec/2025:05:36:27 -0800] "GET /wp-content/uploads/2024/ HTTP/1.1" 200 37322 "https://www.google.com/" "Mozilla/5.0 (Linux; Android 12; V2134) AppleWebKit/537.36 (KHTML, like Gecko) Chrome/116.0.0.0 Mobile Safari/537.36"
68.218.89.6 - - [07/Dec/2025:05:36:27 -0800] "GET /mah.php HTTP/1.1" 200 37314 "https://www.google.co.uk/" "Mozilla/5.0 (Linux; Android 12; SM-A525F) AppleWebKit/537.36 (KHTML, like Gecko) Chrome/117.0.0.0 Mobile Safari/537.36"
20.196.93.105 - - [07/Dec/2025:05:36:28 -0800] "GET /wp-content/uploads/2025/ HTTP/1.1" 200 37322 "https://www.google.fr/" "Mozilla/5.0 (Linux; Android 11; 21081111RG) AppleWebKit/537.36 (KHTML, like Gecko) Chrome/116.0.0.0 Mobile Safari/537.36"
68.218.89.6 - - [07/Dec/2025:05:36:28 -0800] "GET /mah/function.php HTTP/1.1" 200 37323 "https://www.google.fr/" "Mozilla/5.g (Linux; Android 13; Pixel 7) AppleWebKit/537.36 (KHTML, like Gecko) Chrome/116.0.0.0 Mobile Safari/537.36"
20.196.93.105 - - [07/Dec/2025:05:36:29 -0800] "GET /wp-editor.php HTTP/1.1" 200 37311 "https://www.google.fr/" "Mozilla/5.0 (Linux; Android 11; 21081111RG) AppleWebKit/537.36 (KHTML, like Gecko) Chrome/116.0.0.0 Mobile Safari/537.36"
68.218.89.6 - - [07/Dec/2025:05:36:29 -0800] "GET /mini.php HTTP/1.1" 200 37315 "https://www.google.com/" "Mozilla/5.g (Linux; Android 13; Pixel 7) AppleWebKit/537.36 (KHTML, like Gecko) Chrome/116.0.0.0 Mobile Safari/537.36"
20.196.93.105 - - [07/Dec/2025:05:36:30 -0800] "GET /wp-includes/ID3/ HTTP/1.1" 200 37314 "https://www.bing.com/" "Mozilla/5.0 (Linux; Android 13; M2101K6G) AppleWebKit/537.36 (KHTML, like Gecko) Chrome/116.0.0.0 Mobile Safari/537.36"
68.218.89.6 - - [07/Dec/2025:05:36:30 -0800] "GET /modules/mod_simplefileuploadv1.3/elements/ HTTP/1.1" 200 37349 "https://duckduckgo.com/" "Mozilla/5.0 (iPhone; CPU iPhone OS 17_1_1 like Mac OS X) AppleWebKit/605.1.15 (KHTML, like Gecko) Version/17.1 Mobile/15E148 Safari/604.1"
20.196.93.105 - - [07/Dec/2025:05:36:30 -0800] "GET /wp-includes/ID3/simi.php HTTP/1.1" 200 37322 "https://www.bing.com/" "Mozilla/5.0 (iPhone; CPU iPhone OS 16_0 like Mac OS X) AppleWebKit/605.1.15 (KHTML, like Gecko) FxiOS/118.0 Mobile/15E148 Safari/605.1.15"
68.218.89.6 - - [07/Dec/2025:05:36:31 -0800] "GET /new.php HTTP/1.1" 200 37314 "https://www.yahoo.com/" "Mozilla/5.0 (Linux; Android 12; 2201116SG) AppleWebKit/537.36 (KHTML, like Gecko) Chrome/116.0.0.0 Mobile Safari/537.36"
20.196.93.105 - - [07/Dec/2025:05:36:31 -0800] "GET /wp-includes/IXR/ HTTP/1.1" 200 37314 "https://www.google.fr/" "Mozilla/5.0 (Linux; Android 14; Pixel 8 Pro) AppleWebKit/537.36 (KHTML, like Gecko) Chrome/119.0.0.0 Mobile Safari/537.36"
68.218.89.6 - - [07/Dec/2025:05:36:32 -0800] "GET /options-reading.php HTTP/1.1" 200 37326 "https://www.google.de/" "Mozilla/5.0 (iPad; CPU OS 16_7_2 like Mac OS X) AppleWebKit/605.1.15 (KHTML, like Gecko) Version/16.6 Mobile/15E148 Safari/604.1"
20.196.93.105 - - [07/Dec/2025:05:36:32 -0800] "GET /wp-includes/Requests/about.php HTTP/1.1" 200 37328 "https://www.bing.com/" "Mozilla/5.0 (Linux; Android 10; LM-Q720) AppleWebKit/537.36 (KHTML, like Gecko) Chrome/116.0.0.0 Mobile Safari/537.36"
68.218.89.6 - - [07/Dec/2025:05:36:33 -0800] "GET /simple.php HTTP/1.1" 200 37317 "https://www.google.fr/" "Mozilla/5.0 (iPhone; CPU iPhone OS 16_6_1 like Mac OS X) AppleWebKit/605.1.15 (KHTML, like Gecko) Version/16.6 Mobile/15E148 Safari/604.1"
20.196.93.105 - - [07/Dec/2025:05:36:33 -0800] "GET /wp-includes/Text/xwx1.php HTTP/1.1" 200 37323 "https://www.google.de/" "Mozilla/5.0 (Linux; Android 11; 21081111RG) AppleWebKit/537.36 (KHTML, like Gecko) Chrome/116.0.0.0 Mobile Safari/537.36"
68.218.89.6 - - [07/Dec/2025:05:36:34 -0800] "GET /uploads/ HTTP/1.1" 200 37315 "https://www.google.de/" "Mozilla/5.0 (Linux; Android 13; M2101K6G) AppleWebKit/537.36 (KHTML, like Gecko) Chrome/116.0.0.0 Mobile Safari/537.36"
20.196.93.105 - - [07/Dec/2025:05:36:34 -0800] "GET /wp-includes/assets/about.php HTTP/1.1" 200 37326 "https://www.bing.com/" "Mozilla/5.0 (iPhone; CPU iPhone OS 16_0 like Mac OS X) AppleWebKit/605.1.15 (KHTML, like Gecko) FxiOS/118.0 Mobile/15E148 Safari/605.1.15"
68.218.89.6 - - [07/Dec/2025:05:36:34 -0800] "GET /modules/mod_simplefileuploadv1.3/elements/index.php HTTP/1.1" 200 37358 "https://www.google.com/" "Mozilla/5.0 (Linux; Android 13; M2101K6G) AppleWebKit/537.36 (KHTML, like Gecko) Chrome/116.0.0.0 Mobile Safari/537.36"
20.196.93.105 - - [07/Dec/2025:05:36:35 -0800] "GET /wp-includes/assets/index.php HTTP/1.1" 200 37326 "https://www.google.de/" "Mozilla/5.g (Linux; Android 13; Pixel 7) AppleWebKit/537.36 (KHTML, like Gecko) Chrome/116.0.0.0 Mobile Safari/537.36"
68.218.89.6 - - [07/Dec/2025:05:36:35 -0800] "GET /new.php HTTP/1.1" 200 37314 "https://www.google.com/" "Mozilla/5.0 (iPhone; CPU iPhone OS 17_1_1 like Mac OS X) AppleWebKit/605.1.15 (KHTML, like Gecko) Version/17.1 Mobile/15E148 Safari/604.1"
20.196.93.105 - - [07/Dec/2025:05:36:36 -0800] "GET /wp-includes/block-patterns/ HTTP/1.1" 200 37325 "https://www.google.com/" "Mozilla/5.0 (iPhone; CPU iPhone OS 16_0 like Mac OS X) AppleWebKit/605.1.15 (KHTML, like Gecko) FxiOS/118.0 Mobile/15E148 Safari/605.1.15"
68.218.89.6 - - [07/Dec/2025:05:36:36 -0800] "GET /public/files/index.php HTTP/1.1" 200 37329 "https://www.google.co.uk/" "Mozilla/5.0 (Linux; Android 11; 21081111RG) AppleWebKit/537.36 (KHTML, like Gecko) Chrome/116.0.0.0 Mobile Safari/537.36"
20.196.93.105 - - [07/Dec/2025:05:36:36 -0800] "GET /wp-includes/blocks/ HTTP/1.1" 200 37317 "https://www.google.com/" "Mozilla/5.0 (iPhone; CPU iPhone OS 16_6_1 like Mac OS X) AppleWebKit/605.1.15 (KHTML, like Gecko) Version/16.6 Mobile/15E148 Safari/604.1"
68.218.89.6 - - [07/Dec/2025:05:36:37 -0800] "GET /public/wp-content/index.php HTTP/1.1" 200 37334 "https://www.bing.com/" "Mozilla/5.0 (Linux; Android 12; V2134) AppleWebKit/537.36 (KHTML, like Gecko) Chrome/116.0.0.0 Mobile Safari/537.36"
20.196.93.105 - - [07/Dec/2025:05:36:37 -0800] "GET /wp-includes/blocks/calendar/index.php HTTP/1.1" 200 37335 "https://www.google.co.uk/" "Mozilla/5.0 (iPhone; CPU iPhone OS 16_0 like Mac OS X) AppleWebKit/605.1.15 (KHTML, like Gecko) FxiOS/118.0 Mobile/15E148 Safari/605.1.15"
68.218.89.6 - - [07/Dec/2025:05:36:38 -0800] "GET /radio.php HTTP/1.1" 200 37316 "https://www.google.co.uk/" "Mozilla/5.0 (iPhone; CPU iPhone OS 17_1_1 like Mac OS X) AppleWebKit/605.1.15 (KHTML, like Gecko) Version/17.1 Mobile/15E148 Safari/604.1"
20.196.93.105 - - [07/Dec/2025:05:36:38 -0800] "GET /wp-includes/certificates/ HTTP/1.1" 200 37323 "https://www.bing.com/" "Mozilla/5.0 (iPhone; CPU iPhone OS 17_0_3 like Mac OS X) AppleWebKit/605.1.15 (KHTML, like Gecko) Version/17.0.1 Mobile/15E148 Safari/604.1"
68.218.89.6 - - [07/Dec/2025:05:36:39 -0800] "GET /wp-admin/classwithtostring.php HTTP/1.1" 200 37337 "https://www.yahoo.com/" "Mozilla/5.0 (iPhone; CPU iPhone OS 17_0_3 like Mac OS X) AppleWebKit/605.1.15 (KHTML, like Gecko) Version/17.0.1 Mobile/15E148 Safari/604.1"
20.196.93.105 - - [07/Dec/2025:05:36:39 -0800] "GET /wp-includes/css/index.php HTTP/1.1" 200 37323 "https://duckduckgo.com/" "Mozilla/5.0 (Linux; Android 13; M2101K6G) AppleWebKit/537.36 (KHTML, like Gecko) Chrome/116.0.0.0 Mobile Safari/537.36"
20.196.93.105 - - [07/Dec/2025:05:36:40 -0800] "GET /wp-includes/customize/index.php HTTP/1.1" 200 37329 "https://www.google.fr/" "Mozilla/5.0 (iPhone; CPU iPhone OS 15_7_9 like Mac OS X) AppleWebKit/605.1.15 (KHTML, like Gecko) Version/15.6.5 Mobile/15E148 Safari/604.1"
68.218.89.6 - - [07/Dec/2025:05:36:40 -0800] "GET /wp-admin/includes/colour.php HTTP/1.1" 200 37335 "https://duckduckgo.com/" "Mozilla/5.0 (Linux; Android 11; 21081111RG) AppleWebKit/537.36 (KHTML, like Gecko) Chrome/116.0.0.0 Mobile Safari/537.36"
20.196.93.105 - - [07/Dec/2025:05:36:41 -0800] "GET /wp-includes/fonts/admin.php HTTP/1.1" 200 37325 "https://duckduckgo.com/" "Mozilla/5.0 (Linux; Android 11; 21081111RG) AppleWebKit/537.36 (KHTML, like Gecko) Chrome/116.0.0.0 Mobile Safari/537.36"
68.218.89.6 - - [07/Dec/2025:05:36:41 -0800] "GET /wp-admin/index.php HTTP/1.1" 200 37325 "https://www.bing.com/" "Mozilla/5.0 (iPhone; CPU iPhone OS 17_1_1 like Mac OS X) AppleWebKit/605.1.15 (KHTML, like Gecko) Version/17.1 Mobile/15E148 Safari/604.1"
127.0.0.1 - - [07/Dec/2025:05:36:42 -0800] "GET / HTTP/1.0" 200 163 "-" "-"
20.196.93.105 - - [07/Dec/2025:05:36:42 -0800] "GET /wp-includes/html-api/index.php HTTP/1.1" 200 37328 "https://www.yahoo.com/" "Mozilla/5.0 (Linux; Android 13; M2101K6G) AppleWebKit/537.36 (KHTML, like Gecko) Chrome/116.0.0.0 Mobile Safari/537.36"
68.218.89.6 - - [07/Dec/2025:05:36:42 -0800] "GET /wp-admin/js/index.php HTTP/1.1" 200 37328 "https://www.google.fr/" "Mozilla/5.0 (iPad; CPU OS 17_0_3 like Mac OS X) AppleWebKit/605.1.15 (KHTML, like Gecko) Version/17.0.1 Mobile/15E148 Safari/604.1"
20.196.93.105 - - [07/Dec/2025:05:36:43 -0800] "GET /wp-includes/images/media/ HTTP/1.1" 200 37323 "https://www.google.fr/" "Mozilla/5.0 (iPhone; CPU iPhone OS 17_1_1 like Mac OS X) AppleWebKit/605.1.15 (KHTML, like Gecko) Version/17.1 Mobile/15E148 Safari/604.1"
68.218.89.6 - - [07/Dec/2025:05:36:43 -0800] "GET /wp-admin/js/widgets/ HTTP/1.1" 200 37327 "https://www.google.fr/" "Mozilla/5.0 (Linux; Android 13; M2101K6G) AppleWebKit/537.36 (KHTML, like Gecko) Chrome/116.0.0.0 Mobile Safari/537.36"
20.196.93.105 - - [07/Dec/2025:05:36:44 -0800] "GET /wp-includes/images/smilies/about.php HTTP/1.1" 200 37334 "https://www.yahoo.com/" "Mozilla/5.0 (Linux; Android 13; SM-G991U) AppleWebKit/537.36 (KHTML, like Gecko) Chrome/117.0.0.0 Mobile Safari/537.36"
68.218.89.6 - - [07/Dec/2025:05:36:44 -0800] "GET /wp-admin/wp-admins.php HTTP/1.1" 200 37329 "https://duckduckgo.com/" "Mozilla/5.0 (iPhone; CPU iPhone OS 17_1 like Mac OS X) AppleWebKit/605.1.15 (KHTML, like Gecko) CriOS/119.0.6045.109 Mobile/15E148 Safari/604.1"
20.196.93.105 - - [07/Dec/2025:05:36:44 -0800] "GET /wp-includes/js/index.php HTTP/1.1" 200 37322 "https://www.bing.com/" "Mozilla/5.0 (iPad; CPU OS 16_7_2 like Mac OS X) AppleWebKit/605.1.15 (KHTML, like Gecko) Version/16.6 Mobile/15E148 Safari/604.1"
68.218.89.6 - - [07/Dec/2025:05:36:45 -0800] "GET /wp-blog.php HTTP/1.1" 200 37318 "https://www.google.com/" "Mozilla/5.0 (iPhone; CPU iPhone OS 17_0_3 like Mac OS X) AppleWebKit/605.1.15 (KHTML, like Gecko) Version/17.0.1 Mobile/15E148 Safari/604.1"
20.196.93.105 - - [07/Dec/2025:05:36:45 -0800] "GET /wp-includes/rest-api/ HTTP/1.1" 200 37319 "https://www.google.fr/" "Mozilla/5.0 (Linux; Android 11; CPH2251) AppleWebKit/537.36 (KHTML, like Gecko) Chrome/116.0.0.0 Mobile Safari/537.36"
68.218.89.6 - - [07/Dec/2025:05:36:46 -0800] "GET /wp-content/admin.php HTTP/1.1" 200 37327 "https://duckduckgo.com/" "Mozilla/5.0 (Linux; Android 14; Pixel 8 Pro) AppleWebKit/537.36 (KHTML, like Gecko) Chrome/119.0.0.0 Mobile Safari/537.36"
220.181.108.80 - - [07/Dec/2025:05:36:47 -0800] "GET /music-mp3/afro-pop/skepta-wizkid-bad-energy-stay-far-away/ HTTP/1.1" 404 236 "-" "Mozilla/5.0 (compatible; Baiduspider/2.0; +http://www.baidu.com/search/spider.html)"
20.196.93.105 - - [07/Dec/2025:05:36:46 -0800] "GET /wp-includes/rest-api/fields/ HTTP/1.1" 200 37326 "https://www.yahoo.com/" "Mozilla/5.0 (iPhone; CPU iPhone OS 17_1_1 like Mac OS X) AppleWebKit/605.1.15 (KHTML, like Gecko) Version/17.1 Mobile/15E148 Safari/604.1"
68.218.89.6 - - [07/Dec/2025:05:36:47 -0800] "GET /wp-content/et-cache/ HTTP/1.1" 200 37327 "https://www.google.co.uk/" "Mozilla/5.0 (iPhone; CPU iPhone OS 17_1 like Mac OS X) AppleWebKit/605.1.15 (KHTML, like Gecko) CriOS/119.0.6045.109 Mobile/15E148 Safari/604.1"
20.196.93.105 - - [07/Dec/2025:05:36:47 -0800] "GET /wp-includes/rest-api/search/index.php HTTP/1.1" 200 37335 "https://www.google.de/" "Mozilla/5.0 (Linux; Android 10; LM-Q720) AppleWebKit/537.36 (KHTML, like Gecko) Chrome/116.0.0.0 Mobile Safari/537.36"
68.218.89.6 - - [07/Dec/2025:05:36:48 -0800] "GET /wp-content/index.php HTTP/1.1" 200 37327 "https://www.google.de/" "Mozilla/5.0 (iPad; CPU OS 17_0_3 like Mac OS X) AppleWebKit/605.1.15 (KHTML, like Gecko) Version/17.0.1 Mobile/15E148 Safari/604.1"
20.196.93.105 - - [07/Dec/2025:05:36:48 -0800] "GET /wp-includes/sitemaps/ HTTP/1.1" 200 37319 "https://www.google.de/" "Mozilla/5.0 (Linux; Android 10; K) AppleWebKit/537.36 (KHTML, like Gecko) Chrome/117.0.0.0 Mobile Safari/537.36"
68.218.89.6 - - [07/Dec/2025:05:36:49 -0800] "GET /wp-content/plugins/pwnd/as.php HTTP/1.1" 200 37337 "https://www.yahoo.com/" "Mozilla/5.0 (iPhone; CPU iPhone OS 15_7_9 like Mac OS X) AppleWebKit/605.1.15 (KHTML, like Gecko) Version/15.6.5 Mobile/15E148 Safari/604.1"
20.196.93.105 - - [07/Dec/2025:05:36:49 -0800] "GET /wp-includes/sitemaps/wp-conflg.php HTTP/1.1" 200 37332 "https://www.google.com/" "Mozilla/5.0 (iPhone; CPU iPhone OS 17_0_3 like Mac OS X) AppleWebKit/605.1.15 (KHTML, like Gecko) Version/17.0.1 Mobile/15E148 Safari/604.1"
68.218.89.6 - - [07/Dec/2025:05:36:49 -0800] "GET /wp-content/upgrade/index.php HTTP/1.1" 200 37335 "https://www.google.fr/" "Mozilla/5.0 (Linux; Android 13; M2101K6G) AppleWebKit/537.36 (KHTML, like Gecko) Chrome/116.0.0.0 Mobile Safari/537.36"
20.196.93.105 - - [07/Dec/2025:05:36:50 -0800] "GET /wp-themes.php HTTP/1.1" 200 37311 "https://www.yahoo.com/" "Mozilla/5.0 (iPad; CPU OS 16_7_2 like Mac OS X) AppleWebKit/605.1.15 (KHTML, like Gecko) Version/16.6 Mobile/15E148 Safari/604.1"
68.218.89.6 - - [07/Dec/2025:05:36:50 -0800] "GET /wp-content/uploads/ HTTP/1.1" 200 37326 "https://www.yahoo.com/" "Mozilla/5.0 (iPhone; CPU iPhone OS 16_0 like Mac OS X) AppleWebKit/605.1.15 (KHTML, like Gecko) FxiOS/118.0 Mobile/15E148 Safari/605.1.15"
20.196.93.105 - - [07/Dec/2025:05:36:50 -0800] "GET /x.php HTTP/1.1" 200 37303 "https://www.google.co.uk/" "Mozilla/5.0 (iPad; CPU OS 17_0_3 like Mac OS X) AppleWebKit/605.1.15 (KHTML, like Gecko) Version/17.0.1 Mobile/15E148 Safari/604.1"
68.218.89.6 - - [07/Dec/2025:05:36:51 -0800] "GET /wp-content/uploads/index.php HTTP/1.1" 200 37335 "https://duckduckgo.com/" "Mozilla/5.0 (Linux; Android 13; SM-S908E) AppleWebKit/537.36 (KHTML, like Gecko) Chrome/116.0.0.0 Mobile Safari/537.36"
20.196.93.105 - - [07/Dec/2025:05:36:51 -0800] "GET /yas.php HTTP/1.1" 200 37305 "https://duckduckgo.com/" "Mozilla/5.0 (Linux; Android 10; K) AppleWebKit/537.36 (KHTML, like Gecko) Chrome/117.0.0.0 Mobile Safari/537.36"
68.218.89.6 - - [07/Dec/2025:05:36:52 -0800] "GET /wp-good.php HTTP/1.1" 200 37318 "https://www.google.de/" "Mozilla/5.0 (iPhone; CPU iPhone OS 17_1 like Mac OS X) AppleWebKit/605.1.15 (KHTML, like Gecko) CriOS/119.0.6045.109 Mobile/15E148 Safari/604.1"
68.218.89.6 - - [07/Dec/2025:05:36:53 -0800] "GET /wp-includes/Requests/index.php HTTP/1.1" 200 37337 "https://duckduckgo.com/" "Mozilla/5.0 (Linux; Android 14; Pixel 8 Pro) AppleWebKit/537.36 (KHTML, like Gecko) Chrome/119.0.0.0 Mobile Safari/537.36"
216.73.216.119 - - [07/Dec/2025:05:36:54 -0800] "GET /2013/08/20/lookbook-ghanaian-fashion-label-christie-brown-presents-its-winter-2013-collection-called-dure/15-7 HTTP/1.1" 404 236 "-" "Mozilla/5.0 AppleWebKit/537.36 (KHTML, like Gecko; compatible; ClaudeBot/1.0; +claudebot@anthropic.com)"
68.218.89.6 - - [07/Dec/2025:05:36:54 -0800] "GET /wp-includes/SimplePie/autoload_classmap.php HTTP/1.1" 200 37350 "https://www.yahoo.com/" "Mozilla/5.0 (Linux; Android 13; SM-G991U) AppleWebKit/537.36 (KHTML, like Gecko) Chrome/117.0.0.0 Mobile Safari/537.36"
68.218.89.6 - - [07/Dec/2025:05:36:55 -0800] "GET /wp-includes/Text/Diff/Renderer/index.php HTTP/1.1" 200 37347 "https://www.google.com/" "Mozilla/5.0 (iPhone; CPU iPhone OS 17_0_3 like Mac OS X) AppleWebKit/605.1.15 (KHTML, like Gecko) Version/17.0.1 Mobile/15E148 Safari/604.1"
64.233.173.202 - - [07/Dec/2025:05:36:55 -0800] "GET /wp-content/uploads/2010/09/ibb_vid.jpg HTTP/1.1" 404 236 "-" "Mozilla/5.0 (Windows NT 5.1; rv:11.0) Gecko Firefox/11.0 (via ggpht.com GoogleImageProxy)"
68.218.89.6 - - [07/Dec/2025:05:36:56 -0800] "GET /wp-includes/assets/autoload_classmap.php HTTP/1.1" 200 37347 "https://www.yahoo.com/" "Mozilla/5.0 (iPad; CPU OS 17_0_3 like Mac OS X) AppleWebKit/605.1.15 (KHTML, like Gecko) Version/17.0.1 Mobile/15E148 Safari/604.1"
::1 - - [07/Dec/2025:05:36:57 -0800] "GET /whm-server-status HTTP/1.0" 200 1152434 "-" "Lynx/2.8.8dev.15 libwww-FM/2.14 SSL-MM/1.4.1 OpenSSL/1.0.1e-fips"
68.218.89.6 - - [07/Dec/2025:05:36:57 -0800] "GET /wp-includes/bk/index.php HTTP/1.1" 200 37331 "https://www.google.co.uk/" "Mozilla/5.0 (Linux; Android 12; V2134) AppleWebKit/537.36 (KHTML, like Gecko) Chrome/116.0.0.0 Mobile Safari/537.36"
68.218.89.6 - - [07/Dec/2025:05:36:57 -0800] "GET /wp-includes/customize/chosen.php HTTP/1.1" 200 37339 "https://www.google.de/" "Mozilla/5.0 (Linux; Android 11; CPH2251) AppleWebKit/537.36 (KHTML, like Gecko) Chrome/116.0.0.0 Mobile Safari/537.36"
68.218.89.6 - - [07/Dec/2025:05:36:58 -0800] "GET /wp-includes/index.php HTTP/1.1" 200 37328 "https://duckduckgo.com/" "Mozilla/5.g (Linux; Android 13; Pixel 7) AppleWebKit/537.36 (KHTML, like Gecko) Chrome/116.0.0.0 Mobile Safari/537.36"
68.218.89.6 - - [07/Dec/2025:05:36:59 -0800] "GET /wp-includes/js/codemirror/index.php HTTP/1.1" 200 37342 "https://www.google.com/" "Mozilla/5.0 (Linux; Android 12; V2134) AppleWebKit/537.36 (KHTML, like Gecko) Chrome/116.0.0.0 Mobile Safari/537.36"
68.218.89.6 - - [07/Dec/2025:05:37:00 -0800] "GET /wp-includes/js/jquery/jquery.php HTTP/1.1" 200 37339 "https://www.google.de/" "Mozilla/5.0 (iPhone; CPU iPhone OS 16_6_1 like Mac OS X) AppleWebKit/605.1.15 (KHTML, like Gecko) Version/16.6 Mobile/15E148 Safari/604.1"
68.218.89.6 - - [07/Dec/2025:05:37:01 -0800] "GET /wp-includes/random_compat/index.php HTTP/1.1" 200 37342 "https://www.google.com/" "Mozilla/5.0 (Linux; Android 12; 2201116SG) AppleWebKit/537.36 (KHTML, like Gecko) Chrome/116.0.0.0 Mobile Safari/537.36"
68.218.89.6 - - [07/Dec/2025:05:37:02 -0800] "GET /wp-includes/rest-api/index.php HTTP/1.1" 200 37337 "https://www.yahoo.com/" "Mozilla/5.0 (iPad; CPU OS 17_0_3 like Mac OS X) AppleWebKit/605.1.15 (KHTML, like Gecko) Version/17.0.1 Mobile/15E148 Safari/604.1"
68.218.89.6 - - [07/Dec/2025:05:37:03 -0800] "GET /wp-includes/sitemaps/providers/index.php HTTP/1.1" 200 37347 "https://www.google.fr/" "Mozilla/5.0 (Linux; Android 11; CPH2251) AppleWebKit/537.36 (KHTML, like Gecko) Chrome/116.0.0.0 Mobile Safari/537.36"
68.218.89.6 - - [07/Dec/2025:05:37:04 -0800] "GET /wp-includes/style-engine/wp-conflg.php HTTP/1.1" 200 37345 "https://www.yahoo.com/" "Mozilla/5.0 (Linux; Android 10; K) AppleWebKit/537.36 (KHTML, like Gecko) Chrome/117.0.0.0 Mobile Safari/537.36"
68.218.89.6 - - [07/Dec/2025:05:37:05 -0800] "GET /wp-admin/ HTTP/1.1" 200 37316 "https://www.google.co.uk/" "Mozilla/5.0 (Linux; Android 11; 21081111RG) AppleWebKit/537.36 (KHTML, like Gecko) Chrome/116.0.0.0 Mobile Safari/537.36"
68.218.89.6 - - [07/Dec/2025:05:37:06 -0800] "GET /wp-admin/css/ HTTP/1.1" 200 37320 "https://www.google.de/" "Mozilla/5.0 (Linux; Android 10; LM-Q720) AppleWebKit/537.36 (KHTML, like Gecko) Chrome/116.0.0.0 Mobile Safari/537.36"
68.218.89.6 - - [07/Dec/2025:05:37:06 -0800] "GET /wp-admin/includes/index.php HTTP/1.1" 200 37334 "https://www.yahoo.com/" "Mozilla/5.0 (iPhone; CPU iPhone OS 16_6_1 like Mac OS X) AppleWebKit/605.1.15 (KHTML, like Gecko) Version/16.6 Mobile/15E148 Safari/604.1"
68.218.89.6 - - [07/Dec/2025:05:37:07 -0800] "GET /wp-admin/network/admin.php HTTP/1.1" 200 37333 "https://www.google.co.uk/" "Mozilla/5.0 (iPad; CPU OS 16_7_2 like Mac OS X) AppleWebKit/605.1.15 (KHTML, like Gecko) Version/16.6 Mobile/15E148 Safari/604.1"
68.218.89.6 - - [07/Dec/2025:05:37:08 -0800] "GET /wp-content/classwithtostring.php HTTP/1.1" 200 37339 "https://www.bing.com/" "Mozilla/5.0 (iPhone; CPU iPhone OS 17_1 like Mac OS X) AppleWebKit/605.1.15 (KHTML, like Gecko) CriOS/119.0.6045.109 Mobile/15E148 Safari/604.1"
68.218.89.6 - - [07/Dec/2025:05:37:09 -0800] "GET /wp-content/languages/index.php HTTP/1.1" 200 37337 "https://www.google.fr/" "Mozilla/5.0 (Linux; Android 10; LM-Q720) AppleWebKit/537.36 (KHTML, like Gecko) Chrome/116.0.0.0 Mobile Safari/537.36"
68.218.89.6 - - [07/Dec/2025:05:37:10 -0800] "GET /wp-content/plugins/admin.php HTTP/1.1" 200 37335 "https://www.google.co.uk/" "Mozilla/5.0 (Linux; Android 12; 2201116SG) AppleWebKit/537.36 (KHTML, like Gecko) Chrome/116.0.0.0 Mobile Safari/537.36"
68.218.89.6 - - [07/Dec/2025:05:37:11 -0800] "GET /wp-content/themes/admin.php HTTP/1.1" 200 37334 "https://www.bing.com/" "Mozilla/5.0 (Linux; Android 11; CPH2251) AppleWebKit/537.36 (KHTML, like Gecko) Chrome/116.0.0.0 Mobile Safari/537.36"
68.218.89.6 - - [07/Dec/2025:05:37:12 -0800] "GET /wp-content/uploads/2023/ HTTP/1.1" 200 37331 "https://www.google.fr/" "Mozilla/5.0 (Linux; Android 10; K) AppleWebKit/537.36 (KHTML, like Gecko) Chrome/117.0.0.0 Mobile Safari/537.36"
92.40.172.145 - - [07/Dec/2025:05:37:13 -0800] "GET /feed/ HTTP/1.1" 404 236 "-" "Mozilla/5.0 (Linux; Android 13; SM-N981U1 Build/TP1A.220624.014; wv) AppleWebKit/537.36 (KHTML, like Gecko) Version/4.0 Chrome/116.0.0.0 Mobile Safari/537.36"
92.40.172.146 - - [07/Dec/2025:05:37:13 -0800] "GET /feed/ HTTP/1.1" 404 236 "-" "Mozilla/5.0 (Linux; Android 13; SM-N981U1 Build/TP1A.220624.014; wv) AppleWebKit/537.36 (KHTML, like Gecko) Version/4.0 Chrome/116.0.0.0 Mobile Safari/537.36"
68.218.89.6 - - [07/Dec/2025:05:37:13 -0800] "GET /wp-content/uploads/2024/ HTTP/1.1" 200 37331 "https://www.google.de/" "Mozilla/5.0 (Linux; Android 14; Pixel 8 Pro) AppleWebKit/537.36 (KHTML, like Gecko) Chrome/119.0.0.0 Mobile Safari/537.36"
92.40.172.146 - - [07/Dec/2025:05:37:13 -0800] "GET /feed/ HTTP/1.1" 404 236 "-" "Mozilla/5.0 (Linux; Android 13; SM-N981U1 Build/TP1A.220624.014; wv) AppleWebKit/537.36 (KHTML, like Gecko) Version/4.0 Chrome/116.0.0.0 Mobile Safari/537.36"
68.218.89.6 - - [07/Dec/2025:05:37:14 -0800] "GET /wp-content/uploads/2025/ HTTP/1.1" 200 37331 "https://www.google.fr/" "Mozilla/5.0 (Linux; Android 10; K) AppleWebKit/537.36 (KHTML, like Gecko) Chrome/117.0.0.0 Mobile Safari/537.36"
