64.233.173.204 - - [07/Dec/2025:09:05:33 -0800] "GET /wp-content/uploads/2012/04/seun-kuti-4-8-12.jpg HTTP/1.1" 404 236 "-" "Mozilla/5.0 (Windows NT 5.1; rv:11.0) Gecko Firefox/11.0 (via ggpht.com GoogleImageProxy)"
64.233.173.202 - - [07/Dec/2025:09:05:33 -0800] "GET /wp-content/uploads/2012/04/flyer-1.jpg HTTP/1.1" 404 236 "-" "Mozilla/5.0 (Windows NT 5.1; rv:11.0) Gecko Firefox/11.0 (via ggpht.com GoogleImageProxy)"
220.181.108.82 - - [07/Dec/2025:09:05:36 -0800] "GET /social-issues/news/house-representatives-member-elect-abdullahi-gaya-supports-dino-melaya-salary-cut-50-percent/ HTTP/1.1" 404 236 "-" "Mozilla/5.0 (compatible; Baiduspider/2.0; +http://www.baidu.com/search/spider.html)"
199.127.62.242 - - [07/Dec/2025:09:05:37 -0800] "GET /wp-content/uploads/2014/06/Darlene1-300x300.jpg HTTP/1.1" 404 236 "-" "Mozilla/5.0 (Windows NT 10.0; Win64; x64) AppleWebKit/537.36"
199.127.62.242 - - [07/Dec/2025:09:05:37 -0800] "GET /wp-content/uploads/2014/06/Darlene1-300x300.jpg HTTP/1.1" 404 236 "-" "Mozilla/5.0 (Windows NT 10.0; Win64; x64) AppleWebKit/537.36"
199.127.62.242 - - [07/Dec/2025:09:05:38 -0800] "GET /wp-content/uploads/2014/06/Darlene1-300x300.jpg HTTP/1.1" 404 236 "-" "Mozilla/5.0 (Windows NT 10.0; Win64; x64) AppleWebKit/537.36"
220.181.108.113 - - [07/Dec/2025:09:06:03 -0800] "GET /2014/04/17/photos-unscripted-uncensored-nadia-buari-giving-jim-iyke-lap-dance/ HTTP/1.1" 404 236 "-" "Mozilla/5.0 (compatible; Baiduspider/2.0; +http://www.baidu.com/search/spider.html)"
131.107.20.47 - - [07/Dec/2025:09:06:03 -0800] "GET /wp-content/uploads/2013/07/BOqNQD1CMAE0x2O-150x150.jpg HTTP/1.1" 404 236 "-" "Mozilla/5.0 (X11; Ubuntu; Linux x86_64; rv:72.0) Gecko/20100101 Firefox/72.0"
43.130.3.120 - - [07/Dec/2025:09:06:05 -0800] "GET /?locale=fi HTTP/1.1" 200 12331 "-" "Mozilla/5.0 (iPhone; CPU iPhone OS 13_2_3 like Mac OS X) AppleWebKit/605.1.15 (KHTML, like Gecko) Version/13.0.3 Mobile/15E148 Safari/604.1"
216.73.216.119 - - [07/Dec/2025:09:06:20 -0800] "GET /robots.txt HTTP/1.1" 404 236 "-" "Mozilla/5.0 AppleWebKit/537.36 (KHTML, like Gecko; compatible; ClaudeBot/1.0; +claudebot@anthropic.com)"
216.73.216.119 - - [07/Dec/2025:09:06:20 -0800] "GET /2009/12/19/whitman-writes HTTP/1.1" 429 17 "-" "Mozilla/5.0 AppleWebKit/537.36 (KHTML, like Gecko; compatible; ClaudeBot/1.0; +claudebot@anthropic.com)"
115.190.90.113 - - [07/Dec/2025:09:06:20 -0800] "GET /wp-content/uploads/2011/10/itc_flyer3-150x150.jpg HTTP/1.1" 404 236 "-" "Mozilla/5.0 (X11; Ubuntu; Linux x86_64; rv:72.0) Gecko/20100101 Firefox/72.0 (compatible; mozilla/5.0 (x11; linux x86_64) applewebkit/537.36 (khtml, like gecko) chrome/120.0.0.0 safari/537.36; +https://github.com/rom1504/img2dataset)"
115.190.90.113 - - [07/Dec/2025:09:06:21 -0800] "GET /wp-content/uploads/2011/10/itc_flyer3-150x150.jpg HTTP/1.1" 404 236 "-" "Mozilla/5.0 (X11; Ubuntu; Linux x86_64; rv:72.0) Gecko/20100101 Firefox/72.0 (compatible; mozilla/5.0 (x11; linux x86_64) applewebkit/537.36 (khtml, like gecko) chrome/120.0.0.0 safari/537.36; +https://github.com/rom1504/img2dataset)"
115.190.90.113 - - [07/Dec/2025:09:06:22 -0800] "GET /wp-content/uploads/2011/10/itc_flyer3-150x150.jpg HTTP/1.1" 404 236 "-" "Mozilla/5.0 (X11; Ubuntu; Linux x86_64; rv:72.0) Gecko/20100101 Firefox/72.0 (compatible; mozilla/5.0 (x11; linux x86_64) applewebkit/537.36 (khtml, like gecko) chrome/120.0.0.0 safari/537.36; +https://github.com/rom1504/img2dataset)"
199.127.62.242 - - [07/Dec/2025:09:06:22 -0800] "GET /wp-content/uploads/2014/01/duncan-mighty-madiba-mandela.png HTTP/1.1" 404 236 "-" "Mozilla/5.0 (Windows NT 10.0; Win64; x64) AppleWebKit/537.36"
199.127.62.242 - - [07/Dec/2025:09:06:23 -0800] "GET /wp-content/uploads/2014/01/duncan-mighty-madiba-mandela.png HTTP/1.1" 404 236 "-" "Mozilla/5.0 (Windows NT 10.0; Win64; x64) AppleWebKit/537.36"
199.127.62.242 - - [07/Dec/2025:09:06:23 -0800] "GET /wp-content/uploads/2014/01/duncan-mighty-madiba-mandela.png HTTP/1.1" 404 236 "-" "Mozilla/5.0 (Windows NT 10.0; Win64; x64) AppleWebKit/537.36"
::1 - - [07/Dec/2025:09:06:39 -0800] "GET /whm-server-status HTTP/1.0" 200 1150552 "-" "Lynx/2.8.8dev.15 libwww-FM/2.14 SSL-MM/1.4.1 OpenSSL/1.0.1e-fips"
204.76.203.8 - - [07/Dec/2025:09:06:45 -0800] "GET / HTTP/1.1" 200 163 "-" "-"
66.249.64.106 - - [07/Dec/2025:09:06:46 -0800] "GET /robots.txt HTTP/1.1" 404 236 "-" "Mozilla/5.0 (compatible; Googlebot/2.1; +http://www.google.com/bot.html)"
156.59.198.136 - - [07/Dec/2025:09:06:47 -0800] "GET /wp-content/uploads/2013/08/erigga.jpg HTTP/1.1" 404 236 "http://ishaqwaps.xtgem.com/Musics" "Mozilla/5.0 (Linux; Android 5.0) AppleWebKit/537.36 (KHTML, like Gecko) Mobile Safari/537.36 (compatible; Bytespider; spider-feedback@bytedance.com)"
17.246.15.201 - - [07/Dec/2025:09:06:49 -0800] "GET /wp-content/uploads/2011/05/Special-Person.mp3 HTTP/1.1" 404 236 "-" "Mozilla/5.0 (Macintosh; Intel Mac OS X 10_15_7) AppleWebKit/605.1.15 (KHTML, like Gecko) Version/17.4 Safari/605.1.15 (Applebot/0.1; +http://www.apple.com/go/applebot)"
131.107.20.47 - - [07/Dec/2025:09:06:55 -0800] "GET /wp-content/uploads/2013/07/Yvonne-Nelson-House-Of-Gold-Jaguda-5.jpg HTTP/1.1" 404 236 "-" "Mozilla/5.0 (X11; Ubuntu; Linux x86_64; rv:72.0) Gecko/20100101 Firefox/72.0"
220.181.108.178 - - [07/Dec/2025:09:06:55 -0800] "GET /music-mp3/seriki-saka-manje-ft-reminisce/ HTTP/1.1" 404 236 "-" "Mozilla/5.0 (compatible; Baiduspider/2.0; +http://www.baidu.com/search/spider.html)"
105.191.125.85 - - [07/Dec/2025:09:06:57 -0800] "GET http://jaguda.com/music-mp3/new-music-jlomah-gbomo-gbomo/ HTTP/1.1" 406 300 "-" "Mozilla/5.0 (Windows NT 10.0; Win64; x64) AppleWebKit/537.36 (KHTML, like Gecko) Chrome/111.0.0.0 Safari/537.36"
131.107.20.99 - - [07/Dec/2025:09:06:58 -0800] "GET /wp-content/uploads/2012/05/donjazzy_mavin-150x150.png HTTP/1.1" 404 236 "-" "Mozilla/5.0 (X11; Ubuntu; Linux x86_64; rv:72.0) Gecko/20100101 Firefox/72.0"
119.234.65.139 - - [07/Dec/2025:09:07:04 -0800] "GET http://jaguda.com/events/winners-scoop-mtv-africa-music-awards-davido-tiwa-savage-crowned/ HTTP/1.1" 406 300 "-" "Mozilla/5.0 (Windows NT 10.0; Win64; x64) AppleWebKit/537.36 (KHTML, like Gecko) Chrome/111.0.0.0 Safari/537.36"
213.186.1.154 - - [07/Dec/2025:09:07:14 -0800] "GET /category/events/atlanta HTTP/1.1" 404 236 "-" "Mediatoolkitbot (complaints@mediatoolkit.com)"
220.181.108.177 - - [07/Dec/2025:09:07:22 -0800] "GET /music-mp3/new-music-waje-17/ HTTP/1.1" 404 236 "-" "Mozilla/5.0 (compatible; Baiduspider/2.0; +http://www.baidu.com/search/spider.html)"
136.114.182.116 - - [07/Dec/2025:09:07:25 -0800] "GET /wp-content/uploads/2018/03/Attitude-%E2%80%93-Today-Reekado-Banks-Refix-696x696.jpg HTTP/1.1" 404 236 "https://www.google.com/" "Mozilla/5.0 (Windows NT 10.0; Win64; x64) AppleWebKit/537.36 (KHTML, like Gecko) Chrome/120.0.0.0 Safari/537.36"
116.179.32.43 - - [07/Dec/2025:09:07:48 -0800] "GET /2012/03/22/bubbling-under-cisca-dont-wannasay-goodbye-kpamureke/ HTTP/1.1" 404 236 "-" "Mozilla/5.0 (compatible; Baiduspider/2.0; +http://www.baidu.com/search/spider.html)"
::1 - - [07/Dec/2025:09:07:48 -0800] "GET /whm-server-status HTTP/1.0" 200 1150525 "-" "Lynx/2.8.8dev.15 libwww-FM/2.14 SSL-MM/1.4.1 OpenSSL/1.0.1e-fips"
94.74.103.131 - - [07/Dec/2025:09:07:54 -0800] "GET /2014/11/01/album-review-yemi-alade-king-queens/ HTTP/1.1" 404 236 "http://jaguda.com/2014/11/01/album-review-yemi-alade-king-queens/" "Mozilla/5.0 (Windows NT 10.0; Win64; x64) AppleWebKit/537.36 (KHTML, like Gecko) Chrome/116.0.0.0 Safari/537.36"
66.249.64.129 - - [07/Dec/2025:09:08:00 -0800] "GET /music-news/page/526/ HTTP/1.1" 404 236 "-" "Mozilla/5.0 (Linux; Android 6.0.1; Nexus 5X Build/MMB29P) AppleWebKit/537.36 (KHTML, like Gecko) Chrome/141.0.7390.122 Mobile Safari/537.36 (compatible; Googlebot/2.1; +http://www.google.com/bot.html)"
131.107.20.99 - - [07/Dec/2025:09:08:02 -0800] "GET /wp-content/uploads/2013/11/PIX-15.jpg HTTP/1.1" 404 236 "-" "Mozilla/5.0 (X11; Ubuntu; Linux x86_64; rv:72.0) Gecko/20100101 Firefox/72.0"
47.238.228.222 - - [07/Dec/2025:09:08:04 -0800] "GET /2013/10/23/chocolate-city-hand-brymo-legal-injunction-preventing-him-from-recording-performing-or-distributing/ HTTP/1.1" 404 236 "-" "Mozilla/5.0 (Windows NT 10.0; Win64; x64) AppleWebKit/537.36 (KHTML, like Gecko) Chrome/101.0.4951.64 Safari/537.36 Edg/101.0.1210.47"
131.107.20.47 - - [07/Dec/2025:09:08:06 -0800] "GET /wp-content/uploads/2009/09/1975266489_small_1-150x150.jpg HTTP/1.1" 404 236 "-" "Mozilla/5.0 (X11; Ubuntu; Linux x86_64; rv:72.0) Gecko/20100101 Firefox/72.0"
18.234.150.245 - - [07/Dec/2025:09:08:30 -0800] "GET /wp-content/uploads/2017/10/The-Gratitude-COZA-RabaBaba-Eh.jpeg HTTP/1.1" 404 236 "-" "Camo Asset Proxy 2.3.0"
199.127.62.242 - - [07/Dec/2025:09:08:33 -0800] "GET /wp-content/uploads/2015/01/HouseOfMaliq-Magazine-2015-Victoria-Kimani-Cover-February-Edition-Tiannah-Styling-7882222888-1024x986.jpg HTTP/1.1" 404 236 "-" "Mozilla/5.0 (Windows NT 10.0; Win64; x64) AppleWebKit/537.36"
199.127.62.242 - - [07/Dec/2025:09:08:33 -0800] "GET /wp-content/uploads/2015/01/HouseOfMaliq-Magazine-2015-Victoria-Kimani-Cover-February-Edition-Tiannah-Styling-7882222888-1024x986.jpg HTTP/1.1" 404 236 "-" "Mozilla/5.0 (Windows NT 10.0; Win64; x64) AppleWebKit/537.36"
199.127.62.242 - - [07/Dec/2025:09:08:34 -0800] "GET /wp-content/uploads/2015/01/HouseOfMaliq-Magazine-2015-Victoria-Kimani-Cover-February-Edition-Tiannah-Styling-7882222888-1024x986.jpg HTTP/1.1" 404 236 "-" "Mozilla/5.0 (Windows NT 10.0; Win64; x64) AppleWebKit/537.36"
216.73.216.119 - - [07/Dec/2025:09:08:34 -0800] "GET /robots.txt HTTP/1.1" 404 236 "-" "Mozilla/5.0 AppleWebKit/537.36 (KHTML, like Gecko; compatible; ClaudeBot/1.0; +claudebot@anthropic.com)"
216.73.216.119 - - [07/Dec/2025:09:08:35 -0800] "GET /member/rishikanna HTTP/1.1" 429 17 "-" "Mozilla/5.0 AppleWebKit/537.36 (KHTML, like Gecko; compatible; ClaudeBot/1.0; +claudebot@anthropic.com)"
213.186.1.154 - - [07/Dec/2025:09:08:55 -0800] "GET /category/editorials HTTP/1.1" 404 236 "-" "Mediatoolkitbot (complaints@mediatoolkit.com)"
131.107.20.47 - - [07/Dec/2025:09:08:55 -0800] "GET /wp-content/uploads/2013/08/meshack_3-150x150.jpg HTTP/1.1" 404 236 "-" "Mozilla/5.0 (X11; Ubuntu; Linux x86_64; rv:72.0) Gecko/20100101 Firefox/72.0"
179.189.40.4 - - [07/Dec/2025:09:08:56 -0800] "GET http://jaguda.com/music-news/simi-reveals-where-and-how-she-met-adekunle-gold/ HTTP/1.1" 406 300 "-" "Mozilla/5.0 (Macintosh; Intel Mac OS X 10_15_7) AppleWebKit/537.36 (KHTML, like Gecko) Chrome/132.0.0.0 Safari/537.36"
::1 - - [07/Dec/2025:09:08:58 -0800] "GET /whm-server-status HTTP/1.0" 200 1150358 "-" "Lynx/2.8.8dev.15 libwww-FM/2.14 SSL-MM/1.4.1 OpenSSL/1.0.1e-fips"
66.249.64.129 - - [07/Dec/2025:09:09:00 -0800] "GET /page/1952/?recommends=34 HTTP/1.1" 404 236 "-" "Mozilla/5.0 (Linux; Android 6.0.1; Nexus 5X Build/MMB29P) AppleWebKit/537.36 (KHTML, like Gecko) Chrome/141.0.7390.122 Mobile Safari/537.36 (compatible; Googlebot/2.1; +http://www.google.com/bot.html)"
45.235.167.199 - - [07/Dec/2025:09:09:07 -0800] "GET http://jaguda.com/video/video-tiwa-savage-tiwas-vibe/ HTTP/1.1" 406 300 "-" "Mozilla/5.0 (Windows NT 5.1; rv:5.0) Gecko/20100101 Firefox/5.0"
116.179.32.242 - - [07/Dec/2025:09:09:08 -0800] "GET /social-issues/battabox-asks-nigerians-abroad-will-make-move-back/ HTTP/1.1" 404 236 "-" "Mozilla/5.0 (compatible; Baiduspider/2.0; +http://www.baidu.com/search/spider.html)"
127.0.0.1 - - [07/Dec/2025:09:09:08 -0800] "GET / HTTP/1.0" 200 163 "-" "-"
132.231.12.31 - - [07/Dec/2025:09:09:09 -0800] "GET /2012/09/03/nigeria-entertainment-awards-2012-all-the-winners/ HTTP/1.1" 404 236 "-" "OWLer-W (owler@ows.eu)"
131.107.18.156 - - [07/Dec/2025:09:09:10 -0800] "GET /wp-content/uploads/2011/09/1st-Nigerian-on-the-highest-mountain-3-1024x768.jpg HTTP/1.1" 404 236 "-" "Mozilla/5.0 (X11; Ubuntu; Linux x86_64; rv:72.0) Gecko/20100101 Firefox/72.0"
131.107.18.156 - - [07/Dec/2025:09:09:10 -0800] "GET /wp-content/uploads/2014/06/Blacko-Blaze-Olowo-Artwork.jpg HTTP/1.1" 404 236 "-" "Mozilla/5.0 (X11; Ubuntu; Linux x86_64; rv:72.0) Gecko/20100101 Firefox/72.0"
216.244.66.235 - - [07/Dec/2025:09:09:14 -0800] "GET /wp-content/uploads/2013/07/IMG_6435.jpg HTTP/1.1" 404 236 "-" "Mozilla/5.0 (compatible; DotBot/1.2; +https://opensiteexplorer.org/dotbot; help@moz.com)"
131.107.18.156 - - [07/Dec/2025:09:09:20 -0800] "GET /wp-content/uploads/2015/04/DSC_0634-Champagne-UK-Premiere-18-April-2015_Sync-MEDIA-HOUSE-683x1024.jpg HTTP/1.1" 404 236 "-" "Mozilla/5.0 (X11; Ubuntu; Linux x86_64; rv:72.0) Gecko/20100101 Firefox/72.0"
199.127.62.242 - - [07/Dec/2025:09:09:36 -0800] "GET /wp-content/uploads/2012/08/love-letter-520x260.jpg HTTP/1.1" 404 236 "-" "Mozilla/5.0 (Windows NT 10.0; Win64; x64) AppleWebKit/537.36"
199.127.62.242 - - [07/Dec/2025:09:09:37 -0800] "GET /wp-content/uploads/2012/08/love-letter-520x260.jpg HTTP/1.1" 404 236 "-" "Mozilla/5.0 (Windows NT 10.0; Win64; x64) AppleWebKit/537.36"
199.127.62.242 - - [07/Dec/2025:09:09:37 -0800] "GET /wp-content/uploads/2012/08/love-letter-520x260.jpg HTTP/1.1" 404 236 "-" "Mozilla/5.0 (Windows NT 10.0; Win64; x64) AppleWebKit/537.36"
179.109.198.51 - - [07/Dec/2025:09:09:57 -0800] "GET http://jaguda.com/2011/08/19/new-music-ucee-black-not-your-man/ HTTP/1.1" 406 300 "-" "Mozilla/4.0 (compatible; MSIE 7.0; Windows NT 5.1; Trident/4.0; SE 2.X MetaSr 1.0; SE 2.X MetaSr 1.0; .NET CLR 2.0.50727; SE 2.X MetaSr 1.0)"
5.255.231.109 - - [07/Dec/2025:09:09:58 -0800] "GET /music-news/paris-love-maheeda-shares-fun-photos-friends/ HTTP/1.1" 404 236 "-" "Mozilla/5.0 (compatible; YandexBot/3.0; +http://yandex.com/bots)"
127.0.0.1 - - [07/Dec/2025:09:10:01 -0800] "GET /whm-server-status HTTP/1.0" 200 1150422 "-" "-"
1.141.57.122 - - [07/Dec/2025:09:10:03 -0800] "GET http://jaguda.com/2015/01/10/nbc-bans-the-airplay-of-lil-keshs-shoki-remix-during-family-time10pm-5am/ HTTP/1.1" 406 300 "-" "Mozilla/5.0 (Macintosh; Intel Mac OS X 10_15_7) AppleWebKit/537.36 (KHTML, like Gecko) Chrome/132.0.0.0 Safari/537.36"
119.249.100.46 - - [07/Dec/2025:09:10:04 -0800] "GET /2017/05/09/da-beatfreakz-presents-quavo-ft-sneakbo-x-moelogo-x-afro-b-x-sona/ HTTP/1.1" 404 236 "-" "Mozilla/5.0 (Windows NT 10.0; WOW64) AppleWebKit/537.36 (KHTML, like Gecko) Chrome/48.0.2564.116 Safari/537.36"
::1 - - [07/Dec/2025:09:10:07 -0800] "GET /whm-server-status HTTP/1.0" 200 1150632 "-" "Lynx/2.8.8dev.15 libwww-FM/2.14 SSL-MM/1.4.1 OpenSSL/1.0.1e-fips"
41.227.59.185 - - [07/Dec/2025:09:10:08 -0800] "GET http://jaguda.com/music-mp3/snippets-2face-idibia-close-cant-hear-ft-vector/ HTTP/1.1" 406 300 "-" "Mozilla/5.0 (Macintosh; Intel Mac OS X 10_13_5) AppleWebKit/537.36 (KHTML, like Gecko) Chrome/69.0.3497.100 Safari/537.36"
131.107.20.47 - - [07/Dec/2025:09:10:12 -0800] "GET /wp-content/uploads/2011/08/uchejombo-damagepremiere-12-150x150.jpg HTTP/1.1" 404 236 "-" "Mozilla/5.0 (X11; Ubuntu; Linux x86_64; rv:72.0) Gecko/20100101 Firefox/72.0"
66.249.64.129 - - [07/Dec/2025:09:10:14 -0800] "GET /music-mp3/video-iboro-paybac-the-mami/ HTTP/1.1" 404 236 "-" "Mozilla/5.0 (Linux; Android 6.0.1; Nexus 5X Build/MMB29P) AppleWebKit/537.36 (KHTML, like Gecko) Chrome/141.0.7390.122 Mobile Safari/537.36 (compatible; GoogleOther)"
131.107.20.99 - - [07/Dec/2025:09:10:19 -0800] "GET /wp-content/uploads/2014/01/sankolo-art-cover.jpg HTTP/1.1" 404 236 "-" "Mozilla/5.0 (X11; Ubuntu; Linux x86_64; rv:72.0) Gecko/20100101 Firefox/72.0"
4.193.241.161 - - [07/Dec/2025:09:10:26 -0800] "GET /.well-known/acme-challenge/file.php HTTP/1.1" 503 282 "https://www.bing.com/" "Mozilla/5.0 (iPhone; CPU iPhone OS 17_1 like Mac OS X) AppleWebKit/605.1.15 (KHTML, like Gecko) CriOS/119.0.6045.109 Mobile/15E148 Safari/604.1"
4.193.241.161 - - [07/Dec/2025:09:10:26 -0800] "GET /.well-known/acme-challenge/wp-login.php HTTP/1.1" 503 282 "https://duckduckgo.com/" "Mozilla/5.0 (Linux; Android 10; LM-Q720) AppleWebKit/537.36 (KHTML, like Gecko) Chrome/116.0.0.0 Mobile Safari/537.36"
4.193.241.161 - - [07/Dec/2025:09:10:27 -0800] "GET /.well-known/pki-validation/index.php HTTP/1.1" 406 300 "https://www.yahoo.com/" "Mozilla/5.0 (Linux; Android 10; LM-Q720) AppleWebKit/537.36 (KHTML, like Gecko) Chrome/116.0.0.0 Mobile Safari/537.36"
4.193.241.161 - - [07/Dec/2025:09:10:27 -0800] "GET /1.php HTTP/1.1" 503 282 "https://duckduckgo.com/" "Mozilla/5.0 (Linux; Android 13; SM-G991U) AppleWebKit/537.36 (KHTML, like Gecko) Chrome/117.0.0.0 Mobile Safari/537.36"
116.179.32.101 - - [07/Dec/2025:09:10:27 -0800] "GET /2017/07/06/nigerian-rapper-vector-bereaved-off-father/ HTTP/1.1" 404 236 "-" "Mozilla/5.0 (compatible; Baiduspider/2.0; +http://www.baidu.com/search/spider.html)"
4.193.241.161 - - [07/Dec/2025:09:10:27 -0800] "GET /aa.php HTTP/1.1" 503 282 "https://www.google.de/" "Mozilla/5.0 (iPhone; CPU iPhone OS 17_1_1 like Mac OS X) AppleWebKit/605.1.15 (KHTML, like Gecko) Version/17.1 Mobile/15E148 Safari/604.1"
4.193.241.161 - - [07/Dec/2025:09:10:28 -0800] "GET /abcd.php HTTP/1.1" 503 282 "https://www.google.fr/" "Mozilla/5.0 (iPhone; CPU iPhone OS 16_0 like Mac OS X) AppleWebKit/605.1.15 (KHTML, like Gecko) FxiOS/118.0 Mobile/15E148 Safari/605.1.15"
4.193.241.161 - - [07/Dec/2025:09:10:28 -0800] "GET /about.php HTTP/1.1" 503 282 "https://www.google.co.uk/" "Mozilla/5.0 (Linux; Android 13; SM-S908E) AppleWebKit/537.36 (KHTML, like Gecko) Chrome/116.0.0.0 Mobile Safari/537.36"
4.193.241.161 - - [07/Dec/2025:09:10:28 -0800] "GET /.well-known/index.php HTTP/1.1" 503 282 "https://www.google.co.uk/" "Mozilla/5.0 (iPhone; CPU iPhone OS 16_6_1 like Mac OS X) AppleWebKit/605.1.15 (KHTML, like Gecko) Version/16.6 Mobile/15E148 Safari/604.1"
4.193.241.161 - - [07/Dec/2025:09:10:29 -0800] "GET /admin.php HTTP/1.1" 503 282 "https://www.bing.com/" "Mozilla/5.0 (iPad; CPU OS 16_7_2 like Mac OS X) AppleWebKit/605.1.15 (KHTML, like Gecko) Version/16.6 Mobile/15E148 Safari/604.1"
4.193.241.161 - - [07/Dec/2025:09:10:29 -0800] "GET /adminfuns.php HTTP/1.1" 503 282 "https://www.google.com/" "Mozilla/5.0 (Linux; Android 11; 21081111RG) AppleWebKit/537.36 (KHTML, like Gecko) Chrome/116.0.0.0 Mobile Safari/537.36"
4.193.241.161 - - [07/Dec/2025:09:10:29 -0800] "GET /alfa.php HTTP/1.1" 503 282 "https://duckduckgo.com/" "Mozilla/5.0 (Linux; Android 10; K) AppleWebKit/537.36 (KHTML, like Gecko) Chrome/117.0.0.0 Mobile Safari/537.36"
4.193.241.161 - - [07/Dec/2025:09:10:30 -0800] "GET /api.php HTTP/1.1" 503 282 "https://www.google.fr/" "Mozilla/5.0 (Linux; Android 10; K) AppleWebKit/537.36 (KHTML, like Gecko) Chrome/117.0.0.0 Mobile Safari/537.36"
4.193.241.161 - - [07/Dec/2025:09:10:30 -0800] "GET /autoload_classmap/function.php HTTP/1.1" 503 282 "https://duckduckgo.com/" "Mozilla/5.0 (Linux; Android 10; LM-Q720) AppleWebKit/537.36 (KHTML, like Gecko) Chrome/116.0.0.0 Mobile Safari/537.36"
4.193.241.161 - - [07/Dec/2025:09:10:30 -0800] "GET /bless.php HTTP/1.1" 503 282 "https://www.bing.com/" "Mozilla/5.0 (iPad; CPU OS 16_7_2 like Mac OS X) AppleWebKit/605.1.15 (KHTML, like Gecko) Version/16.6 Mobile/15E148 Safari/604.1"
4.193.241.161 - - [07/Dec/2025:09:10:31 -0800] "GET /cgi-bin/index.php HTTP/1.1" 503 282 "https://duckduckgo.com/" "Mozilla/5.0 (iPhone; CPU iPhone OS 17_1_1 like Mac OS X) AppleWebKit/605.1.15 (KHTML, like Gecko) Version/17.1 Mobile/15E148 Safari/604.1"
4.193.241.161 - - [07/Dec/2025:09:10:31 -0800] "GET /classwithtostring.php HTTP/1.1" 503 282 "https://www.yahoo.com/" "Mozilla/5.0 (Linux; Android 12; V2134) AppleWebKit/537.36 (KHTML, like Gecko) Chrome/116.0.0.0 Mobile Safari/537.36"
4.193.241.161 - - [07/Dec/2025:09:10:32 -0800] "GET /edit.php HTTP/1.1" 503 282 "https://www.google.com/" "Mozilla/5.0 (Linux; Android 13; SM-S908E) AppleWebKit/537.36 (KHTML, like Gecko) Chrome/116.0.0.0 Mobile Safari/537.36"
4.193.241.161 - - [07/Dec/2025:09:10:32 -0800] "GET /file.php HTTP/1.1" 503 282 "https://www.google.fr/" "Mozilla/5.0 (iPad; CPU OS 17_0_3 like Mac OS X) AppleWebKit/605.1.15 (KHTML, like Gecko) Version/17.0.1 Mobile/15E148 Safari/604.1"
4.193.241.161 - - [07/Dec/2025:09:10:32 -0800] "GET /goods.php HTTP/1.1" 503 282 "https://www.google.de/" "Mozilla/5.0 (iPhone; CPU iPhone OS 16_6_1 like Mac OS X) AppleWebKit/605.1.15 (KHTML, like Gecko) Version/16.6 Mobile/15E148 Safari/604.1"
4.193.241.161 - - [07/Dec/2025:09:10:33 -0800] "GET /info.php HTTP/1.1" 503 282 "https://duckduckgo.com/" "Mozilla/5.g (Linux; Android 13; Pixel 7) AppleWebKit/537.36 (KHTML, like Gecko) Chrome/116.0.0.0 Mobile Safari/537.36"
4.193.241.161 - - [07/Dec/2025:09:10:33 -0800] "GET /ioxi-o.php HTTP/1.1" 503 282 "https://www.google.de/" "Mozilla/5.0 (Linux; Android 13; SM-G991U) AppleWebKit/537.36 (KHTML, like Gecko) Chrome/117.0.0.0 Mobile Safari/537.36"
4.193.241.161 - - [07/Dec/2025:09:10:33 -0800] "GET /manager.php HTTP/1.1" 503 282 "https://www.google.de/" "Mozilla/5.0 (iPhone; CPU iPhone OS 15_7_9 like Mac OS X) AppleWebKit/605.1.15 (KHTML, like Gecko) Version/15.6.5 Mobile/15E148 Safari/604.1"
4.193.241.161 - - [07/Dec/2025:09:10:34 -0800] "GET /mini HTTP/1.1" 503 282 "https://www.google.de/" "Mozilla/5.0 (Linux; Android 13; SM-G991U) AppleWebKit/537.36 (KHTML, like Gecko) Chrome/117.0.0.0 Mobile Safari/537.36"
207.46.13.150 - - [07/Dec/2025:09:10:34 -0800] "GET /wp-content/uploads/2015/08/DJ-NEPTUNE-2.jpg HTTP/1.1" 404 236 "-" "msnbot/2.0b (+http://search.msn.com/msnbot.htm)"
4.193.241.161 - - [07/Dec/2025:09:10:34 -0800] "GET /wp-user.php HTTP/1.1" 503 282 "https://www.google.fr/" "Mozilla/5.g (Linux; Android 13; Pixel 7) AppleWebKit/537.36 (KHTML, like Gecko) Chrome/116.0.0.0 Mobile Safari/537.36"
4.193.241.161 - - [07/Dec/2025:09:10:34 -0800] "GET /wp.php HTTP/1.1" 503 282 "https://www.yahoo.com/" "Mozilla/5.0 (Linux; Android 11; 21081111RG) AppleWebKit/537.36 (KHTML, like Gecko) Chrome/116.0.0.0 Mobile Safari/537.36"
4.193.241.161 - - [07/Dec/2025:09:10:35 -0800] "GET /xmrlpc.php HTTP/1.1" 503 282 "https://www.google.de/" "Mozilla/5.0 (iPhone; CPU iPhone OS 15_7_9 like Mac OS X) AppleWebKit/605.1.15 (KHTML, like Gecko) Version/15.6.5 Mobile/15E148 Safari/604.1"
4.193.241.161 - - [07/Dec/2025:09:10:35 -0800] "GET /ahax.php HTTP/1.1" 503 282 "https://duckduckgo.com/" "Mozilla/5.0 (Linux; Android 12; 2201116SG) AppleWebKit/537.36 (KHTML, like Gecko) Chrome/116.0.0.0 Mobile Safari/537.36"
4.193.241.161 - - [07/Dec/2025:09:10:35 -0800] "GET /akcc.php HTTP/1.1" 503 282 "https://www.google.co.uk/" "Mozilla/5.0 (iPad; CPU OS 16_7_2 like Mac OS X) AppleWebKit/605.1.15 (KHTML, like Gecko) Version/16.6 Mobile/15E148 Safari/604.1"
4.193.241.161 - - [07/Dec/2025:09:10:36 -0800] "GET /assets/ HTTP/1.1" 503 282 "https://www.yahoo.com/" "Mozilla/5.0 (Linux; Android 12; 2201116SG) AppleWebKit/537.36 (KHTML, like Gecko) Chrome/116.0.0.0 Mobile Safari/537.36"
4.193.241.161 - - [07/Dec/2025:09:10:36 -0800] "GET /assets/images/ HTTP/1.1" 503 282 "https://www.yahoo.com/" "Mozilla/5.0 (Linux; Android 12; 2201116SG) AppleWebKit/537.36 (KHTML, like Gecko) Chrome/116.0.0.0 Mobile Safari/537.36"
4.193.241.161 - - [07/Dec/2025:09:10:37 -0800] "GET /av.php HTTP/1.1" 503 282 "https://duckduckgo.com/" "Mozilla/5.0 (iPhone; CPU iPhone OS 17_0_3 like Mac OS X) AppleWebKit/605.1.15 (KHTML, like Gecko) Version/17.0.1 Mobile/15E148 Safari/604.1"
4.193.241.161 - - [07/Dec/2025:09:10:37 -0800] "GET /buy.php HTTP/1.1" 503 282 "https://www.google.de/" "Mozilla/5.0 (Linux; Android 13; SM-G991U) AppleWebKit/537.36 (KHTML, like Gecko) Chrome/117.0.0.0 Mobile Safari/537.36"
4.193.241.161 - - [07/Dec/2025:09:10:37 -0800] "GET /cgi-bin/ HTTP/1.1" 503 282 "https://www.google.com/" "Mozilla/5.0 (iPhone; CPU iPhone OS 17_1 like Mac OS X) AppleWebKit/605.1.15 (KHTML, like Gecko) CriOS/119.0.6045.109 Mobile/15E148 Safari/604.1"
4.193.241.161 - - [07/Dec/2025:09:10:38 -0800] "GET /chosen.php HTTP/1.1" 503 282 "https://www.bing.com/" "Mozilla/5.0 (iPad; CPU OS 16_7_2 like Mac OS X) AppleWebKit/605.1.15 (KHTML, like Gecko) Version/16.6 Mobile/15E148 Safari/604.1"
4.193.241.161 - - [07/Dec/2025:09:10:38 -0800] "GET /css/index.php HTTP/1.1" 503 282 "https://www.google.fr/" "Mozilla/5.0 (iPad; CPU OS 17_0_3 like Mac OS X) AppleWebKit/605.1.15 (KHTML, like Gecko) Version/17.0.1 Mobile/15E148 Safari/604.1"
4.193.241.161 - - [07/Dec/2025:09:10:38 -0800] "GET /elp.php HTTP/1.1" 503 282 "https://www.bing.com/" "Mozilla/5.0 (iPhone; CPU iPhone OS 16_0 like Mac OS X) AppleWebKit/605.1.15 (KHTML, like Gecko) FxiOS/118.0 Mobile/15E148 Safari/605.1.15"
4.193.241.161 - - [07/Dec/2025:09:10:39 -0800] "GET /images/ HTTP/1.1" 503 282 "https://www.google.de/" "Mozilla/5.0 (Linux; Android 13; SM-S908E) AppleWebKit/537.36 (KHTML, like Gecko) Chrome/116.0.0.0 Mobile Safari/537.36"
4.193.241.161 - - [07/Dec/2025:09:10:39 -0800] "GET /index/function.php HTTP/1.1" 503 282 "https://www.google.de/" "Mozilla/5.0 (iPhone; CPU iPhone OS 17_0_3 like Mac OS X) AppleWebKit/605.1.15 (KHTML, like Gecko) Version/17.0.1 Mobile/15E148 Safari/604.1"
115.190.90.113 - - [07/Dec/2025:09:10:50 -0800] "GET /wp-content/uploads/2012/12/Holiday-Party-2.0-150x150.jpg HTTP/1.1" 404 236 "-" "Mozilla/5.0 (X11; Ubuntu; Linux x86_64; rv:72.0) Gecko/20100101 Firefox/72.0 (compatible; mozilla/5.0 (x11; linux x86_64) applewebkit/537.36 (khtml, like gecko) chrome/120.0.0.0 safari/537.36; +https://github.com/rom1504/img2dataset)"
115.190.90.113 - - [07/Dec/2025:09:10:51 -0800] "GET /wp-content/uploads/2012/12/Holiday-Party-2.0-150x150.jpg HTTP/1.1" 404 236 "-" "Mozilla/5.0 (X11; Ubuntu; Linux x86_64; rv:72.0) Gecko/20100101 Firefox/72.0 (compatible; mozilla/5.0 (x11; linux x86_64) applewebkit/537.36 (khtml, like gecko) chrome/120.0.0.0 safari/537.36; +https://github.com/rom1504/img2dataset)"
115.190.90.113 - - [07/Dec/2025:09:10:51 -0800] "GET /wp-content/uploads/2012/12/Holiday-Party-2.0-150x150.jpg HTTP/1.1" 404 236 "-" "Mozilla/5.0 (X11; Ubuntu; Linux x86_64; rv:72.0) Gecko/20100101 Firefox/72.0 (compatible; mozilla/5.0 (x11; linux x86_64) applewebkit/537.36 (khtml, like gecko) chrome/120.0.0.0 safari/537.36; +https://github.com/rom1504/img2dataset)"
116.179.32.196 - - [07/Dec/2025:09:10:53 -0800] "GET /2013/09/12/ghanaian-actress-juliet-ibrahim-covers-september-issue-zen-magazine/ HTTP/1.1" 404 236 "-" "Mozilla/5.0 (compatible; Baiduspider/2.0; +http://www.baidu.com/search/spider.html)"
114.246.201.157 - - [07/Dec/2025:09:10:56 -0800] "HEAD /wp-content/uploads/2009/12/keri_hilson-150x150.jpg HTTP/1.1" 404 - "-" "python-requests/2.28.2"
192.178.8.65 - - [07/Dec/2025:09:11:02 -0800] "GET /wp-content/uploads/2014/08/William-Onyeabor-dude.jpg HTTP/1.1" 404 236 "-" "Mozilla/5.0 (Windows NT 5.1; rv:11.0) Gecko Firefox/11.0 (via ggpht.com GoogleImageProxy)"
::1 - - [07/Dec/2025:09:11:16 -0800] "GET /whm-server-status HTTP/1.0" 200 1150206 "-" "Lynx/2.8.8dev.15 libwww-FM/2.14 SSL-MM/1.4.1 OpenSSL/1.0.1e-fips"
131.107.13.249 - - [07/Dec/2025:09:11:20 -0800] "GET /wp-content/uploads/2012/06/timaya-album-art-150x150.jpg HTTP/1.1" 404 236 "-" "Mozilla/5.0 (X11; Ubuntu; Linux x86_64; rv:72.0) Gecko/20100101 Firefox/72.0"
87.250.224.212 - - [07/Dec/2025:09:11:23 -0800] "GET /2013/03/07/new-music-baba-baba-de-baba/ HTTP/1.1" 404 236 "-" "Mozilla/5.0 (compatible; YandexBot/3.0; +http://yandex.com/bots)"
43.173.182.178 - - [07/Dec/2025:09:11:46 -0800] "GET /2015/01/15/ruth-kadiri-eniola-badmus-patoranking-cover-redsheet-magazine/1-243/ HTTP/1.1" 404 236 "-" "Mozilla/5.0 (Windows NT 6.1; Win64; x64) AppleWebKit/537.36 (KHTML, like Gecko) Chrome/126.0.6478.114 Safari/537.36"
43.173.182.9 - - [07/Dec/2025:09:11:46 -0800] "GET /wp-login.php?action=logout&redirect_to=%2Fthread-category%2Fvideos%2F&_wpnonce=9e50b6c0af HTTP/1.1" 404 236 "-" "Mozilla/5.0 (Windows NT 6.1; Win64; x64) AppleWebKit/537.36 (KHTML, like Gecko) Chrome/126.0.6478.114 Safari/537.36"
220.181.108.113 - - [07/Dec/2025:09:11:46 -0800] "GET /music-news/talking-about-ubi-isnt-a-pr-stunt-i-was-blindsided-iyanya/ HTTP/1.1" 404 236 "-" "Mozilla/5.0 (compatible; Baiduspider/2.0; +http://www.baidu.com/search/spider.html)"
131.107.20.99 - - [07/Dec/2025:09:11:56 -0800] "GET /wp-content/uploads/2013/03/My-Oga-AT-THE-TOP-700x325-150x150.jpg HTTP/1.1" 404 236 "-" "Mozilla/5.0 (X11; Ubuntu; Linux x86_64; rv:72.0) Gecko/20100101 Firefox/72.0"
62.234.168.65 - - [07/Dec/2025:09:12:00 -0800] "GET /wp-content/uploads/2014/04/Zen+Magazine+Mahlet+Seifu+April+2014-710x1024.png HTTP/1.1" 404 236 "-" "Mozilla/5.0 (X11; Ubuntu; Linux x86_64; rv:72.0) Gecko/20100101 Firefox/72.0"
172.161.75.8 - - [07/Dec/2025:09:12:02 -0800] "GET /.well-known/acme-challenge/file.php HTTP/1.1" 503 282 "https://www.google.com/" "Mozilla/5.0 (Linux; Android 14; Pixel 8 Pro) AppleWebKit/537.36 (KHTML, like Gecko) Chrome/119.0.0.0 Mobile Safari/537.36"
172.161.75.8 - - [07/Dec/2025:09:12:04 -0800] "GET /.well-known/acme-challenge/wp-login.php HTTP/1.1" 503 282 "https://www.bing.com/" "Mozilla/5.0 (iPhone; CPU iPhone OS 17_1 like Mac OS X) AppleWebKit/605.1.15 (KHTML, like Gecko) CriOS/119.0.6045.109 Mobile/15E148 Safari/604.1"
172.161.75.8 - - [07/Dec/2025:09:12:05 -0800] "GET /.well-known/pki-validation/index.php HTTP/1.1" 404 27 "https://www.bing.com/" "Mozilla/5.0 (iPad; CPU OS 17_0_3 like Mac OS X) AppleWebKit/605.1.15 (KHTML, like Gecko) Version/17.0.1 Mobile/15E148 Safari/604.1"
172.161.75.8 - - [07/Dec/2025:09:12:06 -0800] "GET /1.php HTTP/1.1" 503 282 "https://www.bing.com/" "Mozilla/5.0 (Linux; Android 11; 21081111RG) AppleWebKit/537.36 (KHTML, like Gecko) Chrome/116.0.0.0 Mobile Safari/537.36"
172.161.75.8 - - [07/Dec/2025:09:12:07 -0800] "GET /aa.php HTTP/1.1" 503 282 "https://www.yahoo.com/" "Mozilla/5.0 (Linux; Android 13; SM-G991U) AppleWebKit/537.36 (KHTML, like Gecko) Chrome/117.0.0.0 Mobile Safari/537.36"
172.161.75.8 - - [07/Dec/2025:09:12:08 -0800] "GET /abcd.php HTTP/1.1" 503 282 "https://www.yahoo.com/" "Mozilla/5.0 (Linux; Android 12; V2134) AppleWebKit/537.36 (KHTML, like Gecko) Chrome/116.0.0.0 Mobile Safari/537.36"
172.161.75.8 - - [07/Dec/2025:09:12:08 -0800] "GET /about.php HTTP/1.1" 503 282 "https://www.google.de/" "Mozilla/5.0 (iPhone; CPU iPhone OS 16_6_1 like Mac OS X) AppleWebKit/605.1.15 (KHTML, like Gecko) Version/16.6 Mobile/15E148 Safari/604.1"
172.161.75.8 - - [07/Dec/2025:09:12:10 -0800] "GET /.well-known/index.php HTTP/1.1" 503 282 "https://www.google.de/" "Mozilla/5.0 (iPhone; CPU iPhone OS 16_6_1 like Mac OS X) AppleWebKit/605.1.15 (KHTML, like Gecko) Version/16.6 Mobile/15E148 Safari/604.1"
66.102.6.75 - - [07/Dec/2025:09:12:10 -0800] "GET /wp-content/uploads/2012/11/DSC_1807.jpg HTTP/1.1" 404 236 "-" "Mozilla/5.0 (Windows NT 5.1; rv:11.0) Gecko Firefox/11.0 (via ggpht.com GoogleImageProxy)"
116.179.32.215 - - [07/Dec/2025:09:12:13 -0800] "GET /music-news/only-2face-can-say-hes-a-legend-in-the-industry-timaya/ HTTP/1.1" 404 236 "-" "Mozilla/5.0 (compatible; Baiduspider/2.0; +http://www.baidu.com/search/spider.html)"
172.161.75.8 - - [07/Dec/2025:09:12:13 -0800] "GET /admin.php HTTP/1.1" 503 282 "https://www.google.com/" "Mozilla/5.0 (iPhone; CPU iPhone OS 15_7_9 like Mac OS X) AppleWebKit/605.1.15 (KHTML, like Gecko) Version/15.6.5 Mobile/15E148 Safari/604.1"
216.244.66.235 - - [07/Dec/2025:09:12:13 -0800] "GET /music-mp3/fuji/lkt-serubami/ HTTP/1.1" 404 236 "-" "Mozilla/5.0 (compatible; DotBot/1.2; +https://opensiteexplorer.org/dotbot; help@moz.com)"
172.161.75.8 - - [07/Dec/2025:09:12:14 -0800] "GET /adminfuns.php HTTP/1.1" 503 282 "https://www.google.co.uk/" "Mozilla/5.0 (iPhone; CPU iPhone OS 15_7_9 like Mac OS X) AppleWebKit/605.1.15 (KHTML, like Gecko) Version/15.6.5 Mobile/15E148 Safari/604.1"
172.161.75.8 - - [07/Dec/2025:09:12:15 -0800] "GET /alfa.php HTTP/1.1" 503 282 "https://www.google.fr/" "Mozilla/5.0 (Linux; Android 10; LM-Q720) AppleWebKit/537.36 (KHTML, like Gecko) Chrome/116.0.0.0 Mobile Safari/537.36"
131.107.13.249 - - [07/Dec/2025:09:12:16 -0800] "GET /wp-content/uploads/2014/10/Yemi-Alade-King-Of-Queens-Album-Art-Front-300x300.jpg HTTP/1.1" 404 236 "-" "Mozilla/5.0 (X11; Ubuntu; Linux x86_64; rv:72.0) Gecko/20100101 Firefox/72.0"
216.244.66.235 - - [07/Dec/2025:09:12:18 -0800] "GET /uncategorized/lyric-video-nasty-c-t-i-they-dont/ HTTP/1.1" 404 236 "-" "Mozilla/5.0 (compatible; DotBot/1.2; +https://opensiteexplorer.org/dotbot; help@moz.com)"
172.161.75.8 - - [07/Dec/2025:09:12:18 -0800] "GET /api.php HTTP/1.1" 503 282 "https://www.bing.com/" "Mozilla/5.0 (iPhone; CPU iPhone OS 15_7_9 like Mac OS X) AppleWebKit/605.1.15 (KHTML, like Gecko) Version/15.6.5 Mobile/15E148 Safari/604.1"
216.244.66.235 - - [07/Dec/2025:09:12:20 -0800] "GET /wp-content/uploads/2017/11/otee-1.jpg HTTP/1.1" 404 236 "-" "Mozilla/5.0 (compatible; DotBot/1.2; +https://opensiteexplorer.org/dotbot; help@moz.com)"
172.161.75.8 - - [07/Dec/2025:09:12:20 -0800] "GET /autoload_classmap/function.php HTTP/1.1" 503 282 "https://duckduckgo.com/" "Mozilla/5.0 (iPad; CPU OS 16_7_2 like Mac OS X) AppleWebKit/605.1.15 (KHTML, like Gecko) Version/16.6 Mobile/15E148 Safari/604.1"
213.186.1.154 - - [07/Dec/2025:09:12:21 -0800] "GET /jaguda-radio HTTP/1.1" 404 236 "-" "Mediatoolkitbot (complaints@mediatoolkit.com)"
172.161.75.8 - - [07/Dec/2025:09:12:22 -0800] "GET /bless.php HTTP/1.1" 503 282 "https://www.google.de/" "Mozilla/5.0 (iPhone; CPU iPhone OS 16_0 like Mac OS X) AppleWebKit/605.1.15 (KHTML, like Gecko) FxiOS/118.0 Mobile/15E148 Safari/605.1.15"
49.36.144.96 - - [07/Dec/2025:09:12:24 -0800] "GET http://jaguda.com/music-mp3/new-music-dj-hazan-gongoni-ft-jumabee/ HTTP/1.1" 406 300 "-" "Mozilla/5.0 (Macintosh; Intel Mac OS X 10_13_5) AppleWebKit/537.36 (KHTML, like Gecko) Chrome/69.0.3497.100 Safari/537.36"
172.161.75.8 - - [07/Dec/2025:09:12:24 -0800] "GET /cgi-bin/index.php HTTP/1.1" 503 282 "https://www.bing.com/" "Mozilla/5.0 (iPhone; CPU iPhone OS 17_1_1 like Mac OS X) AppleWebKit/605.1.15 (KHTML, like Gecko) Version/17.1 Mobile/15E148 Safari/604.1"
::1 - - [07/Dec/2025:09:12:25 -0800] "GET /whm-server-status HTTP/1.0" 200 1150601 "-" "Lynx/2.8.8dev.15 libwww-FM/2.14 SSL-MM/1.4.1 OpenSSL/1.0.1e-fips"
172.161.75.8 - - [07/Dec/2025:09:12:27 -0800] "GET /classwithtostring.php HTTP/1.1" 503 282 "https://www.google.co.uk/" "Mozilla/5.0 (Linux; Android 14; Pixel 8 Pro) AppleWebKit/537.36 (KHTML, like Gecko) Chrome/119.0.0.0 Mobile Safari/537.36"
66.249.64.128 - - [07/Dec/2025:09:12:28 -0800] "GET /blog/page/69/?mode=grid HTTP/1.1" 404 236 "-" "Mozilla/5.0 (Linux; Android 6.0.1; Nexus 5X Build/MMB29P) AppleWebKit/537.36 (KHTML, like Gecko) Chrome/141.0.7390.122 Mobile Safari/537.36 (compatible; Googlebot/2.1; +http://www.google.com/bot.html)"
172.161.75.8 - - [07/Dec/2025:09:12:29 -0800] "GET /edit.php HTTP/1.1" 503 282 "https://www.google.co.uk/" "Mozilla/5.0 (Linux; Android 11; CPH2251) AppleWebKit/537.36 (KHTML, like Gecko) Chrome/116.0.0.0 Mobile Safari/537.36"
172.161.75.8 - - [07/Dec/2025:09:12:30 -0800] "GET /file.php HTTP/1.1" 503 282 "https://www.google.com/" "Mozilla/5.0 (Linux; Android 12; V2134) AppleWebKit/537.36 (KHTML, like Gecko) Chrome/116.0.0.0 Mobile Safari/537.36"
172.161.75.8 - - [07/Dec/2025:09:12:34 -0800] "GET /goods.php HTTP/1.1" 503 282 "https://www.google.fr/" "Mozilla/5.0 (iPad; CPU OS 16_7_2 like Mac OS X) AppleWebKit/605.1.15 (KHTML, like Gecko) Version/16.6 Mobile/15E148 Safari/604.1"
172.161.75.8 - - [07/Dec/2025:09:12:35 -0800] "GET /info.php HTTP/1.1" 503 282 "https://www.google.com/" "Mozilla/5.g (Linux; Android 13; Pixel 7) AppleWebKit/537.36 (KHTML, like Gecko) Chrome/116.0.0.0 Mobile Safari/537.36"
172.161.75.8 - - [07/Dec/2025:09:12:37 -0800] "GET /ioxi-o.php HTTP/1.1" 503 282 "https://www.google.fr/" "Mozilla/5.0 (Linux; Android 14; Pixel 8 Pro) AppleWebKit/537.36 (KHTML, like Gecko) Chrome/119.0.0.0 Mobile Safari/537.36"
172.161.75.8 - - [07/Dec/2025:09:12:38 -0800] "GET /manager.php HTTP/1.1" 503 282 "https://www.google.com/" "Mozilla/5.0 (iPhone; CPU iPhone OS 17_0_3 like Mac OS X) AppleWebKit/605.1.15 (KHTML, like Gecko) Version/17.0.1 Mobile/15E148 Safari/604.1"
220.181.108.81 - - [07/Dec/2025:09:12:39 -0800] "GET /music-mp3/afro-pop/iyanya-good-vibes/ HTTP/1.1" 404 236 "-" "Mozilla/5.0 (compatible; Baiduspider/2.0; +http://www.baidu.com/search/spider.html)"
172.161.75.8 - - [07/Dec/2025:09:12:39 -0800] "GET /mini HTTP/1.1" 503 282 "https://www.google.co.uk/" "Mozilla/5.0 (iPhone; CPU iPhone OS 17_1_1 like Mac OS X) AppleWebKit/605.1.15 (KHTML, like Gecko) Version/17.1 Mobile/15E148 Safari/604.1"
172.161.75.8 - - [07/Dec/2025:09:12:42 -0800] "GET /wp-user.php HTTP/1.1" 503 282 "https://www.google.fr/" "Mozilla/5.0 (iPhone; CPU iPhone OS 17_1_1 like Mac OS X) AppleWebKit/605.1.15 (KHTML, like Gecko) Version/17.1 Mobile/15E148 Safari/604.1"
172.161.75.8 - - [07/Dec/2025:09:12:43 -0800] "GET /wp.php HTTP/1.1" 503 282 "https://duckduckgo.com/" "Mozilla/5.0 (Linux; Android 13; SM-S908E) AppleWebKit/537.36 (KHTML, like Gecko) Chrome/116.0.0.0 Mobile Safari/537.36"
172.161.75.8 - - [07/Dec/2025:09:12:44 -0800] "GET /xmrlpc.php HTTP/1.1" 503 282 "https://www.google.co.uk/" "Mozilla/5.0 (iPad; CPU OS 17_0_3 like Mac OS X) AppleWebKit/605.1.15 (KHTML, like Gecko) Version/17.0.1 Mobile/15E148 Safari/604.1"
172.161.75.8 - - [07/Dec/2025:09:12:45 -0800] "GET /ahax.php HTTP/1.1" 503 282 "https://www.bing.com/" "Mozilla/5.0 (Linux; Android 13; M2101K6G) AppleWebKit/537.36 (KHTML, like Gecko) Chrome/116.0.0.0 Mobile Safari/537.36"
172.161.75.8 - - [07/Dec/2025:09:12:46 -0800] "GET /akcc.php HTTP/1.1" 503 282 "https://www.google.de/" "Mozilla/5.g (Linux; Android 13; Pixel 7) AppleWebKit/537.36 (KHTML, like Gecko) Chrome/116.0.0.0 Mobile Safari/537.36"
131.107.18.156 - - [07/Dec/2025:09:12:46 -0800] "GET /wp-content/uploads/2012/04/sheyman-celebrate-cover-150x150.jpg HTTP/1.1" 404 236 "-" "Mozilla/5.0 (X11; Ubuntu; Linux x86_64; rv:72.0) Gecko/20100101 Firefox/72.0"
172.161.75.8 - - [07/Dec/2025:09:12:47 -0800] "GET /assets/ HTTP/1.1" 503 282 "https://www.google.co.uk/" "Mozilla/5.0 (iPhone; CPU iPhone OS 16_0 like Mac OS X) AppleWebKit/605.1.15 (KHTML, like Gecko) FxiOS/118.0 Mobile/15E148 Safari/605.1.15"
172.161.75.8 - - [07/Dec/2025:09:12:48 -0800] "GET /assets/images/ HTTP/1.1" 503 282 "https://www.bing.com/" "Mozilla/5.0 (Linux; Android 13; M2101K6G) AppleWebKit/537.36 (KHTML, like Gecko) Chrome/116.0.0.0 Mobile Safari/537.36"
172.161.75.8 - - [07/Dec/2025:09:12:49 -0800] "GET /av.php HTTP/1.1" 503 282 "https://www.yahoo.com/" "Mozilla/5.0 (Linux; Android 11; CPH2251) AppleWebKit/537.36 (KHTML, like Gecko) Chrome/116.0.0.0 Mobile Safari/537.36"
43.173.173.122 - - [07/Dec/2025:09:12:49 -0800] "GET /2015/05/01/new-music-oritse-femi-ojutileri-gat-class-ft-ice-prince/ HTTP/1.1" 404 236 "-" "Mozilla/5.0 (Windows NT 6.1; Win64; x64) AppleWebKit/537.36 (KHTML, like Gecko) Chrome/126.0.6478.114 Safari/537.36"
172.161.75.8 - - [07/Dec/2025:09:12:50 -0800] "GET /buy.php HTTP/1.1" 503 282 "https://www.google.com/" "Mozilla/5.g (Linux; Android 13; Pixel 7) AppleWebKit/537.36 (KHTML, like Gecko) Chrome/116.0.0.0 Mobile Safari/537.36"
172.161.75.8 - - [07/Dec/2025:09:12:51 -0800] "GET /cgi-bin/ HTTP/1.1" 503 282 "https://www.google.de/" "Mozilla/5.0 (iPhone; CPU iPhone OS 17_0_3 like Mac OS X) AppleWebKit/605.1.15 (KHTML, like Gecko) Version/17.0.1 Mobile/15E148 Safari/604.1"
131.107.13.249 - - [07/Dec/2025:09:12:51 -0800] "GET /wp-content/uploads/2012/12/redsheet-150x150.jpg HTTP/1.1" 404 236 "-" "Mozilla/5.0 (X11; Ubuntu; Linux x86_64; rv:72.0) Gecko/20100101 Firefox/72.0"
172.161.75.8 - - [07/Dec/2025:09:12:52 -0800] "GET /chosen.php HTTP/1.1" 503 282 "https://duckduckgo.com/" "Mozilla/5.0 (iPad; CPU OS 17_0_3 like Mac OS X) AppleWebKit/605.1.15 (KHTML, like Gecko) Version/17.0.1 Mobile/15E148 Safari/604.1"
172.161.75.8 - - [07/Dec/2025:09:12:53 -0800] "GET /css/index.php HTTP/1.1" 503 282 "https://www.google.de/" "Mozilla/5.0 (iPhone; CPU iPhone OS 17_1_1 like Mac OS X) AppleWebKit/605.1.15 (KHTML, like Gecko) Version/17.1 Mobile/15E148 Safari/604.1"
172.161.75.8 - - [07/Dec/2025:09:12:54 -0800] "GET /elp.php HTTP/1.1" 503 282 "https://duckduckgo.com/" "Mozilla/5.0 (iPhone; CPU iPhone OS 16_0 like Mac OS X) AppleWebKit/605.1.15 (KHTML, like Gecko) FxiOS/118.0 Mobile/15E148 Safari/605.1.15"
172.161.75.8 - - [07/Dec/2025:09:12:55 -0800] "GET /images/ HTTP/1.1" 503 282 "https://www.google.co.uk/" "Mozilla/5.0 (iPhone; CPU iPhone OS 16_0 like Mac OS X) AppleWebKit/605.1.15 (KHTML, like Gecko) FxiOS/118.0 Mobile/15E148 Safari/605.1.15"
172.161.75.8 - - [07/Dec/2025:09:12:57 -0800] "GET /index/function.php HTTP/1.1" 503 282 "https://www.google.com/" "Mozilla/5.0 (iPhone; CPU iPhone OS 17_0_3 like Mac OS X) AppleWebKit/605.1.15 (KHTML, like Gecko) Version/17.0.1 Mobile/15E148 Safari/604.1"
172.161.75.8 - - [07/Dec/2025:09:12:58 -0800] "GET /inputs.php HTTP/1.1" 503 282 "https://www.google.de/" "Mozilla/5.0 (Linux; Android 10; LM-Q720) AppleWebKit/537.36 (KHTML, like Gecko) Chrome/116.0.0.0 Mobile Safari/537.36"
172.161.75.8 - - [07/Dec/2025:09:13:00 -0800] "GET /mah.php HTTP/1.1" 503 282 "https://www.google.fr/" "Mozilla/5.0 (Linux; Android 10; LM-Q720) AppleWebKit/537.36 (KHTML, like Gecko) Chrome/116.0.0.0 Mobile Safari/537.36"
172.161.75.8 - - [07/Dec/2025:09:13:00 -0800] "GET /mah/function.php HTTP/1.1" 503 282 "https://www.google.co.uk/" "Mozilla/5.0 (iPhone; CPU iPhone OS 17_1_1 like Mac OS X) AppleWebKit/605.1.15 (KHTML, like Gecko) Version/17.1 Mobile/15E148 Safari/604.1"
172.161.75.8 - - [07/Dec/2025:09:13:01 -0800] "GET /mini.php HTTP/1.1" 503 282 "https://www.google.fr/" "Mozilla/5.0 (Linux; Android 12; SM-A525F) AppleWebKit/537.36 (KHTML, like Gecko) Chrome/117.0.0.0 Mobile Safari/537.36"
172.161.75.8 - - [07/Dec/2025:09:13:02 -0800] "GET /modules/mod_simplefileuploadv1.3/elements/ HTTP/1.1" 503 282 "https://duckduckgo.com/" "Mozilla/5.0 (Linux; Android 11; CPH2251) AppleWebKit/537.36 (KHTML, like Gecko) Chrome/116.0.0.0 Mobile Safari/537.36"
172.161.75.8 - - [07/Dec/2025:09:13:03 -0800] "GET /new.php HTTP/1.1" 503 282 "https://www.google.fr/" "Mozilla/5.0 (iPhone; CPU iPhone OS 16_6_1 like Mac OS X) AppleWebKit/605.1.15 (KHTML, like Gecko) Version/16.6 Mobile/15E148 Safari/604.1"
172.161.75.8 - - [07/Dec/2025:09:13:03 -0800] "GET /options-reading.php HTTP/1.1" 503 282 "https://www.google.de/" "Mozilla/5.0 (Linux; Android 13; SM-S908E) AppleWebKit/537.36 (KHTML, like Gecko) Chrome/116.0.0.0 Mobile Safari/537.36"
172.161.75.8 - - [07/Dec/2025:09:13:04 -0800] "GET /simple.php HTTP/1.1" 503 282 "https://www.yahoo.com/" "Mozilla/5.0 (Linux; Android 10; K) AppleWebKit/537.36 (KHTML, like Gecko) Chrome/117.0.0.0 Mobile Safari/537.36"
172.161.75.8 - - [07/Dec/2025:09:13:06 -0800] "GET /uploads/ HTTP/1.1" 503 282 "https://www.yahoo.com/" "Mozilla/5.0 (Linux; Android 11; 21081111RG) AppleWebKit/537.36 (KHTML, like Gecko) Chrome/116.0.0.0 Mobile Safari/537.36"
172.161.75.8 - - [07/Dec/2025:09:13:08 -0800] "GET /modules/mod_simplefileuploadv1.3/elements/index.php HTTP/1.1" 503 282 "https://www.yahoo.com/" "Mozilla/5.0 (iPhone; CPU iPhone OS 17_1 like Mac OS X) AppleWebKit/605.1.15 (KHTML, like Gecko) CriOS/119.0.6045.109 Mobile/15E148 Safari/604.1"
172.161.75.8 - - [07/Dec/2025:09:13:12 -0800] "GET /new.php HTTP/1.1" 503 282 "https://www.bing.com/" "Mozilla/5.0 (iPhone; CPU iPhone OS 16_6_1 like Mac OS X) AppleWebKit/605.1.15 (KHTML, like Gecko) Version/16.6 Mobile/15E148 Safari/604.1"
62.234.168.65 - - [07/Dec/2025:09:13:12 -0800] "GET /wp-content/uploads/2015/11/DSC_0526-324x235.jpg HTTP/1.1" 404 236 "-" "Mozilla/5.0 (X11; Ubuntu; Linux x86_64; rv:72.0) Gecko/20100101 Firefox/72.0"
172.161.75.8 - - [07/Dec/2025:09:13:13 -0800] "GET /public/files/index.php HTTP/1.1" 503 282 "https://www.google.de/" "Mozilla/5.0 (Linux; Android 13; SM-G991U) AppleWebKit/537.36 (KHTML, like Gecko) Chrome/117.0.0.0 Mobile Safari/537.36"
172.161.75.8 - - [07/Dec/2025:09:13:16 -0800] "GET /public/wp-content/index.php HTTP/1.1" 503 282 "https://duckduckgo.com/" "Mozilla/5.0 (Linux; Android 13; SM-S908E) AppleWebKit/537.36 (KHTML, like Gecko) Chrome/116.0.0.0 Mobile Safari/537.36"
172.161.75.8 - - [07/Dec/2025:09:13:17 -0800] "GET /radio.php HTTP/1.1" 503 282 "https://www.google.com/" "Mozilla/5.g (Linux; Android 13; Pixel 7) AppleWebKit/537.36 (KHTML, like Gecko) Chrome/116.0.0.0 Mobile Safari/537.36"
172.161.75.8 - - [07/Dec/2025:09:13:18 -0800] "GET /wp-admin/classwithtostring.php HTTP/1.1" 503 282 "https://www.yahoo.com/" "Mozilla/5.0 (iPhone; CPU iPhone OS 17_1_1 like Mac OS X) AppleWebKit/605.1.15 (KHTML, like Gecko) Version/17.1 Mobile/15E148 Safari/604.1"
172.161.75.8 - - [07/Dec/2025:09:13:19 -0800] "GET /wp-admin/includes/colour.php HTTP/1.1" 503 282 "https://www.google.de/" "Mozilla/5.0 (Linux; Android 10; K) AppleWebKit/537.36 (KHTML, like Gecko) Chrome/117.0.0.0 Mobile Safari/537.36"
172.161.75.8 - - [07/Dec/2025:09:13:20 -0800] "GET /wp-admin/index.php HTTP/1.1" 503 282 "https://duckduckgo.com/" "Mozilla/5.0 (iPad; CPU OS 17_0_3 like Mac OS X) AppleWebKit/605.1.15 (KHTML, like Gecko) Version/17.0.1 Mobile/15E148 Safari/604.1"
172.161.75.8 - - [07/Dec/2025:09:13:22 -0800] "GET /wp-admin/js/index.php HTTP/1.1" 503 282 "https://duckduckgo.com/" "Mozilla/5.0 (Linux; Android 12; 2201116SG) AppleWebKit/537.36 (KHTML, like Gecko) Chrome/116.0.0.0 Mobile Safari/537.36"
172.161.75.8 - - [07/Dec/2025:09:13:24 -0800] "GET /wp-admin/js/widgets/ HTTP/1.1" 503 282 "https://www.google.com/" "Mozilla/5.0 (Linux; Android 13; SM-S908E) AppleWebKit/537.36 (KHTML, like Gecko) Chrome/116.0.0.0 Mobile Safari/537.36"
172.161.75.8 - - [07/Dec/2025:09:13:28 -0800] "GET /wp-admin/wp-admins.php HTTP/1.1" 503 282 "https://www.yahoo.com/" "Mozilla/5.0 (iPhone; CPU iPhone OS 17_1 like Mac OS X) AppleWebKit/605.1.15 (KHTML, like Gecko) CriOS/119.0.6045.109 Mobile/15E148 Safari/604.1"
172.161.75.8 - - [07/Dec/2025:09:13:31 -0800] "GET /wp-blog.php HTTP/1.1" 503 282 "https://www.google.co.uk/" "Mozilla/5.0 (iPhone; CPU iPhone OS 17_1 like Mac OS X) AppleWebKit/605.1.15 (KHTML, like Gecko) CriOS/119.0.6045.109 Mobile/15E148 Safari/604.1"
116.179.32.223 - - [07/Dec/2025:09:13:32 -0800] "GET /2014/03/12/new-video-skuki-forward-ever/ HTTP/1.1" 404 236 "-" "Mozilla/5.0 (compatible; Baiduspider/2.0; +http://www.baidu.com/search/spider.html)"
172.161.75.8 - - [07/Dec/2025:09:13:34 -0800] "GET /wp-content/admin.php HTTP/1.1" 503 282 "https://www.google.co.uk/" "Mozilla/5.0 (Linux; Android 13; M2101K6G) AppleWebKit/537.36 (KHTML, like Gecko) Chrome/116.0.0.0 Mobile Safari/537.36"
::1 - - [07/Dec/2025:09:13:34 -0800] "GET /whm-server-status HTTP/1.0" 200 1149808 "-" "Lynx/2.8.8dev.15 libwww-FM/2.14 SSL-MM/1.4.1 OpenSSL/1.0.1e-fips"
172.161.75.8 - - [07/Dec/2025:09:13:36 -0800] "GET /wp-content/et-cache/ HTTP/1.1" 503 282 "https://www.bing.com/" "Mozilla/5.0 (Linux; Android 12; 2201116SG) AppleWebKit/537.36 (KHTML, like Gecko) Chrome/116.0.0.0 Mobile Safari/537.36"
172.161.75.8 - - [07/Dec/2025:09:13:38 -0800] "GET /wp-content/index.php HTTP/1.1" 503 282 "https://www.google.de/" "Mozilla/5.0 (Linux; Android 10; LM-Q720) AppleWebKit/537.36 (KHTML, like Gecko) Chrome/116.0.0.0 Mobile Safari/537.36"
172.161.75.8 - - [07/Dec/2025:09:13:41 -0800] "GET /wp-content/plugins/pwnd/as.php HTTP/1.1" 503 282 "https://www.bing.com/" "Mozilla/5.0 (Linux; Android 10; K) AppleWebKit/537.36 (KHTML, like Gecko) Chrome/117.0.0.0 Mobile Safari/537.36"
172.161.75.8 - - [07/Dec/2025:09:13:44 -0800] "GET /wp-content/upgrade/index.php HTTP/1.1" 503 282 "https://duckduckgo.com/" "Mozilla/5.0 (Linux; Android 13; SM-S908E) AppleWebKit/537.36 (KHTML, like Gecko) Chrome/116.0.0.0 Mobile Safari/537.36"
172.161.75.8 - - [07/Dec/2025:09:13:47 -0800] "GET /wp-content/uploads/ HTTP/1.1" 503 282 "https://www.google.de/" "Mozilla/5.0 (Linux; Android 11; CPH2251) AppleWebKit/537.36 (KHTML, like Gecko) Chrome/116.0.0.0 Mobile Safari/537.36"
172.161.75.8 - - [07/Dec/2025:09:13:49 -0800] "GET /wp-content/uploads/index.php HTTP/1.1" 503 282 "https://duckduckgo.com/" "Mozilla/5.g (Linux; Android 13; Pixel 7) AppleWebKit/537.36 (KHTML, like Gecko) Chrome/116.0.0.0 Mobile Safari/537.36"
172.161.75.8 - - [07/Dec/2025:09:13:51 -0800] "GET /wp-good.php HTTP/1.1" 503 282 "https://duckduckgo.com/" "Mozilla/5.0 (iPhone; CPU iPhone OS 17_0_3 like Mac OS X) AppleWebKit/605.1.15 (KHTML, like Gecko) Version/17.0.1 Mobile/15E148 Safari/604.1"
156.59.198.136 - - [07/Dec/2025:09:13:51 -0800] "GET /wp-content/uploads/2014/08/faze-your-daughter-300x299.jpg HTTP/1.1" 404 236 "https://toptrendnaija.blogspot.com/2014_08_30_archive.html?m=0" "Mozilla/5.0 (Linux; Android 5.0) AppleWebKit/537.36 (KHTML, like Gecko) Mobile Safari/537.36 (compatible; Bytespider; spider-feedback@bytedance.com)"
172.161.75.8 - - [07/Dec/2025:09:13:53 -0800] "GET /wp-includes/Requests/index.php HTTP/1.1" 503 282 "https://duckduckgo.com/" "Mozilla/5.0 (iPhone; CPU iPhone OS 17_1_1 like Mac OS X) AppleWebKit/605.1.15 (KHTML, like Gecko) Version/17.1 Mobile/15E148 Safari/604.1"
172.161.75.8 - - [07/Dec/2025:09:13:54 -0800] "GET /wp-includes/SimplePie/autoload_classmap.php HTTP/1.1" 503 282 "https://www.google.com/" "Mozilla/5.0 (Linux; Android 13; SM-G991U) AppleWebKit/537.36 (KHTML, like Gecko) Chrome/117.0.0.0 Mobile Safari/537.36"
172.161.75.8 - - [07/Dec/2025:09:13:56 -0800] "GET /wp-includes/Text/Diff/Renderer/index.php HTTP/1.1" 503 282 "https://www.google.de/" "Mozilla/5.0 (Linux; Android 11; CPH2251) AppleWebKit/537.36 (KHTML, like Gecko) Chrome/116.0.0.0 Mobile Safari/537.36"
172.161.75.8 - - [07/Dec/2025:09:13:57 -0800] "GET /wp-includes/assets/autoload_classmap.php HTTP/1.1" 503 282 "https://www.bing.com/" "Mozilla/5.0 (iPhone; CPU iPhone OS 16_0 like Mac OS X) AppleWebKit/605.1.15 (KHTML, like Gecko) FxiOS/118.0 Mobile/15E148 Safari/605.1.15"
213.186.1.154 - - [07/Dec/2025:09:13:59 -0800] "GET /category/events/johannesburg HTTP/1.1" 404 236 "-" "Mediatoolkitbot (complaints@mediatoolkit.com)"
172.161.75.8 - - [07/Dec/2025:09:13:59 -0800] "GET /wp-includes/bk/index.php HTTP/1.1" 503 282 "https://duckduckgo.com/" "Mozilla/5.0 (Linux; Android 11; CPH2251) AppleWebKit/537.36 (KHTML, like Gecko) Chrome/116.0.0.0 Mobile Safari/537.36"
