213.186.1.154 - - [07/Dec/2025:07:52:39 -0800] "GET /category/events/port-harcourt-events HTTP/1.1" 404 236 "-" "Mediatoolkitbot (complaints@mediatoolkit.com)"
223.181.96.13 - - [07/Dec/2025:07:52:50 -0800] "GET http://jaguda.com/2015/04/29/nigerian-student-fashion-design-week-2015-edition-is-here/ HTTP/1.1" 406 300 "-" "Mozilla/5.0 (Windows NT 10.0; Win64; x64) AppleWebKit/537.36 (KHTML, like Gecko) Chrome/111.0.0.0 Safari/537.36"
::1 - - [07/Dec/2025:07:52:55 -0800] "GET /whm-server-status HTTP/1.0" 200 1150716 "-" "Lynx/2.8.8dev.15 libwww-FM/2.14 SSL-MM/1.4.1 OpenSSL/1.0.1e-fips"
119.249.100.117 - - [07/Dec/2025:07:52:55 -0800] "GET /2009/08/13/nigerians-protest-lybia%E2%80%99s-plan-to-execute-220-nigerians/ HTTP/1.1" 404 236 "-" "Mozilla/5.0 (Windows NT 10.0; WOW64) AppleWebKit/537.36 (KHTML, like Gecko) Chrome/48.0.2564.116 Safari/537.36"
127.0.0.1 - - [07/Dec/2025:07:52:59 -0800] "GET / HTTP/1.0" 200 163 "-" "-"
152.97.123.222 - - [07/Dec/2025:07:53:03 -0800] "GET http://jaguda.com/music-news/wizkid-hooks-davidos-producer-fire-jam/ HTTP/1.1" 406 300 "-" "Mozilla/5.0 (Macintosh; Intel Mac OS X 10_13_5) AppleWebKit/537.36 (KHTML, like Gecko) Chrome/69.0.3497.100 Safari/537.36"
213.186.1.154 - - [07/Dec/2025:07:53:04 -0800] "GET /category/events/toronto HTTP/1.1" 404 236 "-" "Mediatoolkitbot (complaints@mediatoolkit.com)"
114.119.153.91 - - [07/Dec/2025:07:53:24 -0800] "GET /wp-content/uploads/2014/05/Jos_explosion.jpg HTTP/1.1" 404 236 "-" "Mozilla/5.0 (Linux; Android 7.0;) AppleWebKit/537.36 (KHTML, like Gecko) Mobile Safari/537.36 (compatible; PetalBot;+https://webmaster.petalsearch.com/site/petalbot)"
87.250.224.76 - - [07/Dec/2025:07:53:32 -0800] "GET /2015/01/22/new-music-tkay-bembe-ft-reminisce-ice-prince/ HTTP/1.1" 404 236 "-" "Mozilla/5.0 (compatible; YandexBot/3.0; +http://yandex.com/bots)"
216.244.66.235 - - [07/Dec/2025:07:53:32 -0800] "GET /robots.txt HTTP/1.1" 404 236 "-" "Mozilla/5.0 (compatible; DotBot/1.2; +https://opensiteexplorer.org/dotbot; help@moz.com)"
216.244.66.235 - - [07/Dec/2025:07:53:32 -0800] "GET /robots.txt HTTP/1.1" 404 236 "-" "Mozilla/5.0 (compatible; DotBot/1.2; +https://opensiteexplorer.org/dotbot; help@moz.com)"
213.186.1.154 - - [07/Dec/2025:07:53:37 -0800] "GET /category/music HTTP/1.1" 404 236 "-" "Mediatoolkitbot (complaints@mediatoolkit.com)"
5.255.231.101 - - [07/Dec/2025:07:53:43 -0800] "GET /music-mp3/premiere-sauti-sol-friendzone/ HTTP/1.1" 404 236 "-" "Mozilla/5.0 (compatible; YandexBot/3.0; +http://yandex.com/bots)"
116.179.32.16 - - [07/Dec/2025:07:53:46 -0800] "GET /music-mp3/bubbling-luwaseun-plenty-things-tha-suspect-cover/ HTTP/1.1" 404 236 "-" "Mozilla/5.0 (compatible; Baiduspider/2.0; +http://www.baidu.com/search/spider.html)"
177.125.187.255 - - [07/Dec/2025:07:53:56 -0800] "GET http://jaguda.com/video/new-video-ego-i-believe/ HTTP/1.1" 406 300 "-" "Mozilla/4.0 (compatible; MSIE 7.0; Windows NT 5.1; Trident/4.0; SE 2.X MetaSr 1.0; SE 2.X MetaSr 1.0; .NET CLR 2.0.50727; SE 2.X MetaSr 1.0)"
115.190.90.113 - - [07/Dec/2025:07:53:57 -0800] "GET /wp-content/uploads/2014/01/Back-cover.jpg HTTP/1.1" 404 236 "-" "Mozilla/5.0 (X11; Ubuntu; Linux x86_64; rv:72.0) Gecko/20100101 Firefox/72.0 (compatible; mozilla/5.0 (x11; linux x86_64) applewebkit/537.36 (khtml, like gecko) chrome/120.0.0.0 safari/537.36; +https://github.com/rom1504/img2dataset)"
115.190.90.113 - - [07/Dec/2025:07:53:59 -0800] "GET /wp-content/uploads/2014/01/Back-cover.jpg HTTP/1.1" 404 236 "-" "Mozilla/5.0 (X11; Ubuntu; Linux x86_64; rv:72.0) Gecko/20100101 Firefox/72.0 (compatible; mozilla/5.0 (x11; linux x86_64) applewebkit/537.36 (khtml, like gecko) chrome/120.0.0.0 safari/537.36; +https://github.com/rom1504/img2dataset)"
115.190.90.113 - - [07/Dec/2025:07:54:01 -0800] "GET /wp-content/uploads/2014/01/Back-cover.jpg HTTP/1.1" 404 236 "-" "Mozilla/5.0 (X11; Ubuntu; Linux x86_64; rv:72.0) Gecko/20100101 Firefox/72.0 (compatible; mozilla/5.0 (x11; linux x86_64) applewebkit/537.36 (khtml, like gecko) chrome/120.0.0.0 safari/537.36; +https://github.com/rom1504/img2dataset)"
::1 - - [07/Dec/2025:07:54:04 -0800] "GET /whm-server-status HTTP/1.0" 200 1150433 "-" "Lynx/2.8.8dev.15 libwww-FM/2.14 SSL-MM/1.4.1 OpenSSL/1.0.1e-fips"
213.186.1.154 - - [07/Dec/2025:07:54:05 -0800] "GET /category/events/charlotte HTTP/1.1" 404 236 "-" "Mediatoolkitbot (complaints@mediatoolkit.com)"
220.181.108.169 - - [07/Dec/2025:07:54:11 -0800] "GET /music-mp3/music-ink-got-heart-medley-video/ HTTP/1.1" 404 236 "-" "Mozilla/5.0 (compatible; Baiduspider/2.0; +http://www.baidu.com/search/spider.html)"
220.181.51.113 - - [07/Dec/2025:07:54:40 -0800] "GET /2014/09/19/new-music-exdee-eardrums/ HTTP/1.1" 404 236 "-" "Mozilla/5.0 (Windows NT 10.0; WOW64) AppleWebKit/537.36 (KHTML, like Gecko) Chrome/48.0.2564.116 Safari/537.36"
132.230.196.146 - - [07/Dec/2025:07:54:54 -0800] "GET /wp-content/uploads/2013/11/Bovi-and-DJ-Neptune.jpg HTTP/1.1" 404 236 "-" "Mozilla/5.0 (X11; Ubuntu; Linux x86_64; rv:72.0) Gecko/20100101 Firefox/72.0"
127.0.0.1 - - [07/Dec/2025:07:55:01 -0800] "GET /whm-server-status HTTP/1.0" 200 1150643 "-" "-"
220.181.108.174 - - [07/Dec/2025:07:55:04 -0800] "GET /music-mp3/new-music-zoey-blaq-hello/ HTTP/1.1" 404 236 "-" "Mozilla/5.0 (compatible; Baiduspider/2.0; +http://www.baidu.com/search/spider.html)"
114.119.139.123 - - [07/Dec/2025:07:55:08 -0800] "GET /wp-content/uploads/2009/11/stephenworgu_.jpg HTTP/1.1" 404 236 "-" "Mozilla/5.0 (Linux; Android 7.0;) AppleWebKit/537.36 (KHTML, like Gecko) Mobile Safari/537.36 (compatible; PetalBot;+https://webmaster.petalsearch.com/site/petalbot)"
::1 - - [07/Dec/2025:07:55:13 -0800] "GET /whm-server-status HTTP/1.0" 200 1150634 "-" "Lynx/2.8.8dev.15 libwww-FM/2.14 SSL-MM/1.4.1 OpenSSL/1.0.1e-fips"
142.250.32.34 - - [07/Dec/2025:07:55:14 -0800] "GET /wp-content/uploads/2013/10/Ice-Prince-Fire-of-Zamani-Art.jpeg HTTP/1.1" 404 236 "-" "Mozilla/5.0 (Windows NT 5.1; rv:11.0) Gecko Firefox/11.0 (via ggpht.com GoogleImageProxy)"
46.2.130.148 - - [07/Dec/2025:07:55:16 -0800] "GET http://jaguda.com/music-mp3/dj-ecool-presents-hiphop-mixtape/ HTTP/1.1" 406 300 "-" "Mozilla/4.0 (compatible; MSIE 7.0; Windows NT 5.1; Trident/4.0; SE 2.X MetaSr 1.0; SE 2.X MetaSr 1.0; .NET CLR 2.0.50727; SE 2.X MetaSr 1.0)"
116.179.32.14 - - [07/Dec/2025:07:55:30 -0800] "GET /music-news/photos-epic-moment-wizkid-shutdown-royal-albert-hall-london/ HTTP/1.1" 404 236 "-" "Mozilla/5.0 (compatible; Baiduspider/2.0; +http://www.baidu.com/search/spider.html)"
102.217.109.210 - - [07/Dec/2025:07:55:42 -0800] "GET http://jaguda.com/video/video-olamide-on-the-juice/ HTTP/1.1" 406 300 "-" "Mozilla/5.0 (Windows NT 10.0; WOW64) AppleWebKit/537.36 (KHTML, like Gecko) Chrome/108.0.5359.95 Safari/537.36 QIHU 360SE"
74.7.175.146 - - [07/Dec/2025:07:55:48 -0800] "GET /robots.txt HTTP/1.1" 404 236 "-" "Mozilla/5.0 (Macintosh; Intel Mac OS X 10_15_7) AppleWebKit/537.36 (KHTML, like Gecko) Chrome/131.0.0.0 Safari/537.36; compatible; OAI-SearchBot/1.3; robots.txt; +https://openai.com/searchbot"
99.30.154.69 - - [07/Dec/2025:07:55:51 -0800] "GET http://jaguda.com/editorial/6-artistes-need-new-record-labels-redeem-music-careers/ HTTP/1.1" 406 300 "-" "Mozilla/5.0 (Windows NT 10.0; WOW64) AppleWebKit/537.36 (KHTML, like Gecko) Chrome/108.0.5359.95 Safari/537.36 QIHU 360SE"
116.179.32.225 - - [07/Dec/2025:07:55:57 -0800] "GET /2013/12/11/new-music-anny-music-love-ft-b-o-u-q-u/ HTTP/1.1" 404 236 "-" "Mozilla/5.0 (compatible; Baiduspider/2.0; +http://www.baidu.com/search/spider.html)"
::1 - - [07/Dec/2025:07:56:22 -0800] "GET /whm-server-status HTTP/1.0" 200 1151073 "-" "Lynx/2.8.8dev.15 libwww-FM/2.14 SSL-MM/1.4.1 OpenSSL/1.0.1e-fips"
3.236.103.209 - - [07/Dec/2025:07:56:33 -0800] "GET /wp-content/uploads/2017/10/The-Gratitude-COZA-RabaBaba-Eh.jpeg HTTP/1.1" 404 236 "-" "Camo Asset Proxy 2.3.0"
177.234.186.84 - - [07/Dec/2025:07:56:33 -0800] "GET http://jaguda.com/music-mp3/new-music-mya-k-unconditional-love-ft-reminisce/ HTTP/1.1" 406 300 "-" "Mozilla/5.0 (Macintosh; Intel Mac OS X 10_15_7) AppleWebKit/537.36 (KHTML, like Gecko) Chrome/132.0.0.0 Safari/537.36"
213.163.75.244 - - [07/Dec/2025:07:56:39 -0800] "GET /wp-content/uploads/2012/10/1zswac-150x150.jpg HTTP/1.1" 404 236 "-" "Mozilla/5.0 (Windows NT 10.0; Win64; x64) AppleWebKit/537.36 (KHTML, like Gecko) Chrome/116.0.0.0 Safari/537.36"
220.181.51.92 - - [07/Dec/2025:07:56:53 -0800] "GET /2013/08/23/photos-meet-queen-globe-beauty-pageant-2013-winner-yemi-olumilua/ HTTP/1.1" 404 236 "-" "Mozilla/5.0 (Windows NT 10.0; WOW64) AppleWebKit/537.36 (KHTML, like Gecko) Chrome/48.0.2564.116 Safari/537.36"
106.205.180.152 - - [07/Dec/2025:07:56:54 -0800] "GET http://jaguda.com/2014/10/08/ponmo-consumption-dangerous-health-nilest/ HTTP/1.1" 406 300 "-" "Mozilla/5.0 (Windows NT 5.1; rv:5.0) Gecko/20100101 Firefox/5.0"
46.201.31.25 - - [07/Dec/2025:07:57:10 -0800] "GET http://jaguda.com/music-news/fliptyce-buys-new-toyota-truck-for-a-mobile-studio/ HTTP/1.1" 406 300 "-" "Mozilla/5.0 (Macintosh; Intel Mac OS X 10_13_5) AppleWebKit/537.36 (KHTML, like Gecko) Chrome/69.0.3497.100 Safari/537.36"
220.181.108.177 - - [07/Dec/2025:07:57:17 -0800] "GET /video/new-video-one-on-one-with-skales-on-eme-exit-man-of-the-year-album-more/ HTTP/1.1" 404 236 "-" "Mozilla/5.0 (compatible; Baiduspider/2.0; +http://www.baidu.com/search/spider.html)"
::1 - - [07/Dec/2025:07:57:31 -0800] "GET /whm-server-status HTTP/1.0" 200 1151034 "-" "Lynx/2.8.8dev.15 libwww-FM/2.14 SSL-MM/1.4.1 OpenSSL/1.0.1e-fips"
120.92.209.39 - - [07/Dec/2025:07:57:49 -0800] "GET /wp-content/uploads/2015/02/black-and-blue-dress.jpg HTTP/1.1" 404 236 "-" "Mozilla/5.0 (Windows NT 10.0; Win64; x64) AppleWebKit/537.36 (KHTML, like Gecko) Chrome/138.0.0.0 Safari/537.36"
87.250.224.36 - - [07/Dec/2025:07:57:53 -0800] "GET /music/new-music-atm-jubadi-kokanmi-prod-dtunes/ HTTP/1.1" 404 236 "-" "Mozilla/5.0 (compatible; YandexBot/3.0; +http://yandex.com/bots)"
138.118.203.209 - - [07/Dec/2025:07:57:54 -0800] "GET http://jaguda.com/2013/10/03/music-waye-pull/ HTTP/1.1" 406 300 "-" "Mozilla/4.0 (compatible; MSIE 7.0; Windows NT 5.1; Trident/4.0; SE 2.X MetaSr 1.0; SE 2.X MetaSr 1.0; .NET CLR 2.0.50727; SE 2.X MetaSr 1.0)"
117.161.187.93 - - [07/Dec/2025:07:58:04 -0800] "GET /wp-content/uploads/2011/10/ELI-1878-3-150x150.jpg HTTP/1.1" 404 236 "-" "Mozilla/5.0 (Macintosh; Intel Mac OS X 10_13_6) AppleWebKit/537.36 (KHTML, like Gecko) Chrome/78.0.3904.108 Safari/537.36"
127.0.0.1 - - [07/Dec/2025:07:58:10 -0800] "GET / HTTP/1.0" 200 163 "-" "-"
220.181.108.159 - - [07/Dec/2025:07:58:17 -0800] "GET /music-mp3/video-dj-jimmy-jatt-intro-ft-modenine-olisa-adibua-toolz-dotun/ HTTP/1.1" 404 236 "-" "Mozilla/5.0 (compatible; Baiduspider/2.0; +http://www.baidu.com/search/spider.html)"
82.102.252.204 - - [07/Dec/2025:07:58:18 -0800] "GET http://jaguda.com/music-mp3/new-music-rilwan-blow/ HTTP/1.1" 406 300 "-" "Mozilla/5.0 (Windows NT 10.0; Win64; x64) AppleWebKit/537.36 (KHTML, like Gecko) Chrome/111.0.0.0 Safari/537.36"
213.163.75.244 - - [07/Dec/2025:07:58:34 -0800] "GET /wp-content/uploads/2012/05/Cover-Art_My-Daddy_Christine-150x150.jpg HTTP/1.1" 404 236 "-" "Mozilla/5.0 (Windows NT 10.0; Win64; x64) AppleWebKit/537.36 (KHTML, like Gecko) Chrome/116.0.0.0 Safari/537.36"
::1 - - [07/Dec/2025:07:58:40 -0800] "GET /whm-server-status HTTP/1.0" 200 1150730 "-" "Lynx/2.8.8dev.15 libwww-FM/2.14 SSL-MM/1.4.1 OpenSSL/1.0.1e-fips"
132.230.196.146 - - [07/Dec/2025:07:58:43 -0800] "GET /wp-content/uploads/2012/02/2-150x150.jpeg HTTP/1.1" 404 236 "-" "Mozilla/5.0 (X11; Ubuntu; Linux x86_64; rv:72.0) Gecko/20100101 Firefox/72.0"
209.170.125.226 - - [07/Dec/2025:07:58:54 -0800] "GET / HTTP/1.1" 200 163 "-" "Mozilla/5.0 (X11; Linux x86_64; rv:38.0) Gecko/20100101 Firefox/38.0 Iceweasel/38.6.1"
209.170.125.226 - - [07/Dec/2025:07:58:54 -0800] "GET /cgi-sys/defaultwebpage.cgi HTTP/1.1" 200 6938 "http://www.jaguda.com/" "Mozilla/5.0 (X11; Linux x86_64; rv:38.0) Gecko/20100101 Firefox/38.0 Iceweasel/38.6.1"
209.170.125.226 - - [07/Dec/2025:07:58:54 -0800] "GET /favicon.ico HTTP/1.1" 404 236 "http://www.jaguda.com/" "Mozilla/5.0 (X11; Linux x86_64; rv:38.0) Gecko/20100101 Firefox/38.0 Iceweasel/38.6.1"
209.170.125.226 - - [07/Dec/2025:07:58:54 -0800] "GET /img-sys/IP_changed.png HTTP/1.1" 200 2939 "http://www.jaguda.com/cgi-sys/defaultwebpage.cgi" "Mozilla/5.0 (X11; Linux x86_64; rv:38.0) Gecko/20100101 Firefox/38.0 Iceweasel/38.6.1"
209.170.125.226 - - [07/Dec/2025:07:58:54 -0800] "GET /img-sys/server_moved.png HTTP/1.1" 200 3327 "http://www.jaguda.com/cgi-sys/defaultwebpage.cgi" "Mozilla/5.0 (X11; Linux x86_64; rv:38.0) Gecko/20100101 Firefox/38.0 Iceweasel/38.6.1"
209.170.125.226 - - [07/Dec/2025:07:58:54 -0800] "GET /img-sys/server_misconfigured.png HTTP/1.1" 200 3164 "http://www.jaguda.com/cgi-sys/defaultwebpage.cgi" "Mozilla/5.0 (X11; Linux x86_64; rv:38.0) Gecko/20100101 Firefox/38.0 Iceweasel/38.6.1"
209.170.125.226 - - [07/Dec/2025:07:58:54 -0800] "GET /img-sys/powered_by_cpanel.svg HTTP/1.1" 200 5617 "http://www.jaguda.com/cgi-sys/defaultwebpage.cgi" "Mozilla/5.0 (X11; Linux x86_64; rv:38.0) Gecko/20100101 Firefox/38.0 Iceweasel/38.6.1"
209.170.125.226 - - [07/Dec/2025:07:58:54 -0800] "GET /favicon.ico HTTP/1.1" 404 236 "http://www.jaguda.com/cgi-sys/defaultwebpage.cgi" "Mozilla/5.0 (X11; Linux x86_64; rv:38.0) Gecko/20100101 Firefox/38.0 Iceweasel/38.6.1"
132.230.196.146 - - [07/Dec/2025:07:58:55 -0800] "GET /wp-content/uploads/2012/01/album12-150x150.jpg HTTP/1.1" 404 236 "-" "Mozilla/5.0 (X11; Ubuntu; Linux x86_64; rv:72.0) Gecko/20100101 Firefox/72.0"
49.36.192.147 - - [07/Dec/2025:07:58:58 -0800] "GET http://jaguda.com/music-mp3/bubbling-under-remi-sumo-mi/ HTTP/1.1" 406 300 "-" "Mozilla/5.0 (Windows NT 10.0; Win64; x64) AppleWebKit/537.36 (KHTML, like Gecko) Chrome/111.0.0.0 Safari/537.36"
220.181.108.101 - - [07/Dec/2025:07:59:02 -0800] "GET /2012/06/19/sony-music-signs-12-year-old-nigerian-kamsee/ HTTP/1.1" 404 236 "-" "Mozilla/5.0 (compatible; Baiduspider/2.0; +http://www.baidu.com/search/spider.html)"
103.140.234.115 - - [07/Dec/2025:07:59:19 -0800] "GET http://jaguda.com/social-issues/details-university-jos-student-protests-video-protest/ HTTP/1.1" 406 300 "-" "Mozilla/5.0 (Windows NT 5.1; rv:5.0) Gecko/20100101 Firefox/5.0"
62.234.168.65 - - [07/Dec/2025:07:59:40 -0800] "GET /wp-content/uploads/2013/12/1-150x150.jpg HTTP/1.1" 404 236 "-" "Mozilla/5.0 (X11; Ubuntu; Linux x86_64; rv:72.0) Gecko/20100101 Firefox/72.0"
::1 - - [07/Dec/2025:07:59:50 -0800] "GET /whm-server-status HTTP/1.0" 200 1150678 "-" "Lynx/2.8.8dev.15 libwww-FM/2.14 SSL-MM/1.4.1 OpenSSL/1.0.1e-fips"
220.181.108.144 - - [07/Dec/2025:07:59:55 -0800] "GET /2013/11/20/video-blackface-naija-love-forever/ HTTP/1.1" 404 236 "-" "Mozilla/5.0 (compatible; Baiduspider/2.0; +http://www.baidu.com/search/spider.html)"
127.0.0.1 - - [07/Dec/2025:08:00:01 -0800] "GET /whm-server-status HTTP/1.0" 200 1150657 "-" "-"
220.181.108.156 - - [07/Dec/2025:08:00:21 -0800] "GET /2009/05/27/approaching-a-man/ HTTP/1.1" 404 236 "-" "Mozilla/5.0 (compatible; Baiduspider/2.0; +http://www.baidu.com/search/spider.html)"
110.224.76.39 - - [07/Dec/2025:08:00:29 -0800] "GET http://jaguda.com/2012/08/18/irokotv-ceo-jason-njoku-weds-nollywood-actress-mary-remmy/ HTTP/1.1" 406 300 "-" "Mozilla/5.0 (Windows NT 10.0; Win64; x64) AppleWebKit/537.36 (KHTML, like Gecko) Chrome/111.0.0.0 Safari/537.36"
192.0.112.210 - - [07/Dec/2025:08:00:35 -0800] "GET /wp-content/uploads/2016/12/Ugandan-Court-issues-warrant-for-Wizkid-and-Manager-241x300.jpg HTTP/1.1" 404 236 "-" "Photon/1.0"
192.0.116.50 - - [07/Dec/2025:08:00:36 -0800] "GET /wp-content/uploads/2016/04/wizkid.png HTTP/1.1" 404 236 "-" "Photon/1.0"
213.180.203.214 - - [07/Dec/2025:08:00:57 -0800] "GET /2013/07/30/new-music-ikechukwu-hustlin-and-grindin/ HTTP/1.1" 404 236 "-" "Mozilla/5.0 (compatible; YandexBot/3.0; +http://yandex.com/bots)"
::1 - - [07/Dec/2025:08:00:59 -0800] "GET /whm-server-status HTTP/1.0" 200 1150696 "-" "Lynx/2.8.8dev.15 libwww-FM/2.14 SSL-MM/1.4.1 OpenSSL/1.0.1e-fips"
31.13.127.113 - - [07/Dec/2025:08:01:09 -0800] "GET /wp-content/uploads/2018/05/Screenshot_20180430-125751.png HTTP/1.1" 404 236 "-" "facebookexternalhit/1.1 (+http://www.facebook.com/externalhit_uatext.php)"
84.54.78.212 - - [07/Dec/2025:08:01:09 -0800] "GET http://jaguda.com/2012/03/13/kony-2012-is-the-saviour-complex-being-used-as-a-precursor-to-invade-uganda-2/ HTTP/1.1" 406 300 "-" "Mozilla/5.0 (Windows NT 10.0; WOW64) AppleWebKit/537.36 (KHTML, like Gecko) Chrome/108.0.5359.95 Safari/537.36 QIHU 360SE"
220.181.108.94 - - [07/Dec/2025:08:01:14 -0800] "GET /music-mp3/video-charass-coco-butter/ HTTP/1.1" 404 236 "-" "Mozilla/5.0 (compatible; Baiduspider/2.0; +http://www.baidu.com/search/spider.html)"
116.179.32.204 - - [07/Dec/2025:08:01:40 -0800] "GET /2013/05/21/new-video-bracket-temperature/ HTTP/1.1" 404 236 "-" "Mozilla/5.0 (compatible; Baiduspider/2.0; +http://www.baidu.com/search/spider.html)"
45.81.144.10 - - [07/Dec/2025:08:01:46 -0800] "GET http://jaguda.com/2012/08/25/music-yung-drug-jubalani/ HTTP/1.1" 406 300 "-" "Mozilla/5.0 (Windows NT 10.0; WOW64) AppleWebKit/537.36 (KHTML, like Gecko) Chrome/108.0.5359.95 Safari/537.36 QIHU 360SE"
213.186.1.154 - - [07/Dec/2025:08:01:47 -0800] "GET / HTTP/1.1" 200 163 "-" "Mediatoolkitbot (complaints@mediatoolkit.com)"
::1 - - [07/Dec/2025:08:02:08 -0800] "GET /whm-server-status HTTP/1.0" 200 1151250 "-" "Lynx/2.8.8dev.15 libwww-FM/2.14 SSL-MM/1.4.1 OpenSSL/1.0.1e-fips"
62.234.168.65 - - [07/Dec/2025:08:02:16 -0800] "GET /wp-content/uploads/2013/05/fb-uhr-infographics-morningwater.jpg HTTP/1.1" 404 236 "-" "Mozilla/5.0 (X11; Ubuntu; Linux x86_64; rv:72.0) Gecko/20100101 Firefox/72.0"
181.117.72.62 - - [07/Dec/2025:08:02:28 -0800] "GET http://jaguda.com/music-news/dbanj-to-perform-at-afcon-2013-closig-ceremony/ HTTP/1.1" 406 300 "-" "Mozilla/5.0 (Macintosh; Intel Mac OS X 10_15_7) AppleWebKit/537.36 (KHTML, like Gecko) Chrome/132.0.0.0 Safari/537.36"
59.37.132.65 - - [07/Dec/2025:08:02:33 -0800] "GET /wp-content/uploads/2014/08/Iyanya-Live-in-London-Concert-2014-Sync-MEDIA-HOUSE-4.jpg HTTP/1.1" 404 236 "-" "python-requests/2.28.1"
59.37.132.65 - - [07/Dec/2025:08:02:34 -0800] "GET /wp-content/uploads/2014/08/Iyanya-Live-in-London-Concert-2014-Sync-MEDIA-HOUSE-4.jpg HTTP/1.1" 404 236 "-" "python-requests/2.28.1"
59.37.132.65 - - [07/Dec/2025:08:02:34 -0800] "GET /wp-content/uploads/2014/08/Iyanya-Live-in-London-Concert-2014-Sync-MEDIA-HOUSE-4.jpg HTTP/1.1" 404 236 "-" "python-requests/2.28.1"
116.179.32.157 - - [07/Dec/2025:08:02:35 -0800] "GET /2013/12/21/new-music-suspect-illbliss-chidinma-tesh-carter-capital-krismas/ HTTP/1.1" 404 236 "-" "Mozilla/5.0 (compatible; Baiduspider/2.0; +http://www.baidu.com/search/spider.html)"
3.236.103.209 - - [07/Dec/2025:08:02:53 -0800] "GET /wp-content/uploads/2017/10/The-Gratitude-COZA-RabaBaba-Eh.jpeg HTTP/1.1" 404 236 "-" "Camo Asset Proxy 2.3.0"
74.125.209.4 - - [07/Dec/2025:08:02:58 -0800] "GET /wp-content/uploads/2013/07/davido-design-3.jpg HTTP/1.1" 404 236 "-" "Mozilla/5.0 (Windows NT 5.1; rv:11.0) Gecko Firefox/11.0 (via ggpht.com GoogleImageProxy)"
192.0.114.49 - - [07/Dec/2025:08:03:01 -0800] "GET /wp-content/uploads/2013/05/DJ-Cleo-at-the-MTV-Africa-All-Stars-press-conference-2.jpg HTTP/1.1" 404 236 "-" "Photon/1.0"
127.0.0.1 - - [07/Dec/2025:08:03:13 -0800] "GET / HTTP/1.0" 200 163 "-" "-"
66.249.81.162 - - [07/Dec/2025:08:03:13 -0800] "GET /wp-content/uploads/2018/08/maxresdefault-27-696x392.jpg HTTP/1.1" 404 236 "-" "Mozilla/5.0 (Windows NT 5.1; rv:11.0) Gecko Firefox/11.0 (via ggpht.com GoogleImageProxy)"
66.249.81.161 - - [07/Dec/2025:08:03:14 -0800] "GET /wp-content/uploads/2018/08/maxresdefault-27-696x392.jpg HTTP/1.1" 404 236 "-" "Mozilla/5.0 (Windows NT 5.1; rv:11.0) Gecko Firefox/11.0 (via ggpht.com GoogleImageProxy)"
74.125.209.5 - - [07/Dec/2025:08:03:15 -0800] "GET /wp-content/uploads/2013/07/Maleek-Berry-Pic.jpeg HTTP/1.1" 404 236 "-" "Mozilla/5.0 (Windows NT 5.1; rv:11.0) Gecko Firefox/11.0 (via ggpht.com GoogleImageProxy)"
::1 - - [07/Dec/2025:08:03:17 -0800] "GET /whm-server-status HTTP/1.0" 200 1151513 "-" "Lynx/2.8.8dev.15 libwww-FM/2.14 SSL-MM/1.4.1 OpenSSL/1.0.1e-fips"
213.186.1.154 - - [07/Dec/2025:08:03:24 -0800] "GET /category/events/new-york-events-2 HTTP/1.1" 404 236 "-" "Mediatoolkitbot (complaints@mediatoolkit.com)"
74.7.228.8 - - [07/Dec/2025:08:03:26 -0800] "GET /robots.txt HTTP/1.1" 404 236 "-" "Mozilla/5.0 (Macintosh; Intel Mac OS X 10_15_7) AppleWebKit/537.36 (KHTML, like Gecko) Chrome/131.0.0.0 Safari/537.36; compatible; OAI-SearchBot/1.3; robots.txt; +https://openai.com/searchbot"
74.7.241.19 - - [07/Dec/2025:08:03:26 -0800] "GET /wp-content/uploads/2013/11/Screen-Shot-2013-11-27-at-9.06.08-PM.png HTTP/1.1" 404 236 "-" "Mozilla/5.0 AppleWebKit/537.36 (KHTML, like Gecko; compatible; GPTBot/1.3; +https://openai.com/gptbot)"
87.250.224.211 - - [07/Dec/2025:08:03:38 -0800] "GET /2014/10/05/new-music-tiwa-savage-colors-love/ HTTP/1.1" 404 236 "-" "Mozilla/5.0 (compatible; YandexBot/3.0; +http://yandex.com/bots)"
87.250.224.115 - - [07/Dec/2025:08:03:52 -0800] "GET /music-mp3/tweezy-love-justin-bieber-cover/ HTTP/1.1" 404 236 "-" "Mozilla/5.0 (compatible; YandexBot/3.0; +http://yandex.com/bots)"
116.179.32.235 - - [07/Dec/2025:08:03:52 -0800] "GET /music-mp3/afro-pop/zlatan-super-power-ft-davido-yonda/ HTTP/1.1" 404 236 "-" "Mozilla/5.0 (compatible; Baiduspider/2.0; +http://www.baidu.com/search/spider.html)"
87.250.224.92 - - [07/Dec/2025:08:03:53 -0800] "GET /2016/12/19/video-pepenazi-high-go-prod-htee/ HTTP/1.1" 404 236 "-" "Mozilla/5.0 (compatible; YandexBot/3.0; +http://yandex.com/bots)"
5.62.143.199 - - [07/Dec/2025:08:04:03 -0800] "GET http://www.jaguda.com/2013/04/26/new-video-iyanya-sexy-mama-ft-wizkid/ HTTP/1.1" 406 300 "-" "Mozilla/4.0 (compatible; MSIE 7.0; Windows NT 5.1; Trident/4.0; SE 2.X MetaSr 1.0; SE 2.X MetaSr 1.0; .NET CLR 2.0.50727; SE 2.X MetaSr 1.0)"
116.179.32.86 - - [07/Dec/2025:08:04:19 -0800] "GET /2013/09/28/new-music-miidae-shekere-ft-lkt/ HTTP/1.1" 404 236 "-" "Mozilla/5.0 (compatible; Baiduspider/2.0; +http://www.baidu.com/search/spider.html)"
::1 - - [07/Dec/2025:08:04:26 -0800] "GET /whm-server-status HTTP/1.0" 200 1151526 "-" "Lynx/2.8.8dev.15 libwww-FM/2.14 SSL-MM/1.4.1 OpenSSL/1.0.1e-fips"
87.250.224.110 - - [07/Dec/2025:08:04:44 -0800] "GET /2011/07/30/foxy-p-and-the-touts-enigma/ HTTP/1.1" 404 236 "-" "Mozilla/5.0 (compatible; YandexBot/3.0; +http://yandex.com/bots)"
132.230.196.146 - - [07/Dec/2025:08:04:44 -0800] "GET /wp-content/uploads/2013/01/Gbemi-and-Chuddy-K-on-the-set-of-Gbemi-1-150x150.jpg HTTP/1.1" 404 236 "-" "Mozilla/5.0 (X11; Ubuntu; Linux x86_64; rv:72.0) Gecko/20100101 Firefox/72.0"
220.181.108.155 - - [07/Dec/2025:08:04:45 -0800] "GET /2011/01/10/pdp-returns-incumbent-governors-at-primaries/ HTTP/1.1" 404 236 "-" "Mozilla/5.0 (compatible; Baiduspider/2.0; +http://www.baidu.com/search/spider.html)"
62.234.168.65 - - [07/Dec/2025:08:04:56 -0800] "GET /wp-content/uploads/2015/05/fani-kayode-girlfriend.jpg HTTP/1.1" 404 236 "-" "Mozilla/5.0 (X11; Ubuntu; Linux x86_64; rv:72.0) Gecko/20100101 Firefox/72.0"
127.0.0.1 - - [07/Dec/2025:08:05:01 -0800] "GET /whm-server-status HTTP/1.0" 200 1150368 "-" "-"
116.179.32.232 - - [07/Dec/2025:08:05:06 -0800] "GET /2015/08/18/new-music-soul2soul-lovina/ HTTP/1.1" 404 236 "-" "Mozilla/5.0 (compatible; Baiduspider/2.0; +http://www.baidu.com/search/spider.html)"
220.181.108.112 - - [07/Dec/2025:08:05:12 -0800] "GET /music-mp3/idja-kanye-jay-z-ft-beyonce-lift-off-co-produced-by-don-jazzy/ HTTP/1.1" 404 236 "-" "Mozilla/5.0 (compatible; Baiduspider/2.0; +http://www.baidu.com/search/spider.html)"
202.86.222.162 - - [07/Dec/2025:08:05:18 -0800] "GET http://jaguda.com/international-music/burna-boy-different-ft-damian-marley-angelique-kidjo/ HTTP/1.1" 406 300 "-" "Mozilla/5.0 (Macintosh; Intel Mac OS X 10_13_5) AppleWebKit/537.36 (KHTML, like Gecko) Chrome/69.0.3497.100 Safari/537.36"
170.231.252.170 - - [07/Dec/2025:08:05:25 -0800] "GET http://jaguda.com/social-issues/major-general-chris-olukolade-says-nigerian-military-will-remain-offensive/ HTTP/1.1" 406 300 "-" "Mozilla/4.0 (compatible; MSIE 7.0; Windows NT 5.1; Trident/4.0; SE 2.X MetaSr 1.0; SE 2.X MetaSr 1.0; .NET CLR 2.0.50727; SE 2.X MetaSr 1.0)"
87.250.224.76 - - [07/Dec/2025:08:05:32 -0800] "GET /2015/10/02/jim-iyke-describes-baby-mama-as-super-woman/ HTTP/1.1" 404 236 "-" "Mozilla/5.0 (compatible; YandexBot/3.0; +http://yandex.com/bots)"
104.250.52.191 - - [07/Dec/2025:08:05:32 -0800] "GET /2017/04/13/deesickthebaby-single-baby HTTP/1.1" 404 236 "-" "Mozilla/5.0 (Macintosh; Intel Mac OS X 10_15_7) AppleWebKit/537.36 (KHTML, like Gecko) Chrome/109.0.0.0 Safari/537.36"
213.180.203.227 - - [07/Dec/2025:08:05:33 -0800] "GET /music-mp3/rhs-s2-e16-dbanj-is-the-new-arsene-wenger/ HTTP/1.1" 404 236 "-" "Mozilla/5.0 (compatible; YandexBot/3.0; +http://yandex.com/bots)"
::1 - - [07/Dec/2025:08:05:35 -0800] "GET /whm-server-status HTTP/1.0" 200 1150463 "-" "Lynx/2.8.8dev.15 libwww-FM/2.14 SSL-MM/1.4.1 OpenSSL/1.0.1e-fips"
213.186.1.154 - - [07/Dec/2025:08:05:58 -0800] "GET /category/ent-news HTTP/1.1" 404 236 "-" "Mediatoolkitbot (complaints@mediatoolkit.com)"
186.129.27.191 - - [07/Dec/2025:08:05:59 -0800] "GET http://jaguda.com/2010/08/26/love-hurts-or-does-it/ HTTP/1.1" 406 300 "-" "Mozilla/4.0 (compatible; MSIE 7.0; Windows NT 5.1; Trident/4.0; SE 2.X MetaSr 1.0; SE 2.X MetaSr 1.0; .NET CLR 2.0.50727; SE 2.X MetaSr 1.0)"
220.181.108.104 - - [07/Dec/2025:08:06:05 -0800] "GET /music-mp3/new-music-dsp-fanta/ HTTP/1.1" 404 236 "-" "Mozilla/5.0 (compatible; Baiduspider/2.0; +http://www.baidu.com/search/spider.html)"
187.84.179.111 - - [07/Dec/2025:08:06:09 -0800] "GET http://jaguda.com/tag/scarlet/ HTTP/1.1" 406 300 "-" "Mozilla/4.0 (compatible; MSIE 7.0; Windows NT 5.1; Trident/4.0; SE 2.X MetaSr 1.0; SE 2.X MetaSr 1.0; .NET CLR 2.0.50727; SE 2.X MetaSr 1.0)"
116.179.32.24 - - [07/Dec/2025:08:06:32 -0800] "GET /2014/05/16/cristiano-ronaldos-model-girlfriend-go-far/ HTTP/1.1" 404 236 "-" "Mozilla/5.0 (compatible; Baiduspider/2.0; +http://www.baidu.com/search/spider.html)"
187.60.133.108 - - [07/Dec/2025:08:06:34 -0800] "GET http://jaguda.com/music-mp3/music-eli-rosse-waka-waka/ HTTP/1.1" 406 300 "-" "Mozilla/5.0 (Windows NT 10.0; Win64; x64) AppleWebKit/537.36 (KHTML, like Gecko) Chrome/111.0.0.0 Safari/537.36"
::1 - - [07/Dec/2025:08:06:44 -0800] "GET /whm-server-status HTTP/1.0" 200 1151450 "-" "Lynx/2.8.8dev.15 libwww-FM/2.14 SSL-MM/1.4.1 OpenSSL/1.0.1e-fips"
213.186.1.154 - - [07/Dec/2025:08:06:55 -0800] "GET /privacy-policy HTTP/1.1" 404 236 "-" "Mediatoolkitbot (complaints@mediatoolkit.com)"
220.181.108.110 - - [07/Dec/2025:08:06:58 -0800] "GET /music-mp3/afro-pop/page/89/ HTTP/1.1" 404 236 "-" "Mozilla/5.0 (compatible; Baiduspider/2.0; +http://www.baidu.com/search/spider.html)"
185.150.190.249 - - [07/Dec/2025:08:07:00 -0800] "GET /wp-content/uploads/2012/12/Koko-Concert-2-.jpg HTTP/1.1" 404 236 "-" "Mozilla/5.0 (Windows NT 10.0; Win64; x64) AppleWebKit/537.36"
185.150.190.249 - - [07/Dec/2025:08:07:00 -0800] "GET /wp-content/uploads/2012/12/Koko-Concert-2-.jpg HTTP/1.1" 404 236 "-" "Mozilla/5.0 (Windows NT 10.0; Win64; x64) AppleWebKit/537.36"
185.150.190.249 - - [07/Dec/2025:08:07:01 -0800] "GET /wp-content/uploads/2012/12/Koko-Concert-2-.jpg HTTP/1.1" 404 236 "-" "Mozilla/5.0 (Windows NT 10.0; Win64; x64) AppleWebKit/537.36"
102.210.42.46 - - [07/Dec/2025:08:07:11 -0800] "GET http://jaguda.com/2014/06/23/new-music-ten-grindin-ft-bils-x-czurebeats/ HTTP/1.1" 406 300 "-" "Mozilla/4.0 (compatible; MSIE 7.0; Windows NT 5.1; Trident/4.0; SE 2.X MetaSr 1.0; SE 2.X MetaSr 1.0; .NET CLR 2.0.50727; SE 2.X MetaSr 1.0)"
103.181.70.7 - - [07/Dec/2025:08:07:11 -0800] "GET http://jaguda.com/music-news/pictures-dj-cuppys-graduation-party/ HTTP/1.1" 406 300 "-" "Mozilla/5.0 (Windows NT 5.1; rv:5.0) Gecko/20100101 Firefox/5.0"
119.249.100.45 - - [07/Dec/2025:08:07:18 -0800] "GET /2015/07/10/new-music-timeyin-sure/ HTTP/1.1" 404 236 "-" "Mozilla/5.0 (Windows NT 10.0; WOW64) AppleWebKit/537.36 (KHTML, like Gecko) Chrome/48.0.2564.116 Safari/537.36"
116.179.32.72 - - [07/Dec/2025:08:07:24 -0800] "GET /2013/11/20/new-video-r2bees-love/ HTTP/1.1" 404 236 "-" "Mozilla/5.0 (compatible; Baiduspider/2.0; +http://www.baidu.com/search/spider.html)"
200.106.179.198 - - [07/Dec/2025:08:07:24 -0800] "GET http://jaguda.com/social-issues/goalkeeper-vincent-enyeama-announces-retirement-from-super-eagles/ HTTP/1.1" 406 300 "-" "Mozilla/5.0 (Macintosh; Intel Mac OS X 10_15_7) AppleWebKit/537.36 (KHTML, like Gecko) Chrome/132.0.0.0 Safari/537.36"
62.234.168.65 - - [07/Dec/2025:08:07:37 -0800] "GET /wp-content/uploads/2009/04/health-fair-flyer2-2009-back.jpg HTTP/1.1" 404 236 "-" "Mozilla/5.0 (X11; Ubuntu; Linux x86_64; rv:72.0) Gecko/20100101 Firefox/72.0"
220.181.108.168 - - [07/Dec/2025:08:07:51 -0800] "GET /2013/07/21/shocking-confession-how-i-beheaded-100-men-pounded-27-babies-slept-with-my-mother-shina-rambo/ HTTP/1.1" 404 236 "-" "Mozilla/5.0 (compatible; Baiduspider/2.0; +http://www.baidu.com/search/spider.html)"
::1 - - [07/Dec/2025:08:07:54 -0800] "GET /whm-server-status HTTP/1.0" 200 1151347 "-" "Lynx/2.8.8dev.15 libwww-FM/2.14 SSL-MM/1.4.1 OpenSSL/1.0.1e-fips"
213.180.203.12 - - [07/Dec/2025:08:08:07 -0800] "GET /social-issues/u-s-considers-visa-restrictions-on-nigerian-government-officials-withdrawal-of-aid-over-alamieyeseighas-pardon/ HTTP/1.1" 404 236 "-" "Mozilla/5.0 (compatible; YandexBot/3.0; +http://yandex.com/bots)"
37.59.21.100 - - [07/Dec/2025:08:08:09 -0800] "GET /2010/10/26/dj-e-cool-presents-naija-takeover-vol-2-2010-mixtape/feed/ HTTP/1.1" 404 236 "-" "Mozilla/5.0 (X11; Linux i686) AppleWebKit/537.36 (KHTML, like Gecko) Chrome/30.0.1599.66 Safari/537.36"
127.0.0.1 - - [07/Dec/2025:08:08:17 -0800] "GET / HTTP/1.0" 200 163 "-" "-"
116.179.32.161 - - [07/Dec/2025:08:08:17 -0800] "GET /2011/06/01/video-darey-the-white-room-performance/ HTTP/1.1" 404 236 "-" "Mozilla/5.0 (compatible; Baiduspider/2.0; +http://www.baidu.com/search/spider.html)"
213.186.1.154 - - [07/Dec/2025:08:08:39 -0800] "GET /category/editorials HTTP/1.1" 404 236 "-" "Mediatoolkitbot (complaints@mediatoolkit.com)"
116.179.32.71 - - [07/Dec/2025:08:08:43 -0800] "GET /2015/05/27/beauty-of-the-week-kehinde-bankole/ HTTP/1.1" 404 236 "-" "Mozilla/5.0 (compatible; Baiduspider/2.0; +http://www.baidu.com/search/spider.html)"
5.255.231.179 - - [07/Dec/2025:08:08:53 -0800] "GET /music-mp3/hot-eva-ft-olamide-x-sarkodie-deaf-dumb/ HTTP/1.1" 404 236 "-" "Mozilla/5.0 (compatible; YandexBot/3.0; +http://yandex.com/bots)"
::1 - - [07/Dec/2025:08:09:03 -0800] "GET /whm-server-status HTTP/1.0" 200 1151800 "-" "Lynx/2.8.8dev.15 libwww-FM/2.14 SSL-MM/1.4.1 OpenSSL/1.0.1e-fips"
220.181.108.178 - - [07/Dec/2025:08:09:10 -0800] "GET /music-news/the-2012-nigeria-music-video-awards-nmva-nominees/ HTTP/1.1" 404 236 "-" "Mozilla/5.0 (compatible; Baiduspider/2.0; +http://www.baidu.com/search/spider.html)"
45.166.154.107 - - [07/Dec/2025:08:09:27 -0800] "GET http://jaguda.com/music-mp3/new-music-goldie-jawo-ft-jaywon/ HTTP/1.1" 406 300 "-" "Mozilla/4.0 (compatible; MSIE 7.0; Windows NT 5.1; Trident/4.0; SE 2.X MetaSr 1.0; SE 2.X MetaSr 1.0; .NET CLR 2.0.50727; SE 2.X MetaSr 1.0)"
213.186.1.154 - - [07/Dec/2025:08:09:30 -0800] "GET /category/events/calabar HTTP/1.1" 404 236 "-" "Mediatoolkitbot (complaints@mediatoolkit.com)"
35.236.88.143 - - [07/Dec/2025:08:09:43 -0800] "HEAD /old/ HTTP/1.1" 404 - "-" "Mozilla/5.0 (Linux; Android 11; RMX2195) AppleWebKit/537.36 (KHTML, like Gecko) Chrome/120.0.6099.210 Mobile Safari/537.36 OPR/75.2.3995.72468"
35.236.88.143 - - [07/Dec/2025:08:09:43 -0800] "HEAD / HTTP/1.1" 200 - "-" "Mozilla/5.0 (Linux; Android 11; RMX2195) AppleWebKit/537.36 (KHTML, like Gecko) Chrome/120.0.6099.210 Mobile Safari/537.36 OPR/75.2.3995.72468"
35.236.88.143 - - [07/Dec/2025:08:09:43 -0800] "HEAD /wp/ HTTP/1.1" 404 - "-" "Mozilla/5.0 (Windows NT 10.0; Win64; x64) AppleWebKit/537.36 (KHTML, like Gecko) Chrome/126.0.6478.70 Safari/537.36 Vivaldi/6.7.3200.25"
35.236.88.143 - - [07/Dec/2025:08:09:43 -0800] "HEAD /blog/ HTTP/1.1" 404 - "-" "Mozilla/5.0 (X11; Linux x86_64) AppleWebKit/537.36 (KHTML, like Gecko) Chrome/125.0.6422.76 Safari/537.36"
35.236.88.143 - - [07/Dec/2025:08:09:43 -0800] "HEAD /backup/ HTTP/1.1" 404 - "-" "Mozilla/5.0 (Windows NT 11.0; Win64; x64) AppleWebKit/537.36 (KHTML, like Gecko) Chrome/128.0.6540.18 Safari/537.36"
35.236.88.143 - - [07/Dec/2025:08:09:43 -0800] "HEAD /new/ HTTP/1.1" 404 - "-" "Mozilla/5.0 (Linux; Android 12; Redmi Note 11) AppleWebKit/537.36 (KHTML, like Gecko) Chrome/123.0.6312.112 Mobile Safari/537.36"
35.236.88.143 - - [07/Dec/2025:08:09:43 -0800] "HEAD /wordpress/ HTTP/1.1" 404 - "-" "Mozilla/5.0 (Linux; Android 10; vivo 1904) AppleWebKit/537.36 (KHTML, like Gecko) Chrome/117.0.5938.60 Mobile Safari/537.36"
213.180.203.154 - - [07/Dec/2025:08:09:48 -0800] "GET /uncategorized/new-music-sempy-ft-champ-marley-say-wetin/ HTTP/1.1" 404 236 "-" "Mozilla/5.0 (compatible; YandexBot/3.0; +http://yandex.com/bots)"
20.39.200.114 - - [07/Dec/2025:08:09:55 -0800] "GET /wp-content/plugins/hellopress/wp_filemanager.php HTTP/1.1" 503 282 "-" "-"
20.39.200.114 - - [07/Dec/2025:08:09:57 -0800] "GET /class-t.api.php HTTP/1.1" 503 282 "-" "-"
20.39.200.114 - - [07/Dec/2025:08:09:57 -0800] "GET /zwso.php HTTP/1.1" 503 282 "-" "-"
20.39.200.114 - - [07/Dec/2025:08:09:58 -0800] "GET /wp-admin/css/colors/blue/index.php HTTP/1.1" 503 282 "-" "-"
20.39.200.114 - - [07/Dec/2025:08:09:59 -0800] "GET /class19.php HTTP/1.1" 503 282 "-" "-"
20.39.200.114 - - [07/Dec/2025:08:09:59 -0800] "GET /class20.php HTTP/1.1" 503 282 "-" "-"
20.39.200.114 - - [07/Dec/2025:08:10:00 -0800] "GET /admin.php?p= HTTP/1.1" 503 282 "-" "-"
127.0.0.1 - - [07/Dec/2025:08:10:01 -0800] "GET /whm-server-status HTTP/1.0" 200 1151568 "-" "-"
20.39.200.114 - - [07/Dec/2025:08:10:02 -0800] "GET /randkeyword.php HTTP/1.1" 503 282 "-" "-"
20.39.200.114 - - [07/Dec/2025:08:10:02 -0800] "GET /fwe.php HTTP/1.1" 503 282 "-" "-"
20.39.200.114 - - [07/Dec/2025:08:10:03 -0800] "GET /images/m.php HTTP/1.1" 503 282 "-" "-"
116.179.32.12 - - [07/Dec/2025:08:10:03 -0800] "GET /2015/01/09/charles-novia-is-giving-his-vote-all-the-way-to-goodluck-jonathantweets/ HTTP/1.1" 404 236 "-" "Mozilla/5.0 (compatible; Baiduspider/2.0; +http://www.baidu.com/search/spider.html)"
20.39.200.114 - - [07/Dec/2025:08:10:03 -0800] "GET /g.php HTTP/1.1" 503 282 "-" "-"
20.39.200.114 - - [07/Dec/2025:08:10:04 -0800] "GET /tx1.php HTTP/1.1" 503 282 "-" "-"
20.39.200.114 - - [07/Dec/2025:08:10:05 -0800] "GET /xv.php HTTP/1.1" 503 282 "-" "-"
20.39.200.114 - - [07/Dec/2025:08:10:06 -0800] "GET /x56.php HTTP/1.1" 503 282 "-" "-"
20.39.200.114 - - [07/Dec/2025:08:10:06 -0800] "GET /htaccess.php HTTP/1.1" 503 282 "-" "-"
20.39.200.114 - - [07/Dec/2025:08:10:07 -0800] "GET /readme.php HTTP/1.1" 503 282 "-" "-"
20.39.200.114 - - [07/Dec/2025:08:10:07 -0800] "GET /x50.php HTTP/1.1" 503 282 "-" "-"
20.39.200.114 - - [07/Dec/2025:08:10:08 -0800] "GET /fv.php HTTP/1.1" 503 282 "-" "-"
20.39.200.114 - - [07/Dec/2025:08:10:09 -0800] "GET /file.php? HTTP/1.1" 503 282 "-" "-"
20.39.200.114 - - [07/Dec/2025:08:10:09 -0800] "GET /lsd.php HTTP/1.1" 503 282 "-" "-"
20.39.200.114 - - [07/Dec/2025:08:10:10 -0800] "GET /as.php HTTP/1.1" 503 282 "-" "-"
20.39.200.114 - - [07/Dec/2025:08:10:10 -0800] "GET /wsd.php HTTP/1.1" 503 282 "-" "-"
20.39.200.114 - - [07/Dec/2025:08:10:11 -0800] "GET /gtc.php HTTP/1.1" 503 282 "-" "-"
20.39.200.114 - - [07/Dec/2025:08:10:12 -0800] "GET /atx.php HTTP/1.1" 503 282 "-" "-"
::1 - - [07/Dec/2025:08:10:12 -0800] "GET /whm-server-status HTTP/1.0" 200 1151114 "-" "Lynx/2.8.8dev.15 libwww-FM/2.14 SSL-MM/1.4.1 OpenSSL/1.0.1e-fips"
20.39.200.114 - - [07/Dec/2025:08:10:12 -0800] "GET /z60.php HTTP/1.1" 503 282 "-" "-"
20.39.200.114 - - [07/Dec/2025:08:10:13 -0800] "GET /403.php HTTP/1.1" 503 282 "-" "-"
20.39.200.114 - - [07/Dec/2025:08:10:14 -0800] "GET /m.php HTTP/1.1" 503 282 "-" "-"
20.39.200.114 - - [07/Dec/2025:08:10:14 -0800] "GET /themes.php HTTP/1.1" 503 282 "-" "-"
20.39.200.114 - - [07/Dec/2025:08:10:15 -0800] "GET /wp-admin/maint/about.php HTTP/1.1" 503 282 "-" "-"
20.39.200.114 - - [07/Dec/2025:08:10:15 -0800] "GET /wp-admin/network/wp-conflg.php?p= HTTP/1.1" 503 282 "-" "-"
20.39.200.114 - - [07/Dec/2025:08:10:16 -0800] "GET /click.php HTTP/1.1" 503 282 "-" "-"
20.39.200.114 - - [07/Dec/2025:08:10:17 -0800] "GET /install.php HTTP/1.1" 503 282 "-" "-"
20.39.200.114 - - [07/Dec/2025:08:10:17 -0800] "GET /lv.php HTTP/1.1" 503 282 "-" "-"
20.39.200.114 - - [07/Dec/2025:08:10:18 -0800] "GET /simple.php HTTP/1.1" 503 282 "-" "-"
20.39.200.114 - - [07/Dec/2025:08:10:19 -0800] "GET /css.php HTTP/1.1" 503 282 "-" "-"
20.39.200.114 - - [07/Dec/2025:08:10:19 -0800] "GET /cong.php HTTP/1.1" 503 282 "-" "-"
20.39.200.114 - - [07/Dec/2025:08:10:20 -0800] "GET /wp-includes/images/wp-login.php HTTP/1.1" 503 282 "-" "-"
20.39.200.114 - - [07/Dec/2025:08:10:20 -0800] "GET /cong.php HTTP/1.1" 503 282 "-" "-"
20.39.200.114 - - [07/Dec/2025:08:10:21 -0800] "GET /w.php HTTP/1.1" 503 282 "-" "-"
199.127.62.242 - - [07/Dec/2025:08:10:21 -0800] "GET /wp-content/uploads/2013/10/C-Man-Reformation.jpg HTTP/1.1" 404 236 "-" "Mozilla/5.0 (Windows NT 10.0; Win64; x64) AppleWebKit/537.36"
199.127.62.242 - - [07/Dec/2025:08:10:21 -0800] "GET /wp-content/uploads/2013/10/C-Man-Reformation.jpg HTTP/1.1" 404 236 "-" "Mozilla/5.0 (Windows NT 10.0; Win64; x64) AppleWebKit/537.36"
20.39.200.114 - - [07/Dec/2025:08:10:21 -0800] "GET /404.php HTTP/1.1" 503 282 "-" "-"
199.127.62.242 - - [07/Dec/2025:08:10:22 -0800] "GET /wp-content/uploads/2013/10/C-Man-Reformation.jpg HTTP/1.1" 404 236 "-" "Mozilla/5.0 (Windows NT 10.0; Win64; x64) AppleWebKit/537.36"
20.39.200.114 - - [07/Dec/2025:08:10:22 -0800] "GET /ioxi-o.php HTTP/1.1" 503 282 "-" "-"
20.39.200.114 - - [07/Dec/2025:08:10:23 -0800] "GET /0x.php HTTP/1.1" 503 282 "-" "-"
20.39.200.114 - - [07/Dec/2025:08:10:24 -0800] "GET /css.php HTTP/1.1" 503 282 "-" "-"
20.39.200.114 - - [07/Dec/2025:08:10:24 -0800] "GET /222.php HTTP/1.1" 503 282 "-" "-"
20.39.200.114 - - [07/Dec/2025:08:10:24 -0800] "GET /wp-content/index.php HTTP/1.1" 503 282 "-" "-"
20.39.200.114 - - [07/Dec/2025:08:10:25 -0800] "GET /admin.php HTTP/1.1" 503 282 "-" "-"
20.39.200.114 - - [07/Dec/2025:08:10:26 -0800] "GET /wp-admin/maint/maint.php HTTP/1.1" 503 282 "-" "-"
20.39.200.114 - - [07/Dec/2025:08:10:26 -0800] "GET /classwithtostring.php HTTP/1.1" 503 282 "-" "-"
20.39.200.114 - - [07/Dec/2025:08:10:27 -0800] "GET /abcd.php HTTP/1.1" 503 282 "-" "-"
62.234.168.65 - - [07/Dec/2025:08:10:27 -0800] "GET /wp-content/uploads/2014/04/Tsleek-150x150.jpg HTTP/1.1" 404 236 "-" "Mozilla/5.0 (X11; Ubuntu; Linux x86_64; rv:72.0) Gecko/20100101 Firefox/72.0"
20.39.200.114 - - [07/Dec/2025:08:10:27 -0800] "GET /autoload_classmap.php?p= HTTP/1.1" 503 282 "-" "-"
20.39.200.114 - - [07/Dec/2025:08:10:28 -0800] "GET /inputs.php HTTP/1.1" 503 282 "-" "-"
20.39.200.114 - - [07/Dec/2025:08:10:29 -0800] "GET /about.php HTTP/1.1" 503 282 "-" "-"
20.39.200.114 - - [07/Dec/2025:08:10:30 -0800] "GET /alfa.php HTTP/1.1" 503 282 "-" "-"
20.39.200.114 - - [07/Dec/2025:08:10:31 -0800] "GET /themes/twentytwentytwo/index.php HTTP/1.1" 503 282 "-" "-"
20.39.200.114 - - [07/Dec/2025:08:10:31 -0800] "GET /wp-admin/js/wp-conflg.php?p= HTTP/1.1" 503 282 "-" "-"
20.39.200.114 - - [07/Dec/2025:08:10:32 -0800] "GET /wp-admin/wp-conflg.php?p= HTTP/1.1" 503 282 "-" "-"
20.39.200.114 - - [07/Dec/2025:08:10:32 -0800] "GET /wp-admin/css/wp-conflg.php?p= HTTP/1.1" 503 282 "-" "-"
213.180.203.129 - - [07/Dec/2025:08:10:33 -0800] "GET /2010/10/21/new-video-eldee-cash-out-freestyle/ HTTP/1.1" 404 236 "-" "Mozilla/5.0 (compatible; YandexBot/3.0; +http://yandex.com/bots)"
20.39.200.114 - - [07/Dec/2025:08:10:33 -0800] "GET /manager.php?p= HTTP/1.1" 503 282 "-" "-"
20.39.200.114 - - [07/Dec/2025:08:10:33 -0800] "GET /item.php HTTP/1.1" 503 282 "-" "-"
20.39.200.114 - - [07/Dec/2025:08:10:34 -0800] "GET /plugins/Cache/footer.php HTTP/1.1" 503 282 "-" "-"
20.39.200.114 - - [07/Dec/2025:08:10:35 -0800] "GET /404.php HTTP/1.1" 503 282 "-" "-"
20.39.200.114 - - [07/Dec/2025:08:10:35 -0800] "GET /mail.php HTTP/1.1" 503 282 "-" "-"
20.39.200.114 - - [07/Dec/2025:08:10:36 -0800] "GET /wp-content/plugins/index.php HTTP/1.1" 503 282 "-" "-"
20.39.200.114 - - [07/Dec/2025:08:10:36 -0800] "GET /sx.php HTTP/1.1" 503 282 "-" "-"
20.39.200.114 - - [07/Dec/2025:08:10:37 -0800] "GET /wp-admin/maint/admin.php HTTP/1.1" 503 282 "-" "-"
20.39.200.114 - - [07/Dec/2025:08:10:38 -0800] "GET /alfa.php HTTP/1.1" 503 282 "-" "-"
20.39.200.114 - - [07/Dec/2025:08:10:38 -0800] "GET /1.php HTTP/1.1" 503 282 "-" "-"
20.39.200.114 - - [07/Dec/2025:08:10:39 -0800] "GET /byp.php HTTP/1.1" 503 282 "-" "-"
20.39.200.114 - - [07/Dec/2025:08:10:39 -0800] "GET /wp-trackback.php HTTP/1.1" 503 282 "-" "-"
20.39.200.114 - - [07/Dec/2025:08:10:40 -0800] "GET /.well-known/index.php HTTP/1.1" 503 282 "-" "-"
20.39.200.114 - - [07/Dec/2025:08:10:40 -0800] "GET /wp-admin/network/plugins.php HTTP/1.1" 503 282 "-" "-"
20.39.200.114 - - [07/Dec/2025:08:10:41 -0800] "GET /wp-admin/about.php HTTP/1.1" 503 282 "-" "-"
20.39.200.114 - - [07/Dec/2025:08:10:41 -0800] "GET /gmo.php HTTP/1.1" 503 282 "-" "-"
20.39.200.114 - - [07/Dec/2025:08:10:42 -0800] "GET /wp-includes/ID3/about.php HTTP/1.1" 503 282 "-" "-"
20.39.200.114 - - [07/Dec/2025:08:10:42 -0800] "GET /css/index.php HTTP/1.1" 503 282 "-" "-"
20.39.200.114 - - [07/Dec/2025:08:10:43 -0800] "GET /wp-includes/SimplePie/wp-login.php HTTP/1.1" 503 282 "-" "-"
20.39.200.114 - - [07/Dec/2025:08:10:44 -0800] "GET /wp-content/themes/about.php HTTP/1.1" 503 282 "-" "-"
20.39.200.114 - - [07/Dec/2025:08:10:45 -0800] "GET /filemanager/dialog.php HTTP/1.1" 503 282 "-" "-"
20.39.200.114 - - [07/Dec/2025:08:10:46 -0800] "GET /wp-admin/maint/index.php HTTP/1.1" 503 282 "-" "-"
20.39.200.114 - - [07/Dec/2025:08:10:47 -0800] "GET /wp-includes/customize/about.php HTTP/1.1" 503 282 "-" "-"
20.39.200.114 - - [07/Dec/2025:08:10:47 -0800] "GET /index/function.php HTTP/1.1" 503 282 "-" "-"
20.39.200.114 - - [07/Dec/2025:08:10:48 -0800] "GET /uploads/autoload_classmap.php HTTP/1.1" 503 282 "-" "-"
20.39.200.114 - - [07/Dec/2025:08:10:49 -0800] "GET /wp-includes/style-engine/about.php HTTP/1.1" 503 282 "-" "-"
20.39.200.114 - - [07/Dec/2025:08:10:49 -0800] "GET /ww1.php HTTP/1.1" 503 282 "-" "-"
20.39.200.114 - - [07/Dec/2025:08:10:50 -0800] "GET /about/function.php HTTP/1.1" 503 282 "-" "-"
20.39.200.114 - - [07/Dec/2025:08:10:51 -0800] "GET /admin/function.php HTTP/1.1" 503 282 "-" "-"
20.39.200.114 - - [07/Dec/2025:08:10:51 -0800] "GET /.well-known/acme-challenge/index.php HTTP/1.1" 503 282 "-" "-"
20.39.200.114 - - [07/Dec/2025:08:10:52 -0800] "GET /css/colors/blue/index.php HTTP/1.1" 503 282 "-" "-"
132.230.196.146 - - [07/Dec/2025:08:10:52 -0800] "GET /wp-content/uploads/2013/06/as-in-profile-134x90.jpg HTTP/1.1" 404 236 "-" "Mozilla/5.0 (X11; Ubuntu; Linux x86_64; rv:72.0) Gecko/20100101 Firefox/72.0"
20.39.200.114 - - [07/Dec/2025:08:10:53 -0800] "GET /security.php HTTP/1.1" 503 282 "-" "-"
20.39.200.114 - - [07/Dec/2025:08:10:55 -0800] "GET /wp-admin/user/about.php HTTP/1.1" 503 282 "-" "-"
20.39.200.114 - - [07/Dec/2025:08:10:55 -0800] "GET /wp-admin/js/index.php HTTP/1.1" 503 282 "-" "-"
62.234.168.65 - - [07/Dec/2025:08:10:55 -0800] "GET /wp-content/uploads/2012/02/Azonto-Madness-Mixtape.jpg HTTP/1.1" 404 236 "-" "Mozilla/5.0 (X11; Ubuntu; Linux x86_64; rv:72.0) Gecko/20100101 Firefox/72.0"
20.39.200.114 - - [07/Dec/2025:08:10:56 -0800] "GET /wp-content/upgrade/about.php HTTP/1.1" 503 282 "-" "-"
20.39.200.114 - - [07/Dec/2025:08:10:57 -0800] "GET /wp-includes/assets/index.php HTTP/1.1" 503 282 "-" "-"
20.39.200.114 - - [07/Dec/2025:08:10:57 -0800] "GET /wp-content/radio.php HTTP/1.1" 503 282 "-" "-"
20.39.200.114 - - [07/Dec/2025:08:10:58 -0800] "GET /wp-includes/fonts/index.php?p= HTTP/1.1" 503 282 "-" "-"
119.249.100.43 - - [07/Dec/2025:08:10:59 -0800] "GET /2013/03/01/nigerian-artiste-damouche-shot-dead/ HTTP/1.1" 404 236 "-" "Mozilla/5.0 (Windows NT 10.0; WOW64) AppleWebKit/537.36 (KHTML, like Gecko) Chrome/48.0.2564.116 Safari/537.36"
20.39.200.114 - - [07/Dec/2025:08:10:59 -0800] "GET /.well-known/admin.php HTTP/1.1" 503 282 "-" "-"
20.39.200.114 - - [07/Dec/2025:08:11:00 -0800] "GET /wp-content/admin.php HTTP/1.1" 503 282 "-" "-"
20.39.200.114 - - [07/Dec/2025:08:11:01 -0800] "GET /wp-content/plugins/admin.php HTTP/1.1" 503 282 "-" "-"
20.39.200.114 - - [07/Dec/2025:08:11:03 -0800] "GET /wp-content/themes/twentytwentytwo/index.php?p= HTTP/1.1" 503 282 "-" "-"
20.39.200.114 - - [07/Dec/2025:08:11:03 -0800] "GET /.well-known/log.php HTTP/1.1" 503 282 "-" "-"
20.39.200.114 - - [07/Dec/2025:08:11:04 -0800] "GET /class.php HTTP/1.1" 503 282 "-" "-"
20.39.200.114 - - [07/Dec/2025:08:11:05 -0800] "GET /bless5.php HTTP/1.1" 503 282 "-" "-"
20.39.200.114 - - [07/Dec/2025:08:11:05 -0800] "GET /wp-includes/js/codemirror/index.php HTTP/1.1" 503 282 "-" "-"
20.39.200.114 - - [07/Dec/2025:08:11:07 -0800] "GET /wp-includes/block-patterns/index.php HTTP/1.1" 503 282 "-" "-"
20.39.200.114 - - [07/Dec/2025:08:11:08 -0800] "GET /lock360.php HTTP/1.1" 503 282 "-" "-"
20.39.200.114 - - [07/Dec/2025:08:11:09 -0800] "GET /f35.php HTTP/1.1" 503 282 "-" "-"
20.39.200.114 - - [07/Dec/2025:08:11:10 -0800] "GET /ioxi-o1.php HTTP/1.1" 503 282 "-" "-"
20.39.200.114 - - [07/Dec/2025:08:11:11 -0800] "GET /juuuu.php HTTP/1.1" 503 282 "-" "-"
20.39.200.114 - - [07/Dec/2025:08:11:11 -0800] "GET /ha.php HTTP/1.1" 503 282 "-" "-"
20.39.200.114 - - [07/Dec/2025:08:11:12 -0800] "GET /gg.php HTTP/1.1" 503 282 "-" "-"
20.39.200.114 - - [07/Dec/2025:08:11:13 -0800] "GET /we2.php HTTP/1.1" 503 282 "-" "-"
20.39.200.114 - - [07/Dec/2025:08:11:14 -0800] "GET /04.php HTTP/1.1" 503 282 "-" "-"
20.39.200.114 - - [07/Dec/2025:08:11:14 -0800] "GET /333.php HTTP/1.1" 503 282 "-" "-"
20.39.200.114 - - [07/Dec/2025:08:11:15 -0800] "GET /520.php HTTP/1.1" 503 282 "-" "-"
20.39.200.114 - - [07/Dec/2025:08:11:16 -0800] "GET /ar.php HTTP/1.1" 503 282 "-" "-"
20.39.200.114 - - [07/Dec/2025:08:11:16 -0800] "GET /x.php HTTP/1.1" 503 282 "-" "-"
20.39.200.114 - - [07/Dec/2025:08:11:17 -0800] "GET /xx.php HTTP/1.1" 503 282 "-" "-"
20.39.200.114 - - [07/Dec/2025:08:11:18 -0800] "GET /gifclass4.php HTTP/1.1" 503 282 "-" "-"
20.39.200.114 - - [07/Dec/2025:08:11:19 -0800] "GET /2clas.php HTTP/1.1" 503 282 "-" "-"
20.39.200.114 - - [07/Dec/2025:08:11:19 -0800] "GET /ave.php HTTP/1.1" 503 282 "-" "-"
20.39.200.114 - - [07/Dec/2025:08:11:20 -0800] "GET /wrt.php HTTP/1.1" 503 282 "-" "-"
20.39.200.114 - - [07/Dec/2025:08:11:21 -0800] "GET /bibil.php HTTP/1.1" 503 282 "-" "-"
::1 - - [07/Dec/2025:08:11:21 -0800] "GET /whm-server-status HTTP/1.0" 200 1151248 "-" "Lynx/2.8.8dev.15 libwww-FM/2.14 SSL-MM/1.4.1 OpenSSL/1.0.1e-fips"
20.39.200.114 - - [07/Dec/2025:08:11:22 -0800] "GET /radio.php HTTP/1.1" 503 282 "-" "-"
20.39.200.114 - - [07/Dec/2025:08:11:22 -0800] "GET /files.php HTTP/1.1" 503 282 "-" "-"
20.39.200.114 - - [07/Dec/2025:08:11:23 -0800] "GET /file7.php HTTP/1.1" 503 282 "-" "-"
20.39.200.114 - - [07/Dec/2025:08:11:24 -0800] "GET /gifclass.php HTTP/1.1" 503 282 "-" "-"
20.39.200.114 - - [07/Dec/2025:08:11:25 -0800] "GET /wp-admin/css/colors/midnight/about.php HTTP/1.1" 503 282 "-" "-"
20.39.200.114 - - [07/Dec/2025:08:11:26 -0800] "GET /nox.php HTTP/1.1" 503 282 "-" "-"
20.39.200.114 - - [07/Dec/2025:08:11:27 -0800] "GET /file48.php HTTP/1.1" 503 282 "-" "-"
20.39.200.114 - - [07/Dec/2025:08:11:28 -0800] "GET /info.php HTTP/1.1" 503 282 "-" "-"
20.39.200.114 - - [07/Dec/2025:08:11:29 -0800] "GET /class9.php HTTP/1.1" 503 282 "-" "-"
20.39.200.114 - - [07/Dec/2025:08:11:30 -0800] "GET /la.php HTTP/1.1" 503 282 "-" "-"
20.39.200.114 - - [07/Dec/2025:08:11:31 -0800] "GET /bless11.php HTTP/1.1" 503 282 "-" "-"
20.39.200.114 - - [07/Dec/2025:08:11:31 -0800] "GET /ccou.php HTTP/1.1" 503 282 "-" "-"
20.39.200.114 - - [07/Dec/2025:08:11:32 -0800] "GET /ton.php HTTP/1.1" 503 282 "-" "-"
20.39.200.114 - - [07/Dec/2025:08:11:32 -0800] "GET /403.php HTTP/1.1" 503 282 "-" "-"
20.39.200.114 - - [07/Dec/2025:08:11:33 -0800] "GET /file9.php HTTP/1.1" 503 282 "-" "-"
20.39.200.114 - - [07/Dec/2025:08:11:36 -0800] "GET /ac.php HTTP/1.1" 503 282 "-" "-"
20.39.200.114 - - [07/Dec/2025:08:11:37 -0800] "GET /new4.php HTTP/1.1" 503 282 "-" "-"
20.39.200.114 - - [07/Dec/2025:08:11:38 -0800] "GET /pop.php HTTP/1.1" 503 282 "-" "-"
20.39.200.114 - - [07/Dec/2025:08:11:39 -0800] "GET /az.php HTTP/1.1" 503 282 "-" "-"
20.39.200.114 - - [07/Dec/2025:08:11:39 -0800] "GET /xaz.php HTTP/1.1" 503 282 "-" "-"
20.39.200.114 - - [07/Dec/2025:08:11:40 -0800] "GET /up4.php HTTP/1.1" 503 282 "-" "-"
20.39.200.114 - - [07/Dec/2025:08:11:40 -0800] "GET /1aa.php HTTP/1.1" 503 282 "-" "-"
20.39.200.114 - - [07/Dec/2025:08:11:42 -0800] "GET /elp.php HTTP/1.1" 503 282 "-" "-"
20.39.200.114 - - [07/Dec/2025:08:11:43 -0800] "GET /wtz.php HTTP/1.1" 503 282 "-" "-"
20.39.200.114 - - [07/Dec/2025:08:11:43 -0800] "GET /galex.php HTTP/1.1" 503 282 "-" "-"
20.39.200.114 - - [07/Dec/2025:08:11:44 -0800] "GET /xb.php HTTP/1.1" 503 282 "-" "-"
20.39.200.114 - - [07/Dec/2025:08:11:45 -0800] "GET /ova.php HTTP/1.1" 503 282 "-" "-"
20.39.200.114 - - [07/Dec/2025:08:11:45 -0800] "GET /vx.php HTTP/1.1" 503 282 "-" "-"
216.244.66.235 - - [07/Dec/2025:08:11:46 -0800] "GET /fashion/photo-name-call-eva-alordiahs-new-funky-hairstyle/ HTTP/1.1" 404 236 "-" "Mozilla/5.0 (compatible; DotBot/1.2; +https://opensiteexplorer.org/dotbot; help@moz.com)"
20.39.200.114 - - [07/Dec/2025:08:11:47 -0800] "GET /rh.php HTTP/1.1" 503 282 "-" "-"
