47.128.121.163 - - [07/Dec/2025:06:04:05 -0800] "GET /wp-content/uploads/2013/11/Untitled4.png HTTP/1.1" 404 236 "http://ejivibes.blogspot.com/" "Mozilla/5.0 (Linux; Android 5.0) AppleWebKit/537.36 (KHTML, like Gecko) Mobile Safari/537.36 (compatible; TikTokSpider; ttspider-feedback@tiktok.com)"
172.161.75.8 - - [07/Dec/2025:06:04:05 -0800] "GET /wp-content/uploads/ HTTP/1.1" 200 37319 "https://www.google.de/" "Mozilla/5.0 (Linux; Android 13; M2101K6G) AppleWebKit/537.36 (KHTML, like Gecko) Chrome/116.0.0.0 Mobile Safari/537.36"
20.205.13.31 - - [07/Dec/2025:06:04:06 -0800] "GET /inputs.php HTTP/1.1" 503 282 "https://www.google.fr/" "Mozilla/5.0 (Linux; Android 12; V2134) AppleWebKit/537.36 (KHTML, like Gecko) Chrome/116.0.0.0 Mobile Safari/537.36"
172.161.75.8 - - [07/Dec/2025:06:04:06 -0800] "GET /wp-content/uploads/index.php HTTP/1.1" 200 37328 "https://www.google.co.uk/" "Mozilla/5.0 (Linux; Android 11; CPH2251) AppleWebKit/537.36 (KHTML, like Gecko) Chrome/116.0.0.0 Mobile Safari/537.36"
20.205.13.31 - - [07/Dec/2025:06:04:07 -0800] "GET /mah.php HTTP/1.1" 503 282 "https://duckduckgo.com/" "Mozilla/5.0 (Linux; Android 12; V2134) AppleWebKit/537.36 (KHTML, like Gecko) Chrome/116.0.0.0 Mobile Safari/537.36"
172.161.75.8 - - [07/Dec/2025:06:04:06 -0800] "GET /wp-good.php HTTP/1.1" 200 37311 "https://www.google.com/" "Mozilla/5.0 (iPad; CPU OS 17_0_3 like Mac OS X) AppleWebKit/605.1.15 (KHTML, like Gecko) Version/17.0.1 Mobile/15E148 Safari/604.1"
172.161.75.8 - - [07/Dec/2025:06:04:07 -0800] "GET /wp-includes/Requests/index.php HTTP/1.1" 200 37330 "https://www.google.de/" "Mozilla/5.0 (Linux; Android 14; Pixel 8 Pro) AppleWebKit/537.36 (KHTML, like Gecko) Chrome/119.0.0.0 Mobile Safari/537.36"
20.205.13.31 - - [07/Dec/2025:06:04:08 -0800] "GET /mah/function.php HTTP/1.1" 503 282 "https://www.bing.com/" "Mozilla/5.0 (iPhone; CPU iPhone OS 17_1 like Mac OS X) AppleWebKit/605.1.15 (KHTML, like Gecko) CriOS/119.0.6045.109 Mobile/15E148 Safari/604.1"
172.161.75.8 - - [07/Dec/2025:06:04:09 -0800] "GET /wp-includes/SimplePie/autoload_classmap.php HTTP/1.1" 200 37343 "https://www.google.fr/" "Mozilla/5.0 (Linux; Android 12; V2134) AppleWebKit/537.36 (KHTML, like Gecko) Chrome/116.0.0.0 Mobile Safari/537.36"
20.205.13.31 - - [07/Dec/2025:06:04:10 -0800] "GET /mini.php HTTP/1.1" 503 282 "https://www.google.co.uk/" "Mozilla/5.0 (Linux; Android 11; CPH2251) AppleWebKit/537.36 (KHTML, like Gecko) Chrome/116.0.0.0 Mobile Safari/537.36"
172.161.75.8 - - [07/Dec/2025:06:04:10 -0800] "GET /wp-includes/Text/Diff/Renderer/index.php HTTP/1.1" 200 37340 "https://www.yahoo.com/" "Mozilla/5.0 (Linux; Android 11; CPH2251) AppleWebKit/537.36 (KHTML, like Gecko) Chrome/116.0.0.0 Mobile Safari/537.36"
20.205.13.31 - - [07/Dec/2025:06:04:11 -0800] "GET /modules/mod_simplefileuploadv1.3/elements/ HTTP/1.1" 503 282 "https://www.bing.com/" "Mozilla/5.0 (iPhone; CPU iPhone OS 15_7_9 like Mac OS X) AppleWebKit/605.1.15 (KHTML, like Gecko) Version/15.6.5 Mobile/15E148 Safari/604.1"
172.161.75.8 - - [07/Dec/2025:06:04:11 -0800] "GET /wp-includes/assets/autoload_classmap.php HTTP/1.1" 200 37340 "https://www.google.co.uk/" "Mozilla/5.0 (Linux; Android 12; 2201116SG) AppleWebKit/537.36 (KHTML, like Gecko) Chrome/116.0.0.0 Mobile Safari/537.36"
172.161.75.8 - - [07/Dec/2025:06:04:12 -0800] "GET /wp-includes/bk/index.php HTTP/1.1" 200 37324 "https://www.google.fr/" "Mozilla/5.0 (Linux; Android 13; M2101K6G) AppleWebKit/537.36 (KHTML, like Gecko) Chrome/116.0.0.0 Mobile Safari/537.36"
20.205.13.31 - - [07/Dec/2025:06:04:12 -0800] "GET /new.php HTTP/1.1" 503 282 "https://www.yahoo.com/" "Mozilla/5.g (Linux; Android 13; Pixel 7) AppleWebKit/537.36 (KHTML, like Gecko) Chrome/116.0.0.0 Mobile Safari/537.36"
172.161.75.8 - - [07/Dec/2025:06:04:13 -0800] "GET /wp-includes/customize/chosen.php HTTP/1.1" 200 37332 "https://www.google.co.uk/" "Mozilla/5.0 (Linux; Android 12; 2201116SG) AppleWebKit/537.36 (KHTML, like Gecko) Chrome/116.0.0.0 Mobile Safari/537.36"
20.205.13.31 - - [07/Dec/2025:06:04:14 -0800] "GET /options-reading.php HTTP/1.1" 503 282 "https://www.google.com/" "Mozilla/5.0 (Linux; Android 14; Pixel 8 Pro) AppleWebKit/537.36 (KHTML, like Gecko) Chrome/119.0.0.0 Mobile Safari/537.36"
172.161.75.8 - - [07/Dec/2025:06:04:14 -0800] "GET /wp-includes/index.php HTTP/1.1" 200 37321 "https://www.google.fr/" "Mozilla/5.0 (Linux; Android 11; CPH2251) AppleWebKit/537.36 (KHTML, like Gecko) Chrome/116.0.0.0 Mobile Safari/537.36"
172.161.75.8 - - [07/Dec/2025:06:04:15 -0800] "GET /wp-includes/js/codemirror/index.php HTTP/1.1" 200 37335 "https://www.google.fr/" "Mozilla/5.0 (iPhone; CPU iPhone OS 17_0_3 like Mac OS X) AppleWebKit/605.1.15 (KHTML, like Gecko) Version/17.0.1 Mobile/15E148 Safari/604.1"
20.205.13.31 - - [07/Dec/2025:06:04:15 -0800] "GET /simple.php HTTP/1.1" 503 282 "https://www.google.fr/" "Mozilla/5.0 (Linux; Android 10; K) AppleWebKit/537.36 (KHTML, like Gecko) Chrome/117.0.0.0 Mobile Safari/537.36"
172.161.75.8 - - [07/Dec/2025:06:04:15 -0800] "GET /wp-includes/js/jquery/jquery.php HTTP/1.1" 200 37332 "https://www.google.fr/" "Mozilla/5.0 (Linux; Android 13; SM-G991U) AppleWebKit/537.36 (KHTML, like Gecko) Chrome/117.0.0.0 Mobile Safari/537.36"
20.205.13.31 - - [07/Dec/2025:06:04:17 -0800] "GET /uploads/ HTTP/1.1" 503 282 "https://www.google.fr/" "Mozilla/5.0 (Linux; Android 13; M2101K6G) AppleWebKit/537.36 (KHTML, like Gecko) Chrome/116.0.0.0 Mobile Safari/537.36"
172.161.75.8 - - [07/Dec/2025:06:04:16 -0800] "GET /wp-includes/random_compat/index.php HTTP/1.1" 200 37335 "https://www.yahoo.com/" "Mozilla/5.0 (Linux; Android 13; SM-S908E) AppleWebKit/537.36 (KHTML, like Gecko) Chrome/116.0.0.0 Mobile Safari/537.36"
20.205.13.31 - - [07/Dec/2025:06:04:18 -0800] "GET /modules/mod_simplefileuploadv1.3/elements/index.php HTTP/1.1" 503 282 "https://www.google.com/" "Mozilla/5.0 (Linux; Android 13; SM-S908E) AppleWebKit/537.36 (KHTML, like Gecko) Chrome/116.0.0.0 Mobile Safari/537.36"
172.161.75.8 - - [07/Dec/2025:06:04:18 -0800] "GET /wp-includes/rest-api/index.php HTTP/1.1" 200 37330 "https://www.yahoo.com/" "Mozilla/5.0 (iPhone; CPU iPhone OS 17_1 like Mac OS X) AppleWebKit/605.1.15 (KHTML, like Gecko) CriOS/119.0.6045.109 Mobile/15E148 Safari/604.1"
20.205.13.31 - - [07/Dec/2025:06:04:19 -0800] "GET /new.php HTTP/1.1" 503 282 "https://www.google.de/" "Mozilla/5.0 (Linux; Android 14; Pixel 8 Pro) AppleWebKit/537.36 (KHTML, like Gecko) Chrome/119.0.0.0 Mobile Safari/537.36"
172.161.75.8 - - [07/Dec/2025:06:04:19 -0800] "GET /wp-includes/sitemaps/providers/index.php HTTP/1.1" 200 37340 "https://www.google.fr/" "Mozilla/5.0 (iPhone; CPU iPhone OS 17_1_1 like Mac OS X) AppleWebKit/605.1.15 (KHTML, like Gecko) Version/17.1 Mobile/15E148 Safari/604.1"
20.205.13.31 - - [07/Dec/2025:06:04:21 -0800] "GET /public/files/index.php HTTP/1.1" 503 282 "https://www.bing.com/" "Mozilla/5.0 (iPhone; CPU iPhone OS 17_0_3 like Mac OS X) AppleWebKit/605.1.15 (KHTML, like Gecko) Version/17.0.1 Mobile/15E148 Safari/604.1"
192.178.8.67 - - [07/Dec/2025:06:04:21 -0800] "GET /wp-content/uploads/2015/10/wande-coal-new-photos-696x696.jpg HTTP/1.1" 404 236 "-" "Mozilla/5.0 (Windows NT 5.1; rv:11.0) Gecko Firefox/11.0 (via ggpht.com GoogleImageProxy)"
172.161.75.8 - - [07/Dec/2025:06:04:20 -0800] "GET /wp-includes/style-engine/wp-conflg.php HTTP/1.1" 200 37338 "https://www.yahoo.com/" "Mozilla/5.0 (Linux; Android 11; 21081111RG) AppleWebKit/537.36 (KHTML, like Gecko) Chrome/116.0.0.0 Mobile Safari/537.36"
192.178.8.66 - - [07/Dec/2025:06:04:22 -0800] "GET /wp-content/uploads/2017/10/Shaydee-Hold-Me-Tight-720x720-696x696.jpg HTTP/1.1" 404 236 "-" "Mozilla/5.0 (Windows NT 5.1; rv:11.0) Gecko Firefox/11.0 (via ggpht.com GoogleImageProxy)"
172.161.75.8 - - [07/Dec/2025:06:04:21 -0800] "GET /wp-admin/ HTTP/1.1" 200 37309 "https://www.google.com/" "Mozilla/5.0 (Linux; Android 11; CPH2251) AppleWebKit/537.36 (KHTML, like Gecko) Chrome/116.0.0.0 Mobile Safari/537.36"
20.205.13.31 - - [07/Dec/2025:06:04:22 -0800] "GET /public/wp-content/index.php HTTP/1.1" 503 282 "https://www.google.co.uk/" "Mozilla/5.0 (iPhone; CPU iPhone OS 17_1_1 like Mac OS X) AppleWebKit/605.1.15 (KHTML, like Gecko) Version/17.1 Mobile/15E148 Safari/604.1"
172.161.75.8 - - [07/Dec/2025:06:04:22 -0800] "GET /wp-admin/css/ HTTP/1.1" 200 37313 "https://www.google.fr/" "Mozilla/5.0 (iPhone; CPU iPhone OS 16_0 like Mac OS X) AppleWebKit/605.1.15 (KHTML, like Gecko) FxiOS/118.0 Mobile/15E148 Safari/605.1.15"
20.205.13.31 - - [07/Dec/2025:06:04:23 -0800] "GET /radio.php HTTP/1.1" 503 282 "https://www.google.co.uk/" "Mozilla/5.0 (Linux; Android 10; K) AppleWebKit/537.36 (KHTML, like Gecko) Chrome/117.0.0.0 Mobile Safari/537.36"
172.161.75.8 - - [07/Dec/2025:06:04:23 -0800] "GET /wp-admin/includes/index.php HTTP/1.1" 200 37327 "https://www.google.com/" "Mozilla/5.g (Linux; Android 13; Pixel 7) AppleWebKit/537.36 (KHTML, like Gecko) Chrome/116.0.0.0 Mobile Safari/537.36"
20.205.13.31 - - [07/Dec/2025:06:04:25 -0800] "GET /wp-admin/classwithtostring.php HTTP/1.1" 503 282 "https://duckduckgo.com/" "Mozilla/5.0 (iPad; CPU OS 16_7_2 like Mac OS X) AppleWebKit/605.1.15 (KHTML, like Gecko) Version/16.6 Mobile/15E148 Safari/604.1"
172.161.75.8 - - [07/Dec/2025:06:04:24 -0800] "GET /wp-admin/network/admin.php HTTP/1.1" 200 37326 "https://www.bing.com/" "Mozilla/5.0 (iPhone; CPU iPhone OS 16_0 like Mac OS X) AppleWebKit/605.1.15 (KHTML, like Gecko) FxiOS/118.0 Mobile/15E148 Safari/605.1.15"
172.161.75.8 - - [07/Dec/2025:06:04:25 -0800] "GET /wp-content/classwithtostring.php HTTP/1.1" 200 37332 "https://www.google.fr/" "Mozilla/5.0 (Linux; Android 12; V2134) AppleWebKit/537.36 (KHTML, like Gecko) Chrome/116.0.0.0 Mobile Safari/537.36"
20.205.13.31 - - [07/Dec/2025:06:04:26 -0800] "GET /wp-admin/includes/colour.php HTTP/1.1" 503 282 "https://duckduckgo.com/" "Mozilla/5.0 (iPhone; CPU iPhone OS 17_0_3 like Mac OS X) AppleWebKit/605.1.15 (KHTML, like Gecko) Version/17.0.1 Mobile/15E148 Safari/604.1"
172.161.75.8 - - [07/Dec/2025:06:04:26 -0800] "GET /wp-content/languages/index.php HTTP/1.1" 200 37330 "https://www.bing.com/" "Mozilla/5.0 (iPad; CPU OS 16_7_2 like Mac OS X) AppleWebKit/605.1.15 (KHTML, like Gecko) Version/16.6 Mobile/15E148 Safari/604.1"
20.205.13.31 - - [07/Dec/2025:06:04:27 -0800] "GET /wp-admin/index.php HTTP/1.1" 503 282 "https://duckduckgo.com/" "Mozilla/5.0 (Linux; Android 12; 2201116SG) AppleWebKit/537.36 (KHTML, like Gecko) Chrome/116.0.0.0 Mobile Safari/537.36"
172.161.75.8 - - [07/Dec/2025:06:04:27 -0800] "GET /wp-content/plugins/admin.php HTTP/1.1" 200 37328 "https://www.google.com/" "Mozilla/5.0 (iPhone; CPU iPhone OS 17_1 like Mac OS X) AppleWebKit/605.1.15 (KHTML, like Gecko) CriOS/119.0.6045.109 Mobile/15E148 Safari/604.1"
172.161.75.8 - - [07/Dec/2025:06:04:28 -0800] "GET /wp-content/themes/admin.php HTTP/1.1" 200 37327 "https://duckduckgo.com/" "Mozilla/5.0 (Linux; Android 11; CPH2251) AppleWebKit/537.36 (KHTML, like Gecko) Chrome/116.0.0.0 Mobile Safari/537.36"
20.205.13.31 - - [07/Dec/2025:06:04:29 -0800] "GET /wp-admin/js/index.php HTTP/1.1" 503 282 "https://www.bing.com/" "Mozilla/5.g (Linux; Android 13; Pixel 7) AppleWebKit/537.36 (KHTML, like Gecko) Chrome/116.0.0.0 Mobile Safari/537.36"
213.180.203.214 - - [07/Dec/2025:06:04:29 -0800] "GET /tag/owo-osu/ HTTP/1.1" 404 236 "-" "Mozilla/5.0 (compatible; YandexBot/3.0; +http://yandex.com/bots)"
172.161.75.8 - - [07/Dec/2025:06:04:29 -0800] "GET /wp-content/uploads/2023/ HTTP/1.1" 200 37324 "https://www.bing.com/" "Mozilla/5.0 (iPhone; CPU iPhone OS 15_7_9 like Mac OS X) AppleWebKit/605.1.15 (KHTML, like Gecko) Version/15.6.5 Mobile/15E148 Safari/604.1"
5.255.231.83 - - [07/Dec/2025:06:04:30 -0800] "GET /2012/05/03/goldie-joins-6-other-african-celebs-in-big-brother-africa-star-game/ HTTP/1.1" 404 236 "-" "Mozilla/5.0 (compatible; YandexBot/3.0; +http://yandex.com/bots)"
172.161.75.8 - - [07/Dec/2025:06:04:30 -0800] "GET /wp-content/uploads/2024/ HTTP/1.1" 200 37324 "https://www.google.co.uk/" "Mozilla/5.0 (Linux; Android 13; M2101K6G) AppleWebKit/537.36 (KHTML, like Gecko) Chrome/116.0.0.0 Mobile Safari/537.36"
20.205.13.31 - - [07/Dec/2025:06:04:30 -0800] "GET /wp-admin/js/widgets/ HTTP/1.1" 503 282 "https://www.google.com/" "Mozilla/5.0 (Linux; Android 12; 2201116SG) AppleWebKit/537.36 (KHTML, like Gecko) Chrome/116.0.0.0 Mobile Safari/537.36"
172.161.75.8 - - [07/Dec/2025:06:04:30 -0800] "GET /wp-content/uploads/2025/ HTTP/1.1" 200 37324 "https://www.google.co.uk/" "Mozilla/5.0 (Linux; Android 13; SM-S908E) AppleWebKit/537.36 (KHTML, like Gecko) Chrome/116.0.0.0 Mobile Safari/537.36"
20.205.13.31 - - [07/Dec/2025:06:04:31 -0800] "GET /wp-admin/wp-admins.php HTTP/1.1" 503 282 "https://www.google.co.uk/" "Mozilla/5.0 (Linux; Android 12; 2201116SG) AppleWebKit/537.36 (KHTML, like Gecko) Chrome/116.0.0.0 Mobile Safari/537.36"
172.161.75.8 - - [07/Dec/2025:06:04:31 -0800] "GET /wp-editor.php HTTP/1.1" 200 37313 "https://duckduckgo.com/" "Mozilla/5.0 (Linux; Android 12; 2201116SG) AppleWebKit/537.36 (KHTML, like Gecko) Chrome/116.0.0.0 Mobile Safari/537.36"
20.205.13.31 - - [07/Dec/2025:06:04:33 -0800] "GET /wp-blog.php HTTP/1.1" 503 282 "https://duckduckgo.com/" "Mozilla/5.0 (Linux; Android 12; SM-A525F) AppleWebKit/537.36 (KHTML, like Gecko) Chrome/117.0.0.0 Mobile Safari/537.36"
172.161.75.8 - - [07/Dec/2025:06:04:32 -0800] "GET /wp-includes/ID3/ HTTP/1.1" 200 37316 "https://www.google.com/" "Mozilla/5.0 (iPhone; CPU iPhone OS 17_1 like Mac OS X) AppleWebKit/605.1.15 (KHTML, like Gecko) CriOS/119.0.6045.109 Mobile/15E148 Safari/604.1"
172.161.75.8 - - [07/Dec/2025:06:04:33 -0800] "GET /wp-includes/ID3/simi.php HTTP/1.1" 200 37324 "https://www.google.co.uk/" "Mozilla/5.0 (Linux; Android 13; SM-S908E) AppleWebKit/537.36 (KHTML, like Gecko) Chrome/116.0.0.0 Mobile Safari/537.36"
20.205.13.31 - - [07/Dec/2025:06:04:34 -0800] "GET /wp-content/admin.php HTTP/1.1" 503 282 "https://www.google.co.uk/" "Mozilla/5.0 (Linux; Android 13; SM-S908E) AppleWebKit/537.36 (KHTML, like Gecko) Chrome/116.0.0.0 Mobile Safari/537.36"
172.161.75.8 - - [07/Dec/2025:06:04:34 -0800] "GET /wp-includes/IXR/ HTTP/1.1" 200 37316 "https://www.bing.com/" "Mozilla/5.0 (iPad; CPU OS 16_7_2 like Mac OS X) AppleWebKit/605.1.15 (KHTML, like Gecko) Version/16.6 Mobile/15E148 Safari/604.1"
20.205.13.31 - - [07/Dec/2025:06:04:36 -0800] "GET /wp-content/et-cache/ HTTP/1.1" 503 282 "https://www.bing.com/" "Mozilla/5.0 (iPhone; CPU iPhone OS 16_6_1 like Mac OS X) AppleWebKit/605.1.15 (KHTML, like Gecko) Version/16.6 Mobile/15E148 Safari/604.1"
172.161.75.8 - - [07/Dec/2025:06:04:35 -0800] "GET /wp-includes/Requests/about.php HTTP/1.1" 200 37330 "https://www.google.fr/" "Mozilla/5.0 (Linux; Android 12; 2201116SG) AppleWebKit/537.36 (KHTML, like Gecko) Chrome/116.0.0.0 Mobile Safari/537.36"
::1 - - [07/Dec/2025:06:04:36 -0800] "GET /whm-server-status HTTP/1.0" 200 1151159 "-" "Lynx/2.8.8dev.15 libwww-FM/2.14 SSL-MM/1.4.1 OpenSSL/1.0.1e-fips"
20.205.13.31 - - [07/Dec/2025:06:04:37 -0800] "GET /wp-content/index.php HTTP/1.1" 503 282 "https://www.google.de/" "Mozilla/5.0 (iPad; CPU OS 16_7_2 like Mac OS X) AppleWebKit/605.1.15 (KHTML, like Gecko) Version/16.6 Mobile/15E148 Safari/604.1"
172.161.75.8 - - [07/Dec/2025:06:04:37 -0800] "GET /wp-includes/Text/xwx1.php HTTP/1.1" 200 37325 "https://www.google.de/" "Mozilla/5.0 (Linux; Android 11; 21081111RG) AppleWebKit/537.36 (KHTML, like Gecko) Chrome/116.0.0.0 Mobile Safari/537.36"
20.205.13.31 - - [07/Dec/2025:06:04:38 -0800] "GET /wp-content/plugins/pwnd/as.php HTTP/1.1" 503 282 "https://www.google.fr/" "Mozilla/5.0 (Linux; Android 10; LM-Q720) AppleWebKit/537.36 (KHTML, like Gecko) Chrome/116.0.0.0 Mobile Safari/537.36"
172.161.75.8 - - [07/Dec/2025:06:04:38 -0800] "GET /wp-includes/assets/about.php HTTP/1.1" 200 37328 "https://duckduckgo.com/" "Mozilla/5.0 (iPhone; CPU iPhone OS 17_1_1 like Mac OS X) AppleWebKit/605.1.15 (KHTML, like Gecko) Version/17.1 Mobile/15E148 Safari/604.1"
172.161.75.8 - - [07/Dec/2025:06:04:39 -0800] "GET /wp-includes/assets/index.php HTTP/1.1" 200 37328 "https://www.bing.com/" "Mozilla/5.0 (Linux; Android 13; M2101K6G) AppleWebKit/537.36 (KHTML, like Gecko) Chrome/116.0.0.0 Mobile Safari/537.36"
20.205.13.31 - - [07/Dec/2025:06:04:40 -0800] "GET /wp-content/upgrade/index.php HTTP/1.1" 503 282 "https://www.google.fr/" "Mozilla/5.g (Linux; Android 13; Pixel 7) AppleWebKit/537.36 (KHTML, like Gecko) Chrome/116.0.0.0 Mobile Safari/537.36"
172.161.75.8 - - [07/Dec/2025:06:04:40 -0800] "GET /wp-includes/block-patterns/ HTTP/1.1" 200 37327 "https://www.google.fr/" "Mozilla/5.0 (Linux; Android 12; SM-A525F) AppleWebKit/537.36 (KHTML, like Gecko) Chrome/117.0.0.0 Mobile Safari/537.36"
20.205.13.31 - - [07/Dec/2025:06:04:41 -0800] "GET /wp-content/uploads/ HTTP/1.1" 503 282 "https://duckduckgo.com/" "Mozilla/5.g (Linux; Android 13; Pixel 7) AppleWebKit/537.36 (KHTML, like Gecko) Chrome/116.0.0.0 Mobile Safari/537.36"
172.161.75.8 - - [07/Dec/2025:06:04:41 -0800] "GET /wp-includes/blocks/ HTTP/1.1" 200 37319 "https://www.google.de/" "Mozilla/5.0 (iPhone; CPU iPhone OS 17_1 like Mac OS X) AppleWebKit/605.1.15 (KHTML, like Gecko) CriOS/119.0.6045.109 Mobile/15E148 Safari/604.1"
172.161.75.8 - - [07/Dec/2025:06:04:42 -0800] "GET /wp-includes/blocks/calendar/index.php HTTP/1.1" 200 37337 "https://www.google.fr/" "Mozilla/5.0 (Linux; Android 12; V2134) AppleWebKit/537.36 (KHTML, like Gecko) Chrome/116.0.0.0 Mobile Safari/537.36"
20.205.13.31 - - [07/Dec/2025:06:04:42 -0800] "GET /wp-content/uploads/index.php HTTP/1.1" 503 282 "https://www.bing.com/" "Mozilla/5.0 (Linux; Android 12; V2134) AppleWebKit/537.36 (KHTML, like Gecko) Chrome/116.0.0.0 Mobile Safari/537.36"
172.161.75.8 - - [07/Dec/2025:06:04:43 -0800] "GET /wp-includes/certificates/ HTTP/1.1" 200 37325 "https://www.google.co.uk/" "Mozilla/5.0 (iPad; CPU OS 17_0_3 like Mac OS X) AppleWebKit/605.1.15 (KHTML, like Gecko) Version/17.0.1 Mobile/15E148 Safari/604.1"
20.205.13.31 - - [07/Dec/2025:06:04:44 -0800] "GET /wp-good.php HTTP/1.1" 503 282 "https://www.yahoo.com/" "Mozilla/5.0 (iPhone; CPU iPhone OS 15_7_9 like Mac OS X) AppleWebKit/605.1.15 (KHTML, like Gecko) Version/15.6.5 Mobile/15E148 Safari/604.1"
20.205.13.31 - - [07/Dec/2025:06:04:45 -0800] "GET /wp-includes/Requests/index.php HTTP/1.1" 503 282 "https://duckduckgo.com/" "Mozilla/5.0 (Linux; Android 12; SM-A525F) AppleWebKit/537.36 (KHTML, like Gecko) Chrome/117.0.0.0 Mobile Safari/537.36"
172.161.75.8 - - [07/Dec/2025:06:04:45 -0800] "GET /wp-includes/css/index.php HTTP/1.1" 200 37325 "https://www.google.co.uk/" "Mozilla/5.0 (Linux; Android 12; V2134) AppleWebKit/537.36 (KHTML, like Gecko) Chrome/116.0.0.0 Mobile Safari/537.36"
172.161.75.8 - - [07/Dec/2025:06:04:46 -0800] "GET /wp-includes/customize/index.php HTTP/1.1" 200 37331 "https://www.google.co.uk/" "Mozilla/5.0 (iPhone; CPU iPhone OS 17_1_1 like Mac OS X) AppleWebKit/605.1.15 (KHTML, like Gecko) Version/17.1 Mobile/15E148 Safari/604.1"
20.205.13.31 - - [07/Dec/2025:06:04:47 -0800] "GET /wp-includes/SimplePie/autoload_classmap.php HTTP/1.1" 503 282 "https://www.yahoo.com/" "Mozilla/5.0 (iPhone; CPU iPhone OS 17_1_1 like Mac OS X) AppleWebKit/605.1.15 (KHTML, like Gecko) Version/17.1 Mobile/15E148 Safari/604.1"
172.161.75.8 - - [07/Dec/2025:06:04:47 -0800] "GET /wp-includes/fonts/admin.php HTTP/1.1" 200 37327 "https://duckduckgo.com/" "Mozilla/5.0 (Linux; Android 12; V2134) AppleWebKit/537.36 (KHTML, like Gecko) Chrome/116.0.0.0 Mobile Safari/537.36"
223.123.10.138 - - [07/Dec/2025:06:04:48 -0800] "GET http://jaguda.com/editorial/13-nigerian-albums-look-forward-2017/ HTTP/1.1" 406 300 "-" "Mozilla/4.0 (compatible; MSIE 7.0; Windows NT 5.1; Trident/4.0; SE 2.X MetaSr 1.0; SE 2.X MetaSr 1.0; .NET CLR 2.0.50727; SE 2.X MetaSr 1.0)"
20.205.13.31 - - [07/Dec/2025:06:04:48 -0800] "GET /wp-includes/Text/Diff/Renderer/index.php HTTP/1.1" 503 282 "https://duckduckgo.com/" "Mozilla/5.g (Linux; Android 13; Pixel 7) AppleWebKit/537.36 (KHTML, like Gecko) Chrome/116.0.0.0 Mobile Safari/537.36"
172.161.75.8 - - [07/Dec/2025:06:04:48 -0800] "GET /wp-includes/html-api/index.php HTTP/1.1" 200 37330 "https://www.google.co.uk/" "Mozilla/5.0 (Linux; Android 12; V2134) AppleWebKit/537.36 (KHTML, like Gecko) Chrome/116.0.0.0 Mobile Safari/537.36"
20.205.13.31 - - [07/Dec/2025:06:04:49 -0800] "GET /wp-includes/assets/autoload_classmap.php HTTP/1.1" 503 282 "https://www.google.com/" "Mozilla/5.0 (iPhone; CPU iPhone OS 16_0 like Mac OS X) AppleWebKit/605.1.15 (KHTML, like Gecko) FxiOS/118.0 Mobile/15E148 Safari/605.1.15"
172.161.75.8 - - [07/Dec/2025:06:04:49 -0800] "GET /wp-includes/images/media/ HTTP/1.1" 200 37325 "https://www.google.co.uk/" "Mozilla/5.0 (iPad; CPU OS 16_7_2 like Mac OS X) AppleWebKit/605.1.15 (KHTML, like Gecko) Version/16.6 Mobile/15E148 Safari/604.1"
41.227.86.163 - - [07/Dec/2025:06:04:50 -0800] "GET http://jaguda.com/2015/01/09/charles-novia-is-giving-his-vote-all-the-way-to-goodluck-jonathantweets/ HTTP/1.1" 406 300 "-" "Mozilla/5.0 (Macintosh; Intel Mac OS X 10_15_7) AppleWebKit/537.36 (KHTML, like Gecko) Chrome/132.0.0.0 Safari/537.36"
172.161.75.8 - - [07/Dec/2025:06:04:50 -0800] "GET /wp-includes/images/smilies/about.php HTTP/1.1" 200 37336 "https://duckduckgo.com/" "Mozilla/5.0 (iPhone; CPU iPhone OS 16_6_1 like Mac OS X) AppleWebKit/605.1.15 (KHTML, like Gecko) Version/16.6 Mobile/15E148 Safari/604.1"
20.205.13.31 - - [07/Dec/2025:06:04:51 -0800] "GET /wp-includes/bk/index.php HTTP/1.1" 503 282 "https://duckduckgo.com/" "Mozilla/5.0 (Linux; Android 12; SM-A525F) AppleWebKit/537.36 (KHTML, like Gecko) Chrome/117.0.0.0 Mobile Safari/537.36"
172.161.75.8 - - [07/Dec/2025:06:04:51 -0800] "GET /wp-includes/js/index.php HTTP/1.1" 200 37324 "https://www.google.fr/" "Mozilla/5.0 (Linux; Android 13; M2101K6G) AppleWebKit/537.36 (KHTML, like Gecko) Chrome/116.0.0.0 Mobile Safari/537.36"
20.205.13.31 - - [07/Dec/2025:06:04:52 -0800] "GET /wp-includes/customize/chosen.php HTTP/1.1" 503 282 "https://www.yahoo.com/" "Mozilla/5.0 (iPad; CPU OS 16_7_2 like Mac OS X) AppleWebKit/605.1.15 (KHTML, like Gecko) Version/16.6 Mobile/15E148 Safari/604.1"
172.161.75.8 - - [07/Dec/2025:06:04:52 -0800] "GET /wp-includes/rest-api/ HTTP/1.1" 200 37321 "https://www.yahoo.com/" "Mozilla/5.0 (iPad; CPU OS 17_0_3 like Mac OS X) AppleWebKit/605.1.15 (KHTML, like Gecko) Version/17.0.1 Mobile/15E148 Safari/604.1"
172.161.75.8 - - [07/Dec/2025:06:04:53 -0800] "GET /wp-includes/rest-api/fields/ HTTP/1.1" 200 37328 "https://www.google.fr/" "Mozilla/5.0 (Linux; Android 10; K) AppleWebKit/537.36 (KHTML, like Gecko) Chrome/117.0.0.0 Mobile Safari/537.36"
20.205.13.31 - - [07/Dec/2025:06:04:53 -0800] "GET /wp-includes/index.php HTTP/1.1" 503 282 "https://www.bing.com/" "Mozilla/5.0 (iPhone; CPU iPhone OS 16_0 like Mac OS X) AppleWebKit/605.1.15 (KHTML, like Gecko) FxiOS/118.0 Mobile/15E148 Safari/605.1.15"
20.205.13.31 - - [07/Dec/2025:06:04:55 -0800] "GET /wp-includes/js/codemirror/index.php HTTP/1.1" 503 282 "https://www.google.fr/" "Mozilla/5.0 (iPhone; CPU iPhone OS 15_7_9 like Mac OS X) AppleWebKit/605.1.15 (KHTML, like Gecko) Version/15.6.5 Mobile/15E148 Safari/604.1"
172.161.75.8 - - [07/Dec/2025:06:04:56 -0800] "GET /wp-includes/rest-api/search/index.php HTTP/1.1" 200 37337 "https://www.yahoo.com/" "Mozilla/5.0 (Linux; Android 12; V2134) AppleWebKit/537.36 (KHTML, like Gecko) Chrome/116.0.0.0 Mobile Safari/537.36"
20.205.13.31 - - [07/Dec/2025:06:04:56 -0800] "GET /wp-includes/js/jquery/jquery.php HTTP/1.1" 503 282 "https://www.bing.com/" "Mozilla/5.0 (Linux; Android 13; M2101K6G) AppleWebKit/537.36 (KHTML, like Gecko) Chrome/116.0.0.0 Mobile Safari/537.36"
172.161.75.8 - - [07/Dec/2025:06:04:56 -0800] "GET /wp-includes/sitemaps/ HTTP/1.1" 200 37321 "https://www.google.fr/" "Mozilla/5.0 (Linux; Android 10; LM-Q720) AppleWebKit/537.36 (KHTML, like Gecko) Chrome/116.0.0.0 Mobile Safari/537.36"
20.205.13.31 - - [07/Dec/2025:06:04:57 -0800] "GET /wp-includes/random_compat/index.php HTTP/1.1" 503 282 "https://www.google.com/" "Mozilla/5.0 (iPhone; CPU iPhone OS 17_0_3 like Mac OS X) AppleWebKit/605.1.15 (KHTML, like Gecko) Version/17.0.1 Mobile/15E148 Safari/604.1"
172.161.75.8 - - [07/Dec/2025:06:04:57 -0800] "GET /wp-includes/sitemaps/wp-conflg.php HTTP/1.1" 200 37334 "https://www.google.de/" "Mozilla/5.0 (Linux; Android 10; LM-Q720) AppleWebKit/537.36 (KHTML, like Gecko) Chrome/116.0.0.0 Mobile Safari/537.36"
172.161.75.8 - - [07/Dec/2025:06:04:58 -0800] "GET /wp-themes.php HTTP/1.1" 200 37313 "https://www.google.de/" "Mozilla/5.0 (Linux; Android 11; 21081111RG) AppleWebKit/537.36 (KHTML, like Gecko) Chrome/116.0.0.0 Mobile Safari/537.36"
20.205.13.31 - - [07/Dec/2025:06:04:59 -0800] "GET /wp-includes/rest-api/index.php HTTP/1.1" 503 282 "https://www.google.co.uk/" "Mozilla/5.0 (iPhone; CPU iPhone OS 15_7_9 like Mac OS X) AppleWebKit/605.1.15 (KHTML, like Gecko) Version/15.6.5 Mobile/15E148 Safari/604.1"
172.161.75.8 - - [07/Dec/2025:06:04:59 -0800] "GET /x.php HTTP/1.1" 200 37305 "https://www.bing.com/" "Mozilla/5.0 (iPhone; CPU iPhone OS 17_1 like Mac OS X) AppleWebKit/605.1.15 (KHTML, like Gecko) CriOS/119.0.6045.109 Mobile/15E148 Safari/604.1"
20.205.13.31 - - [07/Dec/2025:06:05:00 -0800] "GET /wp-includes/sitemaps/providers/index.php HTTP/1.1" 503 282 "https://www.google.fr/" "Mozilla/5.0 (iPad; CPU OS 16_7_2 like Mac OS X) AppleWebKit/605.1.15 (KHTML, like Gecko) Version/16.6 Mobile/15E148 Safari/604.1"
172.161.75.8 - - [07/Dec/2025:06:05:00 -0800] "GET /yas.php HTTP/1.1" 200 37307 "https://duckduckgo.com/" "Mozilla/5.0 (iPad; CPU OS 16_7_2 like Mac OS X) AppleWebKit/605.1.15 (KHTML, like Gecko) Version/16.6 Mobile/15E148 Safari/604.1"
127.0.0.1 - - [07/Dec/2025:06:05:01 -0800] "GET /whm-server-status HTTP/1.0" 200 1151557 "-" "-"
20.205.13.31 - - [07/Dec/2025:06:05:02 -0800] "GET /wp-includes/style-engine/wp-conflg.php HTTP/1.1" 503 282 "https://www.google.co.uk/" "Mozilla/5.0 (iPhone; CPU iPhone OS 16_6_1 like Mac OS X) AppleWebKit/605.1.15 (KHTML, like Gecko) Version/16.6 Mobile/15E148 Safari/604.1"
20.205.13.31 - - [07/Dec/2025:06:05:03 -0800] "GET /wp-admin/ HTTP/1.1" 503 282 "https://www.google.fr/" "Mozilla/5.0 (Linux; Android 13; SM-S908E) AppleWebKit/537.36 (KHTML, like Gecko) Chrome/116.0.0.0 Mobile Safari/537.36"
20.205.13.31 - - [07/Dec/2025:06:05:04 -0800] "GET /wp-admin/css/ HTTP/1.1" 503 282 "https://www.google.de/" "Mozilla/5.0 (Linux; Android 13; SM-G991U) AppleWebKit/537.36 (KHTML, like Gecko) Chrome/117.0.0.0 Mobile Safari/537.36"
95.108.213.210 - - [07/Dec/2025:06:05:05 -0800] "GET /music-mp3/terry-tha-rapman-zombie-rap-contest/ HTTP/1.1" 404 236 "-" "Mozilla/5.0 (compatible; YandexBot/3.0; +http://yandex.com/bots)"
103.124.110.97 - - [07/Dec/2025:06:05:05 -0800] "GET http://jaguda.com/music-mp3/video-premiere-niyola-toh-bad/ HTTP/1.1" 406 300 "-" "Mozilla/5.0 (Windows NT 10.0; WOW64) AppleWebKit/537.36 (KHTML, like Gecko) Chrome/108.0.5359.95 Safari/537.36 QIHU 360SE"
20.205.13.31 - - [07/Dec/2025:06:05:06 -0800] "GET /wp-admin/includes/index.php HTTP/1.1" 503 282 "https://duckduckgo.com/" "Mozilla/5.0 (Linux; Android 11; CPH2251) AppleWebKit/537.36 (KHTML, like Gecko) Chrome/116.0.0.0 Mobile Safari/537.36"
213.180.203.238 - - [07/Dec/2025:06:05:07 -0800] "GET /2014/09/21/yemi-alade-munachi-abii-glow-vanguard-allure-cover/ HTTP/1.1" 404 236 "-" "Mozilla/5.0 (compatible; YandexBot/3.0; +http://yandex.com/bots)"
52.191.41.18 - - [07/Dec/2025:06:05:07 -0800] "GET /wp-content/uploads/2013/09/Colette-Otusheso-Jumai-SHaba-and-Tiwa-Savage.jpg HTTP/1.1" 404 236 "-" "Mozilla/5.0 (X11; Ubuntu; Linux x86_64; rv:72.0) Gecko/20100101 Firefox/72.0"
20.205.13.31 - - [07/Dec/2025:06:05:07 -0800] "GET /wp-admin/network/admin.php HTTP/1.1" 503 282 "https://www.google.co.uk/" "Mozilla/5.0 (iPad; CPU OS 16_7_2 like Mac OS X) AppleWebKit/605.1.15 (KHTML, like Gecko) Version/16.6 Mobile/15E148 Safari/604.1"
52.191.41.18 - - [07/Dec/2025:06:05:07 -0800] "GET /wp-content/uploads/2013/09/Colette-Otusheso-Jumai-SHaba-and-Tiwa-Savage.jpg HTTP/1.1" 404 236 "-" "Mozilla/5.0 (X11; Ubuntu; Linux x86_64; rv:72.0) Gecko/20100101 Firefox/72.0"
52.191.41.18 - - [07/Dec/2025:06:05:07 -0800] "GET /wp-content/uploads/2013/09/Colette-Otusheso-Jumai-SHaba-and-Tiwa-Savage.jpg HTTP/1.1" 404 236 "-" "Mozilla/5.0 (X11; Ubuntu; Linux x86_64; rv:72.0) Gecko/20100101 Firefox/72.0"
62.234.168.65 - - [07/Dec/2025:06:05:08 -0800] "GET /wp-content/uploads/2013/08/Wande-Cole-2-150x150.jpg HTTP/1.1" 404 236 "-" "Mozilla/5.0 (X11; Ubuntu; Linux x86_64; rv:72.0) Gecko/20100101 Firefox/72.0"
20.205.13.31 - - [07/Dec/2025:06:05:08 -0800] "GET /wp-content/classwithtostring.php HTTP/1.1" 503 282 "https://www.google.co.uk/" "Mozilla/5.0 (iPad; CPU OS 17_0_3 like Mac OS X) AppleWebKit/605.1.15 (KHTML, like Gecko) Version/17.0.1 Mobile/15E148 Safari/604.1"
220.181.108.105 - - [07/Dec/2025:06:05:09 -0800] "GET /2013/08/21/new-video-cynthia-morgan-kuchi-kuchi/ HTTP/1.1" 404 236 "-" "Mozilla/5.0 (compatible; Baiduspider/2.0; +http://www.baidu.com/search/spider.html)"
20.205.13.31 - - [07/Dec/2025:06:05:10 -0800] "GET /wp-content/languages/index.php HTTP/1.1" 503 282 "https://www.yahoo.com/" "Mozilla/5.0 (iPhone; CPU iPhone OS 17_0_3 like Mac OS X) AppleWebKit/605.1.15 (KHTML, like Gecko) Version/17.0.1 Mobile/15E148 Safari/604.1"
20.205.13.31 - - [07/Dec/2025:06:05:11 -0800] "GET /wp-content/plugins/admin.php HTTP/1.1" 503 282 "https://www.google.fr/" "Mozilla/5.0 (Linux; Android 10; K) AppleWebKit/537.36 (KHTML, like Gecko) Chrome/117.0.0.0 Mobile Safari/537.36"
20.205.13.31 - - [07/Dec/2025:06:05:13 -0800] "GET /wp-content/themes/admin.php HTTP/1.1" 503 282 "https://duckduckgo.com/" "Mozilla/5.0 (Linux; Android 10; K) AppleWebKit/537.36 (KHTML, like Gecko) Chrome/117.0.0.0 Mobile Safari/537.36"
20.205.13.31 - - [07/Dec/2025:06:05:14 -0800] "GET /wp-content/uploads/2023/ HTTP/1.1" 503 282 "https://www.google.com/" "Mozilla/5.0 (Linux; Android 14; Pixel 8 Pro) AppleWebKit/537.36 (KHTML, like Gecko) Chrome/119.0.0.0 Mobile Safari/537.36"
20.205.13.31 - - [07/Dec/2025:06:05:15 -0800] "GET /wp-content/uploads/2024/ HTTP/1.1" 503 282 "https://www.bing.com/" "Mozilla/5.0 (iPad; CPU OS 16_7_2 like Mac OS X) AppleWebKit/605.1.15 (KHTML, like Gecko) Version/16.6 Mobile/15E148 Safari/604.1"
20.205.13.31 - - [07/Dec/2025:06:05:17 -0800] "GET /wp-content/uploads/2025/ HTTP/1.1" 503 282 "https://www.google.fr/" "Mozilla/5.0 (Linux; Android 11; CPH2251) AppleWebKit/537.36 (KHTML, like Gecko) Chrome/116.0.0.0 Mobile Safari/537.36"
20.205.13.31 - - [07/Dec/2025:06:05:18 -0800] "GET /wp-editor.php HTTP/1.1" 503 282 "https://www.bing.com/" "Mozilla/5.0 (Linux; Android 10; K) AppleWebKit/537.36 (KHTML, like Gecko) Chrome/117.0.0.0 Mobile Safari/537.36"
20.205.13.31 - - [07/Dec/2025:06:05:19 -0800] "GET /wp-includes/ID3/ HTTP/1.1" 503 282 "https://www.bing.com/" "Mozilla/5.0 (iPhone; CPU iPhone OS 15_7_9 like Mac OS X) AppleWebKit/605.1.15 (KHTML, like Gecko) Version/15.6.5 Mobile/15E148 Safari/604.1"
20.205.13.31 - - [07/Dec/2025:06:05:21 -0800] "GET /wp-includes/ID3/simi.php HTTP/1.1" 503 282 "https://www.yahoo.com/" "Mozilla/5.0 (Linux; Android 11; 21081111RG) AppleWebKit/537.36 (KHTML, like Gecko) Chrome/116.0.0.0 Mobile Safari/537.36"
20.205.13.31 - - [07/Dec/2025:06:05:22 -0800] "GET /wp-includes/IXR/ HTTP/1.1" 503 282 "https://www.google.co.uk/" "Mozilla/5.0 (Linux; Android 13; SM-S908E) AppleWebKit/537.36 (KHTML, like Gecko) Chrome/116.0.0.0 Mobile Safari/537.36"
20.205.13.31 - - [07/Dec/2025:06:05:23 -0800] "GET /wp-includes/Requests/about.php HTTP/1.1" 503 282 "https://www.google.de/" "Mozilla/5.0 (iPad; CPU OS 17_0_3 like Mac OS X) AppleWebKit/605.1.15 (KHTML, like Gecko) Version/17.0.1 Mobile/15E148 Safari/604.1"
20.205.13.31 - - [07/Dec/2025:06:05:25 -0800] "GET /wp-includes/Text/xwx1.php HTTP/1.1" 503 282 "https://www.bing.com/" "Mozilla/5.0 (Linux; Android 11; 21081111RG) AppleWebKit/537.36 (KHTML, like Gecko) Chrome/116.0.0.0 Mobile Safari/537.36"
20.205.13.31 - - [07/Dec/2025:06:05:26 -0800] "GET /wp-includes/assets/about.php HTTP/1.1" 503 282 "https://www.google.co.uk/" "Mozilla/5.0 (iPhone; CPU iPhone OS 15_7_9 like Mac OS X) AppleWebKit/605.1.15 (KHTML, like Gecko) Version/15.6.5 Mobile/15E148 Safari/604.1"
20.205.13.31 - - [07/Dec/2025:06:05:28 -0800] "GET /wp-includes/assets/index.php HTTP/1.1" 503 282 "https://www.bing.com/" "Mozilla/5.0 (Linux; Android 12; SM-A525F) AppleWebKit/537.36 (KHTML, like Gecko) Chrome/117.0.0.0 Mobile Safari/537.36"
20.205.13.31 - - [07/Dec/2025:06:05:29 -0800] "GET /wp-includes/block-patterns/ HTTP/1.1" 503 282 "https://www.google.fr/" "Mozilla/5.0 (Linux; Android 12; V2134) AppleWebKit/537.36 (KHTML, like Gecko) Chrome/116.0.0.0 Mobile Safari/537.36"
20.205.13.31 - - [07/Dec/2025:06:05:30 -0800] "GET /wp-includes/blocks/ HTTP/1.1" 503 282 "https://www.yahoo.com/" "Mozilla/5.0 (Linux; Android 13; SM-S908E) AppleWebKit/537.36 (KHTML, like Gecko) Chrome/116.0.0.0 Mobile Safari/537.36"
20.205.13.31 - - [07/Dec/2025:06:05:32 -0800] "GET /wp-includes/blocks/calendar/index.php HTTP/1.1" 503 282 "https://www.yahoo.com/" "Mozilla/5.0 (iPhone; CPU iPhone OS 15_7_9 like Mac OS X) AppleWebKit/605.1.15 (KHTML, like Gecko) Version/15.6.5 Mobile/15E148 Safari/604.1"
20.205.13.31 - - [07/Dec/2025:06:05:33 -0800] "GET /wp-includes/certificates/ HTTP/1.1" 503 282 "https://www.google.com/" "Mozilla/5.0 (Linux; Android 12; V2134) AppleWebKit/537.36 (KHTML, like Gecko) Chrome/116.0.0.0 Mobile Safari/537.36"
20.205.13.31 - - [07/Dec/2025:06:05:34 -0800] "GET /wp-includes/css/index.php HTTP/1.1" 503 282 "https://duckduckgo.com/" "Mozilla/5.0 (iPhone; CPU iPhone OS 16_0 like Mac OS X) AppleWebKit/605.1.15 (KHTML, like Gecko) FxiOS/118.0 Mobile/15E148 Safari/605.1.15"
20.205.13.31 - - [07/Dec/2025:06:05:36 -0800] "GET /wp-includes/customize/index.php HTTP/1.1" 503 282 "https://www.bing.com/" "Mozilla/5.0 (Linux; Android 10; K) AppleWebKit/537.36 (KHTML, like Gecko) Chrome/117.0.0.0 Mobile Safari/537.36"
170.80.62.213 - - [07/Dec/2025:06:05:36 -0800] "GET http://jaguda.com/fashion/africas-favourite-media-personality-bonang-matheba-covers-october-issue-zen-magazine/ HTTP/1.1" 406 300 "-" "Mozilla/5.0 (Windows NT 10.0; Win64; x64) AppleWebKit/537.36 (KHTML, like Gecko) Chrome/111.0.0.0 Safari/537.36"
20.205.13.31 - - [07/Dec/2025:06:05:37 -0800] "GET /wp-includes/fonts/admin.php HTTP/1.1" 503 282 "https://www.yahoo.com/" "Mozilla/5.0 (iPhone; CPU iPhone OS 17_0_3 like Mac OS X) AppleWebKit/605.1.15 (KHTML, like Gecko) Version/17.0.1 Mobile/15E148 Safari/604.1"
20.205.13.31 - - [07/Dec/2025:06:05:39 -0800] "GET /wp-includes/html-api/index.php HTTP/1.1" 503 282 "https://www.google.co.uk/" "Mozilla/5.0 (Linux; Android 10; K) AppleWebKit/537.36 (KHTML, like Gecko) Chrome/117.0.0.0 Mobile Safari/537.36"
181.51.33.55 - - [07/Dec/2025:06:05:40 -0800] "GET http://jaguda.com/music-mp3/new-video-lynxxx-eziokwu-ft-ikechukwu-ill-bliss-phyno/ HTTP/1.1" 406 300 "-" "Mozilla/4.0 (compatible; MSIE 7.0; Windows NT 5.1; Trident/4.0; SE 2.X MetaSr 1.0; SE 2.X MetaSr 1.0; .NET CLR 2.0.50727; SE 2.X MetaSr 1.0)"
20.205.13.31 - - [07/Dec/2025:06:05:40 -0800] "GET /wp-includes/images/media/ HTTP/1.1" 503 282 "https://duckduckgo.com/" "Mozilla/5.0 (iPad; CPU OS 16_7_2 like Mac OS X) AppleWebKit/605.1.15 (KHTML, like Gecko) Version/16.6 Mobile/15E148 Safari/604.1"
20.205.13.31 - - [07/Dec/2025:06:05:41 -0800] "GET /wp-includes/images/smilies/about.php HTTP/1.1" 503 282 "https://www.yahoo.com/" "Mozilla/5.0 (iPhone; CPU iPhone OS 17_0_3 like Mac OS X) AppleWebKit/605.1.15 (KHTML, like Gecko) Version/17.0.1 Mobile/15E148 Safari/604.1"
20.205.13.31 - - [07/Dec/2025:06:05:43 -0800] "GET /wp-includes/js/index.php HTTP/1.1" 503 282 "https://www.yahoo.com/" "Mozilla/5.0 (Linux; Android 11; 21081111RG) AppleWebKit/537.36 (KHTML, like Gecko) Chrome/116.0.0.0 Mobile Safari/537.36"
116.179.32.164 - - [07/Dec/2025:06:05:44 -0800] "GET /2012/07/07/photo-kay-switch-dbanj-on-the-set-of-sister-caro-video-shoot/ HTTP/1.1" 404 236 "-" "Mozilla/5.0 (compatible; Baiduspider/2.0; +http://www.baidu.com/search/spider.html)"
20.205.13.31 - - [07/Dec/2025:06:05:44 -0800] "GET /wp-includes/rest-api/ HTTP/1.1" 503 282 "https://www.google.de/" "Mozilla/5.0 (iPhone; CPU iPhone OS 17_1_1 like Mac OS X) AppleWebKit/605.1.15 (KHTML, like Gecko) Version/17.1 Mobile/15E148 Safari/604.1"
181.209.91.109 - - [07/Dec/2025:06:05:45 -0800] "GET http://jaguda.com/2013/03/26/music-rasheed-rain-ft-slim/ HTTP/1.1" 406 300 "-" "Mozilla/5.0 (Macintosh; Intel Mac OS X 10_13_5) AppleWebKit/537.36 (KHTML, like Gecko) Chrome/69.0.3497.100 Safari/537.36"
::1 - - [07/Dec/2025:06:05:45 -0800] "GET /whm-server-status HTTP/1.0" 200 1151926 "-" "Lynx/2.8.8dev.15 libwww-FM/2.14 SSL-MM/1.4.1 OpenSSL/1.0.1e-fips"
20.205.13.31 - - [07/Dec/2025:06:05:46 -0800] "GET /wp-includes/rest-api/fields/ HTTP/1.1" 503 282 "https://www.google.co.uk/" "Mozilla/5.0 (Linux; Android 13; SM-G991U) AppleWebKit/537.36 (KHTML, like Gecko) Chrome/117.0.0.0 Mobile Safari/537.36"
20.205.13.31 - - [07/Dec/2025:06:05:47 -0800] "GET /wp-includes/rest-api/search/index.php HTTP/1.1" 503 282 "https://duckduckgo.com/" "Mozilla/5.0 (Linux; Android 13; SM-S908E) AppleWebKit/537.36 (KHTML, like Gecko) Chrome/116.0.0.0 Mobile Safari/537.36"
20.205.13.31 - - [07/Dec/2025:06:05:49 -0800] "GET /wp-includes/sitemaps/ HTTP/1.1" 503 282 "https://www.google.de/" "Mozilla/5.0 (Linux; Android 12; SM-A525F) AppleWebKit/537.36 (KHTML, like Gecko) Chrome/117.0.0.0 Mobile Safari/537.36"
20.205.13.31 - - [07/Dec/2025:06:05:50 -0800] "GET /wp-includes/sitemaps/wp-conflg.php HTTP/1.1" 503 282 "https://www.google.com/" "Mozilla/5.g (Linux; Android 13; Pixel 7) AppleWebKit/537.36 (KHTML, like Gecko) Chrome/116.0.0.0 Mobile Safari/537.36"
20.205.13.31 - - [07/Dec/2025:06:05:52 -0800] "GET /wp-themes.php HTTP/1.1" 503 282 "https://www.yahoo.com/" "Mozilla/5.0 (Linux; Android 10; K) AppleWebKit/537.36 (KHTML, like Gecko) Chrome/117.0.0.0 Mobile Safari/537.36"
20.205.13.31 - - [07/Dec/2025:06:05:53 -0800] "GET /x.php HTTP/1.1" 503 282 "https://www.bing.com/" "Mozilla/5.0 (Linux; Android 12; V2134) AppleWebKit/537.36 (KHTML, like Gecko) Chrome/116.0.0.0 Mobile Safari/537.36"
20.205.13.31 - - [07/Dec/2025:06:05:55 -0800] "GET /yas.php HTTP/1.1" 503 282 "https://www.google.com/" "Mozilla/5.0 (iPhone; CPU iPhone OS 17_1 like Mac OS X) AppleWebKit/605.1.15 (KHTML, like Gecko) CriOS/119.0.6045.109 Mobile/15E148 Safari/604.1"
192.178.8.66 - - [07/Dec/2025:06:05:57 -0800] "GET /wp-content/uploads/2017/11/screen-20171121-144244_edit-696x487.png HTTP/1.1" 404 236 "-" "Mozilla/5.0 (Windows NT 5.1; rv:11.0) Gecko Firefox/11.0 (via ggpht.com GoogleImageProxy)"
213.186.1.154 - - [07/Dec/2025:06:06:04 -0800] "GET /category/events/port-harcourt-events HTTP/1.1" 404 236 "-" "Mediatoolkitbot (complaints@mediatoolkit.com)"
5.255.231.144 - - [07/Dec/2025:06:06:10 -0800] "GET /2015/09/17/throwback-evi-edna-ogholi-happy-birthday/ HTTP/1.1" 404 236 "-" "Mozilla/5.0 (compatible; YandexBot/3.0; +http://yandex.com/bots)"
220.181.108.80 - - [07/Dec/2025:06:06:18 -0800] "GET /movies-2/nollywood-2/movie-viewing-african-queen-part-1-2-3-starring-ini-edo-stephanie-okereke-funmi-holder/ HTTP/1.1" 404 236 "-" "Mozilla/5.0 (compatible; Baiduspider/2.0; +http://www.baidu.com/search/spider.html)"
213.186.1.154 - - [07/Dec/2025:06:06:24 -0800] "GET / HTTP/1.1" 200 163 "-" "Mediatoolkitbot (complaints@mediatoolkit.com)"
185.150.190.249 - - [07/Dec/2025:06:06:27 -0800] "GET /wp-content/uploads/2013/09/DJ-Neptune-MBM3.jpg HTTP/1.1" 404 236 "-" "Mozilla/5.0 (Windows NT 10.0; Win64; x64) AppleWebKit/537.36"
185.150.190.249 - - [07/Dec/2025:06:06:28 -0800] "GET /wp-content/uploads/2013/09/DJ-Neptune-MBM3.jpg HTTP/1.1" 404 236 "-" "Mozilla/5.0 (Windows NT 10.0; Win64; x64) AppleWebKit/537.36"
185.150.190.249 - - [07/Dec/2025:06:06:30 -0800] "GET /wp-content/uploads/2013/09/DJ-Neptune-MBM3.jpg HTTP/1.1" 404 236 "-" "Mozilla/5.0 (Windows NT 10.0; Win64; x64) AppleWebKit/537.36"
5.255.231.144 - - [07/Dec/2025:06:06:46 -0800] "GET /music-mp3/new-music-waconzy-money-dey-talk-ft-chimaga/ HTTP/1.1" 404 236 "-" "Mozilla/5.0 (compatible; YandexBot/3.0; +http://yandex.com/bots)"
199.127.62.242 - - [07/Dec/2025:06:06:46 -0800] "GET /wp-content/uploads/2017/12/DJ-HOLUP-534x462.jpg HTTP/1.1" 404 236 "-" "Mozilla/5.0 (Windows NT 10.0; Win64; x64) AppleWebKit/537.36"
199.127.62.242 - - [07/Dec/2025:06:06:47 -0800] "GET /wp-content/uploads/2017/12/DJ-HOLUP-534x462.jpg HTTP/1.1" 404 236 "-" "Mozilla/5.0 (Windows NT 10.0; Win64; x64) AppleWebKit/537.36"
199.127.62.242 - - [07/Dec/2025:06:06:48 -0800] "GET /wp-content/uploads/2017/12/DJ-HOLUP-534x462.jpg HTTP/1.1" 404 236 "-" "Mozilla/5.0 (Windows NT 10.0; Win64; x64) AppleWebKit/537.36"
132.255.59.8 - - [07/Dec/2025:06:06:51 -0800] "GET http://jaguda.com/music-mp3/new-music-minus-2-%E2%80%93-emi-lo-kan/ HTTP/1.1" 406 300 "-" "Mozilla/5.0 (Windows NT 10.0; Win64; x64) AppleWebKit/537.36 (KHTML, like Gecko) Chrome/111.0.0.0 Safari/537.36"
116.179.32.32 - - [07/Dec/2025:06:06:53 -0800] "GET /social-issues/nigerian-student-facing-life-imprisonment-in-ukraine/ HTTP/1.1" 404 236 "-" "Mozilla/5.0 (compatible; Baiduspider/2.0; +http://www.baidu.com/search/spider.html)"
172.171.99.205 - - [07/Dec/2025:06:06:53 -0800] "GET /wp-content/uploads/2013/07/toke-makinwa-no-new-friends.png HTTP/1.1" 404 236 "-" "Mozilla/5.0 (X11; Ubuntu; Linux x86_64; rv:72.0) Gecko/20100101 Firefox/72.0"
172.171.100.19 - - [07/Dec/2025:06:06:53 -0800] "GET /wp-content/uploads/2013/07/toke-makinwa-no-new-friends.png HTTP/1.1" 404 236 "-" "Mozilla/5.0 (X11; Ubuntu; Linux x86_64; rv:72.0) Gecko/20100101 Firefox/72.0"
172.171.99.205 - - [07/Dec/2025:06:06:54 -0800] "GET /wp-content/uploads/2013/07/toke-makinwa-no-new-friends.png HTTP/1.1" 404 236 "-" "Mozilla/5.0 (X11; Ubuntu; Linux x86_64; rv:72.0) Gecko/20100101 Firefox/72.0"
::1 - - [07/Dec/2025:06:06:54 -0800] "GET /whm-server-status HTTP/1.0" 200 1151663 "-" "Lynx/2.8.8dev.15 libwww-FM/2.14 SSL-MM/1.4.1 OpenSSL/1.0.1e-fips"
127.0.0.1 - - [07/Dec/2025:06:07:05 -0800] "GET / HTTP/1.0" 200 163 "-" "-"
4.217.198.93 - - [07/Dec/2025:06:07:19 -0800] "GET /wp-content/plugins/hellopress/wp_filemanager.php HTTP/1.1" 503 282 "-" "-"
4.217.198.93 - - [07/Dec/2025:06:07:20 -0800] "GET /file.php HTTP/1.1" 503 282 "-" "-"
4.217.198.93 - - [07/Dec/2025:06:07:20 -0800] "GET /blurbs18.php HTTP/1.1" 503 282 "-" "-"
4.217.198.93 - - [07/Dec/2025:06:07:22 -0800] "GET /file48.php HTTP/1.1" 503 282 "-" "-"
4.217.198.93 - - [07/Dec/2025:06:07:23 -0800] "GET /ghh.php HTTP/1.1" 503 282 "-" "-"
4.217.198.93 - - [07/Dec/2025:06:07:24 -0800] "GET /bb5.php HTTP/1.1" 503 282 "-" "-"
213.186.1.154 - - [07/Dec/2025:06:07:30 -0800] "GET /privacy-policy HTTP/1.1" 404 236 "-" "Mediatoolkitbot (complaints@mediatoolkit.com)"
3.216.227.216 - - [07/Dec/2025:06:07:31 -0800] "GET /robots.txt HTTP/1.1" 404 236 "-" "Mozilla/5.0 AppleWebKit/537.36 (KHTML, like Gecko; compatible; Amazonbot/0.1; +https://developer.amazon.com/support/amazonbot) Chrome/119.0.6045.214 Safari/537.36"
4.217.198.93 - - [07/Dec/2025:06:07:33 -0800] "GET /ce.php HTTP/1.1" 503 282 "-" "-"
52.45.194.165 - - [07/Dec/2025:06:07:34 -0800] "GET /2015/09/24/video-premiere-davido-dodo/jaguda.com/2015/09/24/video-premiere-davido-dodo/ HTTP/1.1" 404 236 "-" "Mozilla/5.0 AppleWebKit/537.36 (KHTML, like Gecko; compatible; Amazonbot/0.1; +https://developer.amazon.com/support/amazonbot) Chrome/119.0.6045.214 Safari/537.36"
4.217.198.93 - - [07/Dec/2025:06:07:35 -0800] "GET /sdm.php HTTP/1.1" 503 282 "-" "-"
4.217.198.93 - - [07/Dec/2025:06:07:37 -0800] "GET /por.php HTTP/1.1" 503 282 "-" "-"
4.217.198.93 - - [07/Dec/2025:06:07:39 -0800] "GET /nux.php HTTP/1.1" 503 282 "-" "-"
4.217.198.93 - - [07/Dec/2025:06:07:42 -0800] "GET /IRI.php HTTP/1.1" 503 282 "-" "-"
4.217.198.93 - - [07/Dec/2025:06:07:43 -0800] "GET /file7.php HTTP/1.1" 503 282 "-" "-"
4.217.198.93 - - [07/Dec/2025:06:07:46 -0800] "GET /85ohni.php HTTP/1.1" 503 282 "-" "-"
4.217.198.93 - - [07/Dec/2025:06:07:53 -0800] "GET /an.php HTTP/1.1" 503 282 "-" "-"
4.217.198.93 - - [07/Dec/2025:06:07:57 -0800] "GET /gel4y.php HTTP/1.1" 503 282 "-" "-"
4.217.198.93 - - [07/Dec/2025:06:07:58 -0800] "GET /tyasd.php HTTP/1.1" 503 282 "-" "-"
4.217.198.93 - - [07/Dec/2025:06:08:00 -0800] "GET /wp-set.php HTTP/1.1" 503 282 "-" "-"
103.163.208.86 - - [07/Dec/2025:06:08:02 -0800] "GET /admin/auth/login HTTP/1.1" 404 236 "-" "Mozilla/5.0 (Windows NT 10.0; WOW64; rv:48.0) Gecko/20100101 Firefox/48.0"
4.217.198.93 - - [07/Dec/2025:06:08:02 -0800] "GET /AMW.php HTTP/1.1" 503 282 "-" "-"
::1 - - [07/Dec/2025:06:08:03 -0800] "GET /whm-server-status HTTP/1.0" 200 1151564 "-" "Lynx/2.8.8dev.15 libwww-FM/2.14 SSL-MM/1.4.1 OpenSSL/1.0.1e-fips"
4.217.198.93 - - [07/Dec/2025:06:08:06 -0800] "GET /file15.php HTTP/1.1" 503 282 "-" "-"
4.217.198.93 - - [07/Dec/2025:06:08:07 -0800] "GET /waba.php HTTP/1.1" 503 282 "-" "-"
87.250.224.232 - - [07/Dec/2025:06:08:09 -0800] "GET /music-mp3/new-music-king-page-dirty-prod-emperor/ HTTP/1.1" 404 236 "-" "Mozilla/5.0 (compatible; YandexBot/3.0; +http://yandex.com/bots)"
4.217.198.93 - - [07/Dec/2025:06:08:12 -0800] "GET /styll.php HTTP/1.1" 503 282 "-" "-"
62.234.168.65 - - [07/Dec/2025:06:08:13 -0800] "GET /wp-content/uploads/2018/01/Wizzypro-On-My-Mind-324x235.jpg HTTP/1.1" 404 236 "-" "Mozilla/5.0 (X11; Ubuntu; Linux x86_64; rv:72.0) Gecko/20100101 Firefox/72.0"
111.68.6.70 - - [07/Dec/2025:06:08:13 -0800] "GET /apps/admin/view/default/images/logo.png HTTP/1.1" 404 236 "-" "Mozilla/5.0 (Windows NT 10.0; WOW64; rv:48.0) Gecko/20100101 Firefox/48.0"
4.217.198.93 - - [07/Dec/2025:06:08:14 -0800] "GET /gtc.php HTTP/1.1" 503 282 "-" "-"
4.217.198.93 - - [07/Dec/2025:06:08:17 -0800] "GET /cheko.php HTTP/1.1" 503 282 "-" "-"
4.217.198.93 - - [07/Dec/2025:06:08:20 -0800] "GET /xindex.php HTTP/1.1" 503 282 "-" "-"
4.217.198.93 - - [07/Dec/2025:06:08:23 -0800] "GET /priv8.php HTTP/1.1" 503 282 "-" "-"
4.217.198.93 - - [07/Dec/2025:06:08:28 -0800] "GET /we.php HTTP/1.1" 503 282 "-" "-"
5.255.231.74 - - [07/Dec/2025:06:08:31 -0800] "GET /2015/04/11/chimamanda-ngozi-adichies-carefully-written-piece-about-the-obas-threat-to-the-igbos/ HTTP/1.1" 404 236 "-" "Mozilla/5.0 (compatible; YandexBot/3.0; +http://yandex.com/bots)"
37.59.21.100 - - [07/Dec/2025:06:08:32 -0800] "GET /2011/12/17/occupy-movement-don-hit-nigeria/feed/ HTTP/1.1" 404 236 "-" "Mozilla/5.0 (X11; Linux i686) AppleWebKit/537.36 (KHTML, like Gecko) Chrome/30.0.1599.66 Safari/537.36"
4.217.198.93 - - [07/Dec/2025:06:08:33 -0800] "GET /mds.php HTTP/1.1" 503 282 "-" "-"
220.181.108.174 - - [07/Dec/2025:06:08:37 -0800] "GET /2010/04/15/nigerian-acting-president-goodluck-jonathan-on-cnn-video/ HTTP/1.1" 404 236 "-" "Mozilla/5.0 (compatible; Baiduspider/2.0; +http://www.baidu.com/search/spider.html)"
4.217.198.93 - - [07/Dec/2025:06:08:39 -0800] "GET /t1.php HTTP/1.1" 503 282 "-" "-"
216.118.251.162 - - [07/Dec/2025:06:08:42 -0800] "GET /tools/upload_ajax.ashx?action=uploadimage HTTP/1.1" 404 236 "-" "Mozilla/5.0 (Windows NT 10.0; WOW64; rv:48.0) Gecko/20100101 Firefox/48.0"
216.118.251.162 - - [07/Dec/2025:06:08:42 -0800] "GET /xxxss HTTP/1.1" 404 236 "-" "Mozilla/5.0 (Windows NT 10.0; WOW64; rv:48.0) Gecko/20100101 Firefox/48.0"
34.10.74.58 - - [07/Dec/2025:06:08:46 -0800] "GET /wp-content/uploads/2014/06/Screen-Shot-2014-06-23-at-9.02.34-AM-150x150.png HTTP/1.1" 404 236 "https://www.google.com/" "Mozilla/5.0 (Windows NT 10.0; Win64; x64) AppleWebKit/537.36 (KHTML, like Gecko) Chrome/120.0.0.0 Safari/537.36"
4.217.198.93 - - [07/Dec/2025:06:08:49 -0800] "GET /sfcl.php HTTP/1.1" 503 282 "-" "-"
4.217.198.93 - - [07/Dec/2025:06:08:50 -0800] "GET /oysdxc.php HTTP/1.1" 503 282 "-" "-"
5.255.231.7 - - [07/Dec/2025:06:08:50 -0800] "GET /music-mp3/premiere-skales-ijo-ayo-remix-ft-pasuma-olamide/ HTTP/1.1" 404 236 "-" "Mozilla/5.0 (compatible; YandexBot/3.0; +http://yandex.com/bots)"
4.217.198.93 - - [07/Dec/2025:06:08:54 -0800] "GET /wp-admin/css/colors/sfcl.php HTTP/1.1" 503 282 "-" "-"
4.217.198.93 - - [07/Dec/2025:06:08:55 -0800] "GET /flap.php HTTP/1.1" 503 282 "-" "-"
4.217.198.93 - - [07/Dec/2025:06:08:56 -0800] "GET /ycc.php HTTP/1.1" 503 282 "-" "-"
4.217.198.93 - - [07/Dec/2025:06:08:58 -0800] "GET /wp-includes/Requests/11.php HTTP/1.1" 503 282 "-" "-"
4.217.198.93 - - [07/Dec/2025:06:09:01 -0800] "GET /11.php HTTP/1.1" 503 282 "-" "-"
116.179.32.199 - - [07/Dec/2025:06:09:12 -0800] "GET /social-issues/when-200-becomes-180/ HTTP/1.1" 404 236 "-" "Mozilla/5.0 (compatible; Baiduspider/2.0; +http://www.baidu.com/search/spider.html)"
::1 - - [07/Dec/2025:06:09:12 -0800] "GET /whm-server-status HTTP/1.0" 200 1151893 "-" "Lynx/2.8.8dev.15 libwww-FM/2.14 SSL-MM/1.4.1 OpenSSL/1.0.1e-fips"
132.230.196.146 - - [07/Dec/2025:06:09:20 -0800] "GET /wp-content/uploads/2012/02/boyz-not-smilin2-150x150.jpg HTTP/1.1" 404 236 "-" "Mozilla/5.0 (X11; Ubuntu; Linux x86_64; rv:72.0) Gecko/20100101 Firefox/72.0"
132.230.196.146 - - [07/Dec/2025:06:09:20 -0800] "GET /wp-content/uploads/2012/02/boyz-not-smilin2-150x150.jpg HTTP/1.1" 404 236 "-" "Mozilla/5.0 (X11; Ubuntu; Linux x86_64; rv:72.0) Gecko/20100101 Firefox/72.0"
132.230.196.146 - - [07/Dec/2025:06:09:20 -0800] "GET /wp-content/uploads/2012/02/boyz-not-smilin2-150x150.jpg HTTP/1.1" 404 236 "-" "Mozilla/5.0 (X11; Ubuntu; Linux x86_64; rv:72.0) Gecko/20100101 Firefox/72.0"
5.255.231.205 - - [07/Dec/2025:06:09:38 -0800] "GET /wp-content/uploads/2014/09/photo-4-600x800.jpg HTTP/1.1" 404 236 "-" "Mozilla/5.0 (compatible; YandexImages/3.0; +http://yandex.com/bots)"
213.186.1.154 - - [07/Dec/2025:06:09:44 -0800] "GET /category/editorials HTTP/1.1" 404 236 "-" "Mediatoolkitbot (complaints@mediatoolkit.com)"
220.181.108.103 - - [07/Dec/2025:06:09:48 -0800] "GET /2013/09/14/photos-guess-whos-town-miss-russia-miss-kenya-spotted-lagos/ HTTP/1.1" 404 236 "-" "Mozilla/5.0 (compatible; Baiduspider/2.0; +http://www.baidu.com/search/spider.html)"
