68.218.89.6 - - [07/Dec/2025:05:37:14 -0800] "GET /wp-editor.php HTTP/1.1" 200 37320 "https://www.google.com/" "Mozilla/5.0 (iPhone; CPU iPhone OS 16_0 like Mac OS X) AppleWebKit/605.1.15 (KHTML, like Gecko) FxiOS/118.0 Mobile/15E148 Safari/605.1.15"
68.218.89.6 - - [07/Dec/2025:05:37:15 -0800] "GET /wp-includes/ID3/ HTTP/1.1" 200 37323 "https://www.google.fr/" "Mozilla/5.0 (iPad; CPU OS 17_0_3 like Mac OS X) AppleWebKit/605.1.15 (KHTML, like Gecko) Version/17.0.1 Mobile/15E148 Safari/604.1"
68.218.89.6 - - [07/Dec/2025:05:37:16 -0800] "GET /wp-includes/ID3/simi.php HTTP/1.1" 200 37331 "https://duckduckgo.com/" "Mozilla/5.0 (Linux; Android 12; SM-A525F) AppleWebKit/537.36 (KHTML, like Gecko) Chrome/117.0.0.0 Mobile Safari/537.36"
68.218.89.6 - - [07/Dec/2025:05:37:17 -0800] "GET /wp-includes/IXR/ HTTP/1.1" 200 37323 "https://www.bing.com/" "Mozilla/5.0 (Linux; Android 12; SM-A525F) AppleWebKit/537.36 (KHTML, like Gecko) Chrome/117.0.0.0 Mobile Safari/537.36"
68.218.89.6 - - [07/Dec/2025:05:37:18 -0800] "GET /wp-includes/Requests/about.php HTTP/1.1" 200 37337 "https://www.google.com/" "Mozilla/5.0 (iPhone; CPU iPhone OS 15_7_9 like Mac OS X) AppleWebKit/605.1.15 (KHTML, like Gecko) Version/15.6.5 Mobile/15E148 Safari/604.1"
115.190.90.113 - - [07/Dec/2025:05:37:19 -0800] "GET /wp-content/uploads/2011/04/MS-Chief-150x150.jpg HTTP/1.1" 404 236 "-" "Mozilla/5.0 (X11; Ubuntu; Linux x86_64; rv:72.0) Gecko/20100101 Firefox/72.0 (compatible; mozilla/5.0 (x11; linux x86_64) applewebkit/537.36 (khtml, like gecko) chrome/120.0.0.0 safari/537.36; +https://github.com/rom1504/img2dataset)"
68.218.89.6 - - [07/Dec/2025:05:37:19 -0800] "GET /wp-includes/Text/xwx1.php HTTP/1.1" 200 37332 "https://www.google.com/" "Mozilla/5.0 (iPad; CPU OS 16_7_2 like Mac OS X) AppleWebKit/605.1.15 (KHTML, like Gecko) Version/16.6 Mobile/15E148 Safari/604.1"
68.218.89.6 - - [07/Dec/2025:05:37:20 -0800] "GET /wp-includes/assets/about.php HTTP/1.1" 200 37335 "https://www.google.co.uk/" "Mozilla/5.0 (iPhone; CPU iPhone OS 16_6_1 like Mac OS X) AppleWebKit/605.1.15 (KHTML, like Gecko) Version/16.6 Mobile/15E148 Safari/604.1"
68.218.89.6 - - [07/Dec/2025:05:37:21 -0800] "GET /wp-includes/assets/index.php HTTP/1.1" 200 37335 "https://www.google.co.uk/" "Mozilla/5.0 (Linux; Android 12; SM-A525F) AppleWebKit/537.36 (KHTML, like Gecko) Chrome/117.0.0.0 Mobile Safari/537.36"
115.190.90.113 - - [07/Dec/2025:05:37:22 -0800] "GET /wp-content/uploads/2011/04/MS-Chief-150x150.jpg HTTP/1.1" 404 236 "-" "Mozilla/5.0 (X11; Ubuntu; Linux x86_64; rv:72.0) Gecko/20100101 Firefox/72.0 (compatible; mozilla/5.0 (x11; linux x86_64) applewebkit/537.36 (khtml, like gecko) chrome/120.0.0.0 safari/537.36; +https://github.com/rom1504/img2dataset)"
115.190.90.113 - - [07/Dec/2025:05:37:22 -0800] "GET /wp-content/uploads/2011/04/MS-Chief-150x150.jpg HTTP/1.1" 404 236 "-" "Mozilla/5.0 (X11; Ubuntu; Linux x86_64; rv:72.0) Gecko/20100101 Firefox/72.0 (compatible; mozilla/5.0 (x11; linux x86_64) applewebkit/537.36 (khtml, like gecko) chrome/120.0.0.0 safari/537.36; +https://github.com/rom1504/img2dataset)"
68.218.89.6 - - [07/Dec/2025:05:37:22 -0800] "GET /wp-includes/block-patterns/ HTTP/1.1" 200 37334 "https://www.yahoo.com/" "Mozilla/5.0 (Linux; Android 10; LM-Q720) AppleWebKit/537.36 (KHTML, like Gecko) Chrome/116.0.0.0 Mobile Safari/537.36"
68.218.89.6 - - [07/Dec/2025:05:37:23 -0800] "GET /wp-includes/blocks/ HTTP/1.1" 200 37326 "https://www.yahoo.com/" "Mozilla/5.0 (Linux; Android 10; LM-Q720) AppleWebKit/537.36 (KHTML, like Gecko) Chrome/116.0.0.0 Mobile Safari/537.36"
68.218.89.6 - - [07/Dec/2025:05:37:24 -0800] "GET /wp-includes/blocks/calendar/index.php HTTP/1.1" 200 37344 "https://www.google.co.uk/" "Mozilla/5.0 (iPad; CPU OS 17_0_3 like Mac OS X) AppleWebKit/605.1.15 (KHTML, like Gecko) Version/17.0.1 Mobile/15E148 Safari/604.1"
68.218.89.6 - - [07/Dec/2025:05:37:25 -0800] "GET /wp-includes/certificates/ HTTP/1.1" 200 37332 "https://www.google.fr/" "Mozilla/5.0 (Linux; Android 12; 2201116SG) AppleWebKit/537.36 (KHTML, like Gecko) Chrome/116.0.0.0 Mobile Safari/537.36"
68.218.89.6 - - [07/Dec/2025:05:37:25 -0800] "GET /wp-includes/css/index.php HTTP/1.1" 200 37332 "https://www.google.de/" "Mozilla/5.0 (Linux; Android 11; 21081111RG) AppleWebKit/537.36 (KHTML, like Gecko) Chrome/116.0.0.0 Mobile Safari/537.36"
68.218.89.6 - - [07/Dec/2025:05:37:26 -0800] "GET /wp-includes/customize/index.php HTTP/1.1" 200 37338 "https://duckduckgo.com/" "Mozilla/5.0 (iPhone; CPU iPhone OS 17_1 like Mac OS X) AppleWebKit/605.1.15 (KHTML, like Gecko) CriOS/119.0.6045.109 Mobile/15E148 Safari/604.1"
68.218.89.6 - - [07/Dec/2025:05:37:27 -0800] "GET /wp-includes/fonts/admin.php HTTP/1.1" 200 37334 "https://www.bing.com/" "Mozilla/5.0 (Linux; Android 12; SM-A525F) AppleWebKit/537.36 (KHTML, like Gecko) Chrome/117.0.0.0 Mobile Safari/537.36"
68.218.89.6 - - [07/Dec/2025:05:37:28 -0800] "GET /wp-includes/html-api/index.php HTTP/1.1" 200 37337 "https://duckduckgo.com/" "Mozilla/5.0 (iPhone; CPU iPhone OS 17_1_1 like Mac OS X) AppleWebKit/605.1.15 (KHTML, like Gecko) Version/17.1 Mobile/15E148 Safari/604.1"
68.218.89.6 - - [07/Dec/2025:05:37:29 -0800] "GET /wp-includes/images/media/ HTTP/1.1" 200 37332 "https://www.bing.com/" "Mozilla/5.0 (iPhone; CPU iPhone OS 17_0_3 like Mac OS X) AppleWebKit/605.1.15 (KHTML, like Gecko) Version/17.0.1 Mobile/15E148 Safari/604.1"
68.218.89.6 - - [07/Dec/2025:05:37:30 -0800] "GET /wp-includes/images/smilies/about.php HTTP/1.1" 200 37343 "https://www.google.de/" "Mozilla/5.0 (Linux; Android 14; Pixel 8 Pro) AppleWebKit/537.36 (KHTML, like Gecko) Chrome/119.0.0.0 Mobile Safari/537.36"
68.218.89.6 - - [07/Dec/2025:05:37:31 -0800] "GET /wp-includes/js/index.php HTTP/1.1" 200 37331 "https://duckduckgo.com/" "Mozilla/5.0 (iPhone; CPU iPhone OS 17_0_3 like Mac OS X) AppleWebKit/605.1.15 (KHTML, like Gecko) Version/17.0.1 Mobile/15E148 Safari/604.1"
68.218.89.6 - - [07/Dec/2025:05:37:32 -0800] "GET /wp-includes/rest-api/ HTTP/1.1" 200 37328 "https://www.google.fr/" "Mozilla/5.0 (Linux; Android 11; 21081111RG) AppleWebKit/537.36 (KHTML, like Gecko) Chrome/116.0.0.0 Mobile Safari/537.36"
154.124.134.249 - - [07/Dec/2025:05:37:33 -0800] "GET http://jaguda.com/2013/12/21/limbuzee-collaborates-with-erriga-on-new-street-hop-tune-big-dream/ HTTP/1.1" 406 300 "-" "Mozilla/5.0 (Windows NT 10.0; Win64; x64) AppleWebKit/537.36 (KHTML, like Gecko) Chrome/111.0.0.0 Safari/537.36"
68.218.89.6 - - [07/Dec/2025:05:37:33 -0800] "GET /wp-includes/rest-api/fields/ HTTP/1.1" 200 37335 "https://duckduckgo.com/" "Mozilla/5.0 (iPhone; CPU iPhone OS 16_0 like Mac OS X) AppleWebKit/605.1.15 (KHTML, like Gecko) FxiOS/118.0 Mobile/15E148 Safari/605.1.15"
68.218.89.6 - - [07/Dec/2025:05:37:34 -0800] "GET /wp-includes/rest-api/search/index.php HTTP/1.1" 200 37344 "https://www.google.co.uk/" "Mozilla/5.0 (Linux; Android 12; 2201116SG) AppleWebKit/537.36 (KHTML, like Gecko) Chrome/116.0.0.0 Mobile Safari/537.36"
68.218.89.6 - - [07/Dec/2025:05:37:35 -0800] "GET /wp-includes/sitemaps/ HTTP/1.1" 200 37328 "https://www.google.de/" "Mozilla/5.0 (iPhone; CPU iPhone OS 17_0_3 like Mac OS X) AppleWebKit/605.1.15 (KHTML, like Gecko) Version/17.0.1 Mobile/15E148 Safari/604.1"
68.218.89.6 - - [07/Dec/2025:05:37:36 -0800] "GET /wp-includes/sitemaps/wp-conflg.php HTTP/1.1" 200 37341 "https://www.google.com/" "Mozilla/5.0 (Linux; Android 13; M2101K6G) AppleWebKit/537.36 (KHTML, like Gecko) Chrome/116.0.0.0 Mobile Safari/537.36"
68.218.89.6 - - [07/Dec/2025:05:37:36 -0800] "GET /wp-themes.php HTTP/1.1" 200 37320 "https://www.google.fr/" "Mozilla/5.0 (iPhone; CPU iPhone OS 17_1_1 like Mac OS X) AppleWebKit/605.1.15 (KHTML, like Gecko) Version/17.1 Mobile/15E148 Safari/604.1"
68.218.89.6 - - [07/Dec/2025:05:37:37 -0800] "GET /x.php HTTP/1.1" 200 37312 "https://www.google.de/" "Mozilla/5.0 (iPhone; CPU iPhone OS 17_0_3 like Mac OS X) AppleWebKit/605.1.15 (KHTML, like Gecko) Version/17.0.1 Mobile/15E148 Safari/604.1"
68.218.89.6 - - [07/Dec/2025:05:37:38 -0800] "GET /yas.php HTTP/1.1" 200 37314 "https://www.bing.com/" "Mozilla/5.0 (iPad; CPU OS 17_0_3 like Mac OS X) AppleWebKit/605.1.15 (KHTML, like Gecko) Version/17.0.1 Mobile/15E148 Safari/604.1"
62.234.168.65 - - [07/Dec/2025:05:37:54 -0800] "GET /wp-content/uploads/2016/05/falz-and-simi-452x400.jpg HTTP/1.1" 404 236 "-" "Mozilla/5.0 (X11; Ubuntu; Linux x86_64; rv:72.0) Gecko/20100101 Firefox/72.0"
72.30.14.18 - - [07/Dec/2025:05:37:55 -0800] "GET /2016/02/18/new-music-dswade-shuga/ HTTP/1.1" 404 236 "-" "Mozilla/5.0 (compatible; Yahoo! Slurp; http://help.yahoo.com/help/us/ysearch/slurp) sieve.k8s.crawler-production/1765114619-0"
199.127.62.242 - - [07/Dec/2025:05:38:01 -0800] "GET /wp-content/uploads/2014/04/DavidNYC1-143.jpg HTTP/1.1" 404 236 "-" "Mozilla/5.0 (Windows NT 10.0; Win64; x64) AppleWebKit/537.36"
4.190.185.215 - - [07/Dec/2025:05:38:01 -0800] "GET /wp-content/plugins/hellopress/wp_filemanager.php HTTP/1.1" 503 282 "-" "-"
199.127.62.242 - - [07/Dec/2025:05:38:01 -0800] "GET /wp-content/uploads/2014/04/DavidNYC1-143.jpg HTTP/1.1" 404 236 "-" "Mozilla/5.0 (Windows NT 10.0; Win64; x64) AppleWebKit/537.36"
199.127.62.242 - - [07/Dec/2025:05:38:02 -0800] "GET /wp-content/uploads/2014/04/DavidNYC1-143.jpg HTTP/1.1" 404 236 "-" "Mozilla/5.0 (Windows NT 10.0; Win64; x64) AppleWebKit/537.36"
213.186.1.154 - - [07/Dec/2025:05:38:05 -0800] "GET /category/events HTTP/1.1" 404 236 "-" "Mediatoolkitbot (complaints@mediatoolkit.com)"
::1 - - [07/Dec/2025:05:38:06 -0800] "GET /whm-server-status HTTP/1.0" 200 1152463 "-" "Lynx/2.8.8dev.15 libwww-FM/2.14 SSL-MM/1.4.1 OpenSSL/1.0.1e-fips"
4.190.185.215 - - [07/Dec/2025:05:38:11 -0800] "GET /shoha.php HTTP/1.1" 503 282 "-" "-"
213.186.1.154 - - [07/Dec/2025:05:38:12 -0800] "GET /category/events/johannesburg HTTP/1.1" 404 236 "-" "Mediatoolkitbot (complaints@mediatoolkit.com)"
4.190.185.215 - - [07/Dec/2025:05:38:14 -0800] "GET /first.php HTTP/1.1" 503 282 "-" "-"
4.190.185.215 - - [07/Dec/2025:05:38:15 -0800] "GET /show/asa.php HTTP/1.1" 503 282 "-" "-"
4.190.185.215 - - [07/Dec/2025:05:38:18 -0800] "GET /tarc.php HTTP/1.1" 503 282 "-" "-"
4.190.185.215 - - [07/Dec/2025:05:38:20 -0800] "GET /nas.php HTTP/1.1" 503 282 "-" "-"
4.190.185.215 - - [07/Dec/2025:05:38:23 -0800] "GET /jju.php HTTP/1.1" 503 282 "-" "-"
4.190.185.215 - - [07/Dec/2025:05:38:30 -0800] "GET /cool.php HTTP/1.1" 503 282 "-" "-"
4.190.185.215 - - [07/Dec/2025:05:38:34 -0800] "GET /new4.php HTTP/1.1" 503 282 "-" "-"
4.190.185.215 - - [07/Dec/2025:05:38:41 -0800] "GET /schallfuns.php HTTP/1.1" 503 282 "-" "-"
4.190.185.215 - - [07/Dec/2025:05:38:44 -0800] "GET /333.php HTTP/1.1" 503 282 "-" "-"
141.52.43.53 - - [07/Dec/2025:05:38:45 -0800] "GET /wp-content/uploads/2011/10/Contestant-13-691x1024.jpg HTTP/1.1" 404 236 "-" "python-requests/2.32.5"
4.190.185.215 - - [07/Dec/2025:05:38:47 -0800] "GET /install.php HTTP/1.1" 503 282 "-" "-"
4.190.185.215 - - [07/Dec/2025:05:38:49 -0800] "GET /gib.php HTTP/1.1" 503 282 "-" "-"
4.190.185.215 - - [07/Dec/2025:05:38:59 -0800] "GET /article.php HTTP/1.1" 503 282 "-" "-"
4.190.185.215 - - [07/Dec/2025:05:39:03 -0800] "GET /efile.php HTTP/1.1" 503 282 "-" "-"
220.181.108.157 - - [07/Dec/2025:05:39:05 -0800] "GET /music-mp3/music-sinzu-g-check-freestyle/ HTTP/1.1" 404 236 "-" "Mozilla/5.0 (compatible; Baiduspider/2.0; +http://www.baidu.com/search/spider.html)"
4.190.185.215 - - [07/Dec/2025:05:39:05 -0800] "GET /wui.php HTTP/1.1" 503 282 "-" "-"
216.73.216.119 - - [07/Dec/2025:05:39:09 -0800] "GET /2013/08/20/lookbook-ghanaian-fashion-label-christie-brown-presents-its-winter-2013-collection-called-dure/14-6 HTTP/1.1" 404 236 "-" "Mozilla/5.0 AppleWebKit/537.36 (KHTML, like Gecko; compatible; ClaudeBot/1.0; +claudebot@anthropic.com)"
4.190.185.215 - - [07/Dec/2025:05:39:10 -0800] "GET /cgn.php HTTP/1.1" 503 282 "-" "-"
4.190.185.215 - - [07/Dec/2025:05:39:14 -0800] "GET /bolt.php HTTP/1.1" 503 282 "-" "-"
::1 - - [07/Dec/2025:05:39:15 -0800] "GET /whm-server-status HTTP/1.0" 200 1151666 "-" "Lynx/2.8.8dev.15 libwww-FM/2.14 SSL-MM/1.4.1 OpenSSL/1.0.1e-fips"
4.190.185.215 - - [07/Dec/2025:05:39:16 -0800] "GET /spk.php HTTP/1.1" 503 282 "-" "-"
4.190.185.215 - - [07/Dec/2025:05:39:17 -0800] "GET /log.php HTTP/1.1" 503 282 "-" "-"
216.73.216.119 - - [07/Dec/2025:05:39:18 -0800] "GET /2013/08/20/lookbook-ghanaian-fashion-label-christie-brown-presents-its-winter-2013-collection-called-dure/9-10 HTTP/1.1" 404 236 "-" "Mozilla/5.0 AppleWebKit/537.36 (KHTML, like Gecko; compatible; ClaudeBot/1.0; +claudebot@anthropic.com)"
4.190.185.215 - - [07/Dec/2025:05:39:19 -0800] "GET /fe5.php HTTP/1.1" 503 282 "-" "-"
4.190.185.215 - - [07/Dec/2025:05:39:23 -0800] "GET /2r.php HTTP/1.1" 503 282 "-" "-"
4.190.185.215 - - [07/Dec/2025:05:39:25 -0800] "GET /mailer.php7 HTTP/1.1" 503 282 "-" "-"
87.250.224.42 - - [07/Dec/2025:05:39:31 -0800] "GET /2013/10/16/video-tiwa-savage-oma-ga-teaser/ HTTP/1.1" 404 236 "-" "Mozilla/5.0 (compatible; YandexBot/3.0; +http://yandex.com/bots)"
4.190.185.215 - - [07/Dec/2025:05:39:35 -0800] "GET /rsnu.php HTTP/1.1" 503 282 "-" "-"
4.190.185.215 - - [07/Dec/2025:05:39:37 -0800] "GET /dom.php HTTP/1.1" 503 282 "-" "-"
116.179.32.142 - - [07/Dec/2025:05:39:40 -0800] "GET /music-mp3/bubbling-under/enlino-my-side/ HTTP/1.1" 404 236 "-" "Mozilla/5.0 (compatible; Baiduspider/2.0; +http://www.baidu.com/search/spider.html)"
4.190.185.215 - - [07/Dec/2025:05:39:43 -0800] "GET /13.php HTTP/1.1" 503 282 "-" "-"
213.180.203.124 - - [07/Dec/2025:05:39:47 -0800] "GET /2013/04/08/kate-henshaw-looks-breathtaking-on-the-cover-of-wow-magazine/ HTTP/1.1" 404 236 "-" "Mozilla/5.0 (compatible; YandexBot/3.0; +http://yandex.com/bots)"
4.190.185.215 - - [07/Dec/2025:05:39:49 -0800] "GET /ula.php HTTP/1.1" 503 282 "-" "-"
20.247.3.46 - - [07/Dec/2025:05:39:48 -0800] "GET /.well-known/acme-challenge/file.php HTTP/1.1" 200 37335 "https://www.google.de/" "Mozilla/5.0 (Linux; Android 11; 21081111RG) AppleWebKit/537.36 (KHTML, like Gecko) Chrome/116.0.0.0 Mobile Safari/537.36"
52.191.41.19 - - [07/Dec/2025:05:39:49 -0800] "GET /wp-content/uploads/2013/10/brymo-shoot.jpg HTTP/1.1" 404 236 "-" "Mozilla/5.0 (X11; Ubuntu; Linux x86_64; rv:72.0) Gecko/20100101 Firefox/72.0"
52.191.41.18 - - [07/Dec/2025:05:39:49 -0800] "GET /wp-content/uploads/2013/10/brymo-shoot.jpg HTTP/1.1" 404 236 "-" "Mozilla/5.0 (X11; Ubuntu; Linux x86_64; rv:72.0) Gecko/20100101 Firefox/72.0"
20.247.3.46 - - [07/Dec/2025:05:39:49 -0800] "GET /.well-known/acme-challenge/wp-login.php HTTP/1.1" 200 37339 "https://www.google.co.uk/" "Mozilla/5.0 (Linux; Android 12; SM-A525F) AppleWebKit/537.36 (KHTML, like Gecko) Chrome/117.0.0.0 Mobile Safari/537.36"
52.191.41.19 - - [07/Dec/2025:05:39:50 -0800] "GET /wp-content/uploads/2013/10/brymo-shoot.jpg HTTP/1.1" 404 236 "-" "Mozilla/5.0 (X11; Ubuntu; Linux x86_64; rv:72.0) Gecko/20100101 Firefox/72.0"
20.247.3.46 - - [07/Dec/2025:05:39:50 -0800] "GET /.well-known/pki-validation/index.php HTTP/1.1" 404 236 "https://www.google.co.uk/" "Mozilla/5.0 (iPhone; CPU iPhone OS 17_1 like Mac OS X) AppleWebKit/605.1.15 (KHTML, like Gecko) CriOS/119.0.6045.109 Mobile/15E148 Safari/604.1"
4.190.185.215 - - [07/Dec/2025:05:39:50 -0800] "GET /x0.php HTTP/1.1" 503 282 "-" "-"
20.247.3.46 - - [07/Dec/2025:05:39:50 -0800] "GET /1.php HTTP/1.1" 200 37305 "https://www.google.com/" "Mozilla/5.0 (iPad; CPU OS 16_7_2 like Mac OS X) AppleWebKit/605.1.15 (KHTML, like Gecko) Version/16.6 Mobile/15E148 Safari/604.1"
4.190.185.215 - - [07/Dec/2025:05:39:51 -0800] "GET /rss.php HTTP/1.1" 503 282 "-" "-"
20.247.3.46 - - [07/Dec/2025:05:39:51 -0800] "GET /aa.php HTTP/1.1" 200 37306 "https://www.google.com/" "Mozilla/5.0 (iPhone; CPU iPhone OS 17_1 like Mac OS X) AppleWebKit/605.1.15 (KHTML, like Gecko) CriOS/119.0.6045.109 Mobile/15E148 Safari/604.1"
4.190.185.215 - - [07/Dec/2025:05:39:52 -0800] "GET /pp.php HTTP/1.1" 503 282 "-" "-"
20.247.3.46 - - [07/Dec/2025:05:39:52 -0800] "GET /abcd.php HTTP/1.1" 200 37308 "https://www.google.co.uk/" "Mozilla/5.0 (iPad; CPU OS 17_0_3 like Mac OS X) AppleWebKit/605.1.15 (KHTML, like Gecko) Version/17.0.1 Mobile/15E148 Safari/604.1"
4.190.185.215 - - [07/Dec/2025:05:39:53 -0800] "GET /skj.php HTTP/1.1" 503 282 "-" "-"
20.247.3.46 - - [07/Dec/2025:05:39:53 -0800] "GET /about.php HTTP/1.1" 200 37309 "https://www.google.co.uk/" "Mozilla/5.0 (Linux; Android 10; LM-Q720) AppleWebKit/537.36 (KHTML, like Gecko) Chrome/116.0.0.0 Mobile Safari/537.36"
20.247.3.46 - - [07/Dec/2025:05:39:54 -0800] "GET /.well-known/index.php HTTP/1.1" 200 37321 "https://www.google.fr/" "Mozilla/5.0 (Linux; Android 13; SM-G991U) AppleWebKit/537.36 (KHTML, like Gecko) Chrome/117.0.0.0 Mobile Safari/537.36"
20.247.3.46 - - [07/Dec/2025:05:39:55 -0800] "GET /admin.php HTTP/1.1" 200 37309 "https://www.google.com/" "Mozilla/5.0 (iPhone; CPU iPhone OS 17_0_3 like Mac OS X) AppleWebKit/605.1.15 (KHTML, like Gecko) Version/17.0.1 Mobile/15E148 Safari/604.1"
20.247.3.46 - - [07/Dec/2025:05:39:56 -0800] "GET /adminfuns.php HTTP/1.1" 200 37313 "https://www.google.co.uk/" "Mozilla/5.g (Linux; Android 13; Pixel 7) AppleWebKit/537.36 (KHTML, like Gecko) Chrome/116.0.0.0 Mobile Safari/537.36"
20.247.3.46 - - [07/Dec/2025:05:39:57 -0800] "GET /alfa.php HTTP/1.1" 200 37308 "https://www.yahoo.com/" "Mozilla/5.0 (iPad; CPU OS 16_7_2 like Mac OS X) AppleWebKit/605.1.15 (KHTML, like Gecko) Version/16.6 Mobile/15E148 Safari/604.1"
20.247.3.46 - - [07/Dec/2025:05:39:57 -0800] "GET /api.php HTTP/1.1" 200 37307 "https://duckduckgo.com/" "Mozilla/5.0 (Linux; Android 10; LM-Q720) AppleWebKit/537.36 (KHTML, like Gecko) Chrome/116.0.0.0 Mobile Safari/537.36"
4.190.185.215 - - [07/Dec/2025:05:39:58 -0800] "GET /dox.php HTTP/1.1" 503 282 "-" "-"
20.247.3.46 - - [07/Dec/2025:05:39:58 -0800] "GET /autoload_classmap/function.php HTTP/1.1" 200 37330 "https://www.bing.com/" "Mozilla/5.0 (Linux; Android 11; CPH2251) AppleWebKit/537.36 (KHTML, like Gecko) Chrome/116.0.0.0 Mobile Safari/537.36"
4.190.185.215 - - [07/Dec/2025:05:39:59 -0800] "GET /haf.php HTTP/1.1" 503 282 "-" "-"
20.247.3.46 - - [07/Dec/2025:05:39:59 -0800] "GET /bless.php HTTP/1.1" 200 37309 "https://www.google.de/" "Mozilla/5.0 (iPhone; CPU iPhone OS 15_7_9 like Mac OS X) AppleWebKit/605.1.15 (KHTML, like Gecko) Version/15.6.5 Mobile/15E148 Safari/604.1"
34.59.30.100 - - [07/Dec/2025:05:40:00 -0800] "GET /wp-content/uploads/2014/05/OJTII-150x150.png HTTP/1.1" 404 236 "https://www.google.com/" "Mozilla/5.0 (Windows NT 10.0; Win64; x64) AppleWebKit/537.36 (KHTML, like Gecko) Chrome/120.0.0.0 Safari/537.36"
20.247.3.46 - - [07/Dec/2025:05:40:00 -0800] "GET /cgi-bin/index.php HTTP/1.1" 200 37317 "https://www.google.com/" "Mozilla/5.0 (Linux; Android 13; SM-S908E) AppleWebKit/537.36 (KHTML, like Gecko) Chrome/116.0.0.0 Mobile Safari/537.36"
127.0.0.1 - - [07/Dec/2025:05:40:01 -0800] "GET /whm-server-status HTTP/1.0" 200 1151871 "-" "-"
20.247.3.46 - - [07/Dec/2025:05:40:01 -0800] "GET /classwithtostring.php HTTP/1.1" 200 37321 "https://www.yahoo.com/" "Mozilla/5.0 (Linux; Android 10; K) AppleWebKit/537.36 (KHTML, like Gecko) Chrome/117.0.0.0 Mobile Safari/537.36"
20.247.3.46 - - [07/Dec/2025:05:40:02 -0800] "GET /edit.php HTTP/1.1" 200 37308 "https://www.google.fr/" "Mozilla/5.0 (Linux; Android 13; SM-G991U) AppleWebKit/537.36 (KHTML, like Gecko) Chrome/117.0.0.0 Mobile Safari/537.36"
20.247.3.46 - - [07/Dec/2025:05:40:03 -0800] "GET /file.php HTTP/1.1" 200 37308 "https://duckduckgo.com/" "Mozilla/5.0 (Linux; Android 12; SM-A525F) AppleWebKit/537.36 (KHTML, like Gecko) Chrome/117.0.0.0 Mobile Safari/537.36"
20.247.3.46 - - [07/Dec/2025:05:40:04 -0800] "GET /goods.php HTTP/1.1" 200 37309 "https://www.google.de/" "Mozilla/5.0 (iPhone; CPU iPhone OS 17_0_3 like Mac OS X) AppleWebKit/605.1.15 (KHTML, like Gecko) Version/17.0.1 Mobile/15E148 Safari/604.1"
20.247.3.46 - - [07/Dec/2025:05:40:04 -0800] "GET /info.php HTTP/1.1" 200 37308 "https://www.google.fr/" "Mozilla/5.g (Linux; Android 13; Pixel 7) AppleWebKit/537.36 (KHTML, like Gecko) Chrome/116.0.0.0 Mobile Safari/537.36"
20.247.3.46 - - [07/Dec/2025:05:40:05 -0800] "GET /ioxi-o.php HTTP/1.1" 200 37310 "https://www.google.co.uk/" "Mozilla/5.0 (Linux; Android 10; LM-Q720) AppleWebKit/537.36 (KHTML, like Gecko) Chrome/116.0.0.0 Mobile Safari/537.36"
20.247.3.46 - - [07/Dec/2025:05:40:06 -0800] "GET /manager.php HTTP/1.1" 200 37311 "https://www.bing.com/" "Mozilla/5.0 (Linux; Android 11; CPH2251) AppleWebKit/537.36 (KHTML, like Gecko) Chrome/116.0.0.0 Mobile Safari/537.36"
20.247.3.46 - - [07/Dec/2025:05:40:07 -0800] "GET /mini HTTP/1.1" 200 37304 "https://www.google.de/" "Mozilla/5.0 (Linux; Android 10; K) AppleWebKit/537.36 (KHTML, like Gecko) Chrome/117.0.0.0 Mobile Safari/537.36"
20.247.3.46 - - [07/Dec/2025:05:40:08 -0800] "GET /wp-user.php HTTP/1.1" 200 37311 "https://www.yahoo.com/" "Mozilla/5.0 (iPhone; CPU iPhone OS 16_0 like Mac OS X) AppleWebKit/605.1.15 (KHTML, like Gecko) FxiOS/118.0 Mobile/15E148 Safari/605.1.15"
20.247.3.46 - - [07/Dec/2025:05:40:09 -0800] "GET /wp.php HTTP/1.1" 200 37306 "https://www.google.co.uk/" "Mozilla/5.0 (Linux; Android 12; 2201116SG) AppleWebKit/537.36 (KHTML, like Gecko) Chrome/116.0.0.0 Mobile Safari/537.36"
185.150.190.249 - - [07/Dec/2025:05:40:10 -0800] "GET /wp-content/uploads/2018/01/Dammy-Krane-%E2%80%93-Free-Sinzu-534x462.jpg HTTP/1.1" 404 236 "-" "Mozilla/5.0 (Windows NT 10.0; Win64; x64) AppleWebKit/537.36"
20.247.3.46 - - [07/Dec/2025:05:40:10 -0800] "GET /xmrlpc.php HTTP/1.1" 200 37310 "https://www.google.co.uk/" "Mozilla/5.g (Linux; Android 13; Pixel 7) AppleWebKit/537.36 (KHTML, like Gecko) Chrome/116.0.0.0 Mobile Safari/537.36"
185.150.190.249 - - [07/Dec/2025:05:40:11 -0800] "GET /wp-content/uploads/2018/01/Dammy-Krane-%E2%80%93-Free-Sinzu-534x462.jpg HTTP/1.1" 404 236 "-" "Mozilla/5.0 (Windows NT 10.0; Win64; x64) AppleWebKit/537.36"
20.247.3.46 - - [07/Dec/2025:05:40:11 -0800] "GET /ahax.php HTTP/1.1" 200 37308 "https://www.google.fr/" "Mozilla/5.0 (Linux; Android 12; 2201116SG) AppleWebKit/537.36 (KHTML, like Gecko) Chrome/116.0.0.0 Mobile Safari/537.36"
185.150.190.249 - - [07/Dec/2025:05:40:11 -0800] "GET /wp-content/uploads/2018/01/Dammy-Krane-%E2%80%93-Free-Sinzu-534x462.jpg HTTP/1.1" 404 236 "-" "Mozilla/5.0 (Windows NT 10.0; Win64; x64) AppleWebKit/537.36"
20.247.3.46 - - [07/Dec/2025:05:40:12 -0800] "GET /akcc.php HTTP/1.1" 200 37308 "https://duckduckgo.com/" "Mozilla/5.0 (Linux; Android 10; LM-Q720) AppleWebKit/537.36 (KHTML, like Gecko) Chrome/116.0.0.0 Mobile Safari/537.36"
172.171.99.168 - - [07/Dec/2025:05:40:13 -0800] "GET /wp-content/uploads/2012/07/What-It-Do-LayLow-feat.-BuckwyllaSosSickPhynoYung6ixSerikiPhenomOlamideLiu-T-Jesse-Jagz.-e1342835415950-150x150.jpeg HTTP/1.1" 404 236 "-" "Mozilla/5.0 (X11; Ubuntu; Linux x86_64; rv:72.0) Gecko/20100101 Firefox/72.0"
4.190.185.215 - - [07/Dec/2025:05:40:13 -0800] "GET /gmo.php HTTP/1.1" 503 282 "-" "-"
172.171.100.19 - - [07/Dec/2025:05:40:13 -0800] "GET /wp-content/uploads/2012/07/What-It-Do-LayLow-feat.-BuckwyllaSosSickPhynoYung6ixSerikiPhenomOlamideLiu-T-Jesse-Jagz.-e1342835415950-150x150.jpeg HTTP/1.1" 404 236 "-" "Mozilla/5.0 (X11; Ubuntu; Linux x86_64; rv:72.0) Gecko/20100101 Firefox/72.0"
20.247.3.46 - - [07/Dec/2025:05:40:12 -0800] "GET /assets/ HTTP/1.1" 200 37307 "https://www.google.com/" "Mozilla/5.0 (iPad; CPU OS 17_0_3 like Mac OS X) AppleWebKit/605.1.15 (KHTML, like Gecko) Version/17.0.1 Mobile/15E148 Safari/604.1"
172.171.99.205 - - [07/Dec/2025:05:40:13 -0800] "GET /wp-content/uploads/2012/07/What-It-Do-LayLow-feat.-BuckwyllaSosSickPhynoYung6ixSerikiPhenomOlamideLiu-T-Jesse-Jagz.-e1342835415950-150x150.jpeg HTTP/1.1" 404 236 "-" "Mozilla/5.0 (X11; Ubuntu; Linux x86_64; rv:72.0) Gecko/20100101 Firefox/72.0"
4.190.185.215 - - [07/Dec/2025:05:40:14 -0800] "GET /error.php HTTP/1.1" 503 282 "-" "-"
20.247.3.46 - - [07/Dec/2025:05:40:13 -0800] "GET /assets/images/ HTTP/1.1" 200 37314 "https://www.google.fr/" "Mozilla/5.0 (iPhone; CPU iPhone OS 17_1_1 like Mac OS X) AppleWebKit/605.1.15 (KHTML, like Gecko) Version/17.1 Mobile/15E148 Safari/604.1"
220.181.108.165 - - [07/Dec/2025:05:40:14 -0800] "GET /video/video-american-rapper-op1-ft-skales-hours-orion-peace/ HTTP/1.1" 404 236 "-" "Mozilla/5.0 (compatible; Baiduspider/2.0; +http://www.baidu.com/search/spider.html)"
20.247.3.46 - - [07/Dec/2025:05:40:14 -0800] "GET /av.php HTTP/1.1" 200 37306 "https://www.google.com/" "Mozilla/5.0 (Linux; Android 11; 21081111RG) AppleWebKit/537.36 (KHTML, like Gecko) Chrome/116.0.0.0 Mobile Safari/537.36"
20.247.3.46 - - [07/Dec/2025:05:40:15 -0800] "GET /buy.php HTTP/1.1" 200 37307 "https://www.google.co.uk/" "Mozilla/5.0 (iPad; CPU OS 16_7_2 like Mac OS X) AppleWebKit/605.1.15 (KHTML, like Gecko) Version/16.6 Mobile/15E148 Safari/604.1"
20.247.3.46 - - [07/Dec/2025:05:40:16 -0800] "GET /cgi-bin/ HTTP/1.1" 200 37308 "https://www.bing.com/" "Mozilla/5.0 (Linux; Android 12; V2134) AppleWebKit/537.36 (KHTML, like Gecko) Chrome/116.0.0.0 Mobile Safari/537.36"
20.247.3.46 - - [07/Dec/2025:05:40:17 -0800] "GET /chosen.php HTTP/1.1" 200 37310 "https://www.google.co.uk/" "Mozilla/5.g (Linux; Android 13; Pixel 7) AppleWebKit/537.36 (KHTML, like Gecko) Chrome/116.0.0.0 Mobile Safari/537.36"
20.247.3.46 - - [07/Dec/2025:05:40:18 -0800] "GET /css/index.php HTTP/1.1" 200 37313 "https://www.yahoo.com/" "Mozilla/5.0 (iPhone; CPU iPhone OS 17_1_1 like Mac OS X) AppleWebKit/605.1.15 (KHTML, like Gecko) Version/17.1 Mobile/15E148 Safari/604.1"
172.161.75.8 - - [07/Dec/2025:05:40:19 -0800] "GET /.well-known/acme-challenge/file.php HTTP/1.1" 503 282 "https://www.google.co.uk/" "Mozilla/5.0 (iPhone; CPU iPhone OS 17_1_1 like Mac OS X) AppleWebKit/605.1.15 (KHTML, like Gecko) Version/17.1 Mobile/15E148 Safari/604.1"
20.247.3.46 - - [07/Dec/2025:05:40:19 -0800] "GET /elp.php HTTP/1.1" 200 37307 "https://www.google.co.uk/" "Mozilla/5.0 (iPad; CPU OS 16_7_2 like Mac OS X) AppleWebKit/605.1.15 (KHTML, like Gecko) Version/16.6 Mobile/15E148 Safari/604.1"
52.191.41.19 - - [07/Dec/2025:05:40:20 -0800] "GET /wp-content/uploads/2014/10/IMG_6557-Mavin-Concert-UK_Manchester_21Oct2014_Daniel-Sync-PHOTOS-2-1024x682.jpg HTTP/1.1" 404 236 "-" "Mozilla/5.0 (X11; Ubuntu; Linux x86_64; rv:72.0) Gecko/20100101 Firefox/72.0"
20.247.3.46 - - [07/Dec/2025:05:40:20 -0800] "GET /images/ HTTP/1.1" 200 37307 "https://www.google.co.uk/" "Mozilla/5.0 (iPhone; CPU iPhone OS 16_6_1 like Mac OS X) AppleWebKit/605.1.15 (KHTML, like Gecko) Version/16.6 Mobile/15E148 Safari/604.1"
172.161.75.8 - - [07/Dec/2025:05:40:20 -0800] "GET /.well-known/acme-challenge/wp-login.php HTTP/1.1" 503 282 "https://www.google.com/" "Mozilla/5.0 (iPad; CPU OS 16_7_2 like Mac OS X) AppleWebKit/605.1.15 (KHTML, like Gecko) Version/16.6 Mobile/15E148 Safari/604.1"
52.191.41.15 - - [07/Dec/2025:05:40:20 -0800] "GET /wp-content/uploads/2014/10/IMG_6557-Mavin-Concert-UK_Manchester_21Oct2014_Daniel-Sync-PHOTOS-2-1024x682.jpg HTTP/1.1" 404 236 "-" "Mozilla/5.0 (X11; Ubuntu; Linux x86_64; rv:72.0) Gecko/20100101 Firefox/72.0"
52.191.41.18 - - [07/Dec/2025:05:40:21 -0800] "GET /wp-content/uploads/2014/10/IMG_6557-Mavin-Concert-UK_Manchester_21Oct2014_Daniel-Sync-PHOTOS-2-1024x682.jpg HTTP/1.1" 404 236 "-" "Mozilla/5.0 (X11; Ubuntu; Linux x86_64; rv:72.0) Gecko/20100101 Firefox/72.0"
4.190.185.215 - - [07/Dec/2025:05:40:21 -0800] "GET /eru.php HTTP/1.1" 503 282 "-" "-"
20.247.3.46 - - [07/Dec/2025:05:40:20 -0800] "GET /index/function.php HTTP/1.1" 200 37318 "https://www.google.fr/" "Mozilla/5.0 (Linux; Android 13; SM-S908E) AppleWebKit/537.36 (KHTML, like Gecko) Chrome/116.0.0.0 Mobile Safari/537.36"
172.161.75.8 - - [07/Dec/2025:05:40:21 -0800] "GET /.well-known/pki-validation/index.php HTTP/1.1" 406 300 "https://www.google.co.uk/" "Mozilla/5.0 (Linux; Android 11; 21081111RG) AppleWebKit/537.36 (KHTML, like Gecko) Chrome/116.0.0.0 Mobile Safari/537.36"
52.191.41.18 - - [07/Dec/2025:05:40:22 -0800] "GET /wp-content/uploads/2012/04/Praiz-jekalo-150x150.jpg HTTP/1.1" 404 236 "-" "Mozilla/5.0 (X11; Ubuntu; Linux x86_64; rv:72.0) Gecko/20100101 Firefox/72.0"
20.247.3.46 - - [07/Dec/2025:05:40:21 -0800] "GET /inputs.php HTTP/1.1" 200 37310 "https://www.google.de/" "Mozilla/5.0 (iPhone; CPU iPhone OS 17_1_1 like Mac OS X) AppleWebKit/605.1.15 (KHTML, like Gecko) Version/17.1 Mobile/15E148 Safari/604.1"
4.190.185.215 - - [07/Dec/2025:05:40:22 -0800] "GET /ioxi-o.php HTTP/1.1" 503 282 "-" "-"
52.191.41.15 - - [07/Dec/2025:05:40:22 -0800] "GET /wp-content/uploads/2012/04/Praiz-jekalo-150x150.jpg HTTP/1.1" 404 236 "-" "Mozilla/5.0 (X11; Ubuntu; Linux x86_64; rv:72.0) Gecko/20100101 Firefox/72.0"
172.161.75.8 - - [07/Dec/2025:05:40:22 -0800] "GET /1.php HTTP/1.1" 503 282 "https://www.bing.com/" "Mozilla/5.g (Linux; Android 13; Pixel 7) AppleWebKit/537.36 (KHTML, like Gecko) Chrome/116.0.0.0 Mobile Safari/537.36"
52.191.41.18 - - [07/Dec/2025:05:40:22 -0800] "GET /wp-content/uploads/2012/04/Praiz-jekalo-150x150.jpg HTTP/1.1" 404 236 "-" "Mozilla/5.0 (X11; Ubuntu; Linux x86_64; rv:72.0) Gecko/20100101 Firefox/72.0"
20.247.3.46 - - [07/Dec/2025:05:40:22 -0800] "GET /mah.php HTTP/1.1" 200 37307 "https://duckduckgo.com/" "Mozilla/5.0 (iPhone; CPU iPhone OS 16_6_1 like Mac OS X) AppleWebKit/605.1.15 (KHTML, like Gecko) Version/16.6 Mobile/15E148 Safari/604.1"
172.161.75.8 - - [07/Dec/2025:05:40:23 -0800] "GET /aa.php HTTP/1.1" 503 282 "https://www.yahoo.com/" "Mozilla/5.0 (iPad; CPU OS 16_7_2 like Mac OS X) AppleWebKit/605.1.15 (KHTML, like Gecko) Version/16.6 Mobile/15E148 Safari/604.1"
20.247.3.46 - - [07/Dec/2025:05:40:23 -0800] "GET /mah/function.php HTTP/1.1" 200 37316 "https://www.google.de/" "Mozilla/5.0 (iPhone; CPU iPhone OS 16_0 like Mac OS X) AppleWebKit/605.1.15 (KHTML, like Gecko) FxiOS/118.0 Mobile/15E148 Safari/605.1.15"
::1 - - [07/Dec/2025:05:40:24 -0800] "GET /whm-server-status HTTP/1.0" 200 1151607 "-" "Lynx/2.8.8dev.15 libwww-FM/2.14 SSL-MM/1.4.1 OpenSSL/1.0.1e-fips"
4.190.185.215 - - [07/Dec/2025:05:40:24 -0800] "GET /wsx.php HTTP/1.1" 503 282 "-" "-"
20.247.3.46 - - [07/Dec/2025:05:40:24 -0800] "GET /mini.php HTTP/1.1" 200 37308 "https://duckduckgo.com/" "Mozilla/5.0 (Linux; Android 13; SM-G991U) AppleWebKit/537.36 (KHTML, like Gecko) Chrome/117.0.0.0 Mobile Safari/537.36"
172.161.75.8 - - [07/Dec/2025:05:40:25 -0800] "GET /abcd.php HTTP/1.1" 503 282 "https://www.google.de/" "Mozilla/5.0 (Linux; Android 12; SM-A525F) AppleWebKit/537.36 (KHTML, like Gecko) Chrome/117.0.0.0 Mobile Safari/537.36"
20.247.3.46 - - [07/Dec/2025:05:40:25 -0800] "GET /modules/mod_simplefileuploadv1.3/elements/ HTTP/1.1" 200 37342 "https://www.google.com/" "Mozilla/5.0 (Linux; Android 12; V2134) AppleWebKit/537.36 (KHTML, like Gecko) Chrome/116.0.0.0 Mobile Safari/537.36"
20.247.3.46 - - [07/Dec/2025:05:40:26 -0800] "GET /new.php HTTP/1.1" 200 37307 "https://www.google.fr/" "Mozilla/5.0 (Linux; Android 10; K) AppleWebKit/537.36 (KHTML, like Gecko) Chrome/117.0.0.0 Mobile Safari/537.36"
172.161.75.8 - - [07/Dec/2025:05:40:26 -0800] "GET /about.php HTTP/1.1" 503 282 "https://duckduckgo.com/" "Mozilla/5.0 (Linux; Android 12; 2201116SG) AppleWebKit/537.36 (KHTML, like Gecko) Chrome/116.0.0.0 Mobile Safari/537.36"
20.247.3.46 - - [07/Dec/2025:05:40:27 -0800] "GET /options-reading.php HTTP/1.1" 200 37319 "https://www.google.fr/" "Mozilla/5.0 (iPhone; CPU iPhone OS 17_1_1 like Mac OS X) AppleWebKit/605.1.15 (KHTML, like Gecko) Version/17.1 Mobile/15E148 Safari/604.1"
172.161.75.8 - - [07/Dec/2025:05:40:28 -0800] "GET /.well-known/index.php HTTP/1.1" 503 282 "https://www.google.com/" "Mozilla/5.0 (Linux; Android 11; 21081111RG) AppleWebKit/537.36 (KHTML, like Gecko) Chrome/116.0.0.0 Mobile Safari/537.36"
20.247.3.46 - - [07/Dec/2025:05:40:28 -0800] "GET /simple.php HTTP/1.1" 200 37310 "https://www.google.co.uk/" "Mozilla/5.0 (Linux; Android 10; LM-Q720) AppleWebKit/537.36 (KHTML, like Gecko) Chrome/116.0.0.0 Mobile Safari/537.36"
20.247.3.46 - - [07/Dec/2025:05:40:28 -0800] "GET /uploads/ HTTP/1.1" 200 37308 "https://www.yahoo.com/" "Mozilla/5.0 (iPad; CPU OS 16_7_2 like Mac OS X) AppleWebKit/605.1.15 (KHTML, like Gecko) Version/16.6 Mobile/15E148 Safari/604.1"
172.161.75.8 - - [07/Dec/2025:05:40:30 -0800] "GET /admin.php HTTP/1.1" 503 282 "https://www.bing.com/" "Mozilla/5.0 (Linux; Android 14; Pixel 8 Pro) AppleWebKit/537.36 (KHTML, like Gecko) Chrome/119.0.0.0 Mobile Safari/537.36"
20.247.3.46 - - [07/Dec/2025:05:40:29 -0800] "GET /modules/mod_simplefileuploadv1.3/elements/index.php HTTP/1.1" 200 37351 "https://www.google.fr/" "Mozilla/5.0 (Linux; Android 12; V2134) AppleWebKit/537.36 (KHTML, like Gecko) Chrome/116.0.0.0 Mobile Safari/537.36"
20.247.3.46 - - [07/Dec/2025:05:40:30 -0800] "GET /new.php HTTP/1.1" 200 37307 "https://duckduckgo.com/" "Mozilla/5.0 (iPad; CPU OS 17_0_3 like Mac OS X) AppleWebKit/605.1.15 (KHTML, like Gecko) Version/17.0.1 Mobile/15E148 Safari/604.1"
172.161.75.8 - - [07/Dec/2025:05:40:31 -0800] "GET /adminfuns.php HTTP/1.1" 503 282 "https://duckduckgo.com/" "Mozilla/5.0 (Linux; Android 13; SM-G991U) AppleWebKit/537.36 (KHTML, like Gecko) Chrome/117.0.0.0 Mobile Safari/537.36"
20.247.3.46 - - [07/Dec/2025:05:40:31 -0800] "GET /public/files/index.php HTTP/1.1" 200 37322 "https://www.google.com/" "Mozilla/5.0 (iPhone; CPU iPhone OS 17_1_1 like Mac OS X) AppleWebKit/605.1.15 (KHTML, like Gecko) Version/17.1 Mobile/15E148 Safari/604.1"
172.161.75.8 - - [07/Dec/2025:05:40:32 -0800] "GET /alfa.php HTTP/1.1" 503 282 "https://duckduckgo.com/" "Mozilla/5.0 (iPhone; CPU iPhone OS 17_1_1 like Mac OS X) AppleWebKit/605.1.15 (KHTML, like Gecko) Version/17.1 Mobile/15E148 Safari/604.1"
172.161.75.8 - - [07/Dec/2025:05:40:32 -0800] "GET /api.php HTTP/1.1" 503 282 "https://www.bing.com/" "Mozilla/5.0 (iPhone; CPU iPhone OS 16_0 like Mac OS X) AppleWebKit/605.1.15 (KHTML, like Gecko) FxiOS/118.0 Mobile/15E148 Safari/605.1.15"
20.247.3.46 - - [07/Dec/2025:05:40:32 -0800] "GET /public/wp-content/index.php HTTP/1.1" 200 37327 "https://www.bing.com/" "Mozilla/5.0 (iPhone; CPU iPhone OS 16_6_1 like Mac OS X) AppleWebKit/605.1.15 (KHTML, like Gecko) Version/16.6 Mobile/15E148 Safari/604.1"
172.161.75.8 - - [07/Dec/2025:05:40:33 -0800] "GET /autoload_classmap/function.php HTTP/1.1" 503 282 "https://www.bing.com/" "Mozilla/5.0 (iPad; CPU OS 17_0_3 like Mac OS X) AppleWebKit/605.1.15 (KHTML, like Gecko) Version/17.0.1 Mobile/15E148 Safari/604.1"
20.247.3.46 - - [07/Dec/2025:05:40:33 -0800] "GET /radio.php HTTP/1.1" 200 37309 "https://www.google.fr/" "Mozilla/5.0 (Linux; Android 14; Pixel 8 Pro) AppleWebKit/537.36 (KHTML, like Gecko) Chrome/119.0.0.0 Mobile Safari/537.36"
172.161.75.8 - - [07/Dec/2025:05:40:34 -0800] "GET /bless.php HTTP/1.1" 503 282 "https://www.bing.com/" "Mozilla/5.0 (iPhone; CPU iPhone OS 17_1_1 like Mac OS X) AppleWebKit/605.1.15 (KHTML, like Gecko) Version/17.1 Mobile/15E148 Safari/604.1"
20.247.3.46 - - [07/Dec/2025:05:40:34 -0800] "GET /wp-admin/classwithtostring.php HTTP/1.1" 200 37330 "https://www.yahoo.com/" "Mozilla/5.0 (Linux; Android 10; LM-Q720) AppleWebKit/537.36 (KHTML, like Gecko) Chrome/116.0.0.0 Mobile Safari/537.36"
172.161.75.8 - - [07/Dec/2025:05:40:34 -0800] "GET /cgi-bin/index.php HTTP/1.1" 503 282 "https://www.bing.com/" "Mozilla/5.0 (Linux; Android 12; V2134) AppleWebKit/537.36 (KHTML, like Gecko) Chrome/116.0.0.0 Mobile Safari/537.36"
20.247.3.46 - - [07/Dec/2025:05:40:35 -0800] "GET /wp-admin/includes/colour.php HTTP/1.1" 200 37328 "https://www.yahoo.com/" "Mozilla/5.0 (Linux; Android 11; CPH2251) AppleWebKit/537.36 (KHTML, like Gecko) Chrome/116.0.0.0 Mobile Safari/537.36"
172.161.75.8 - - [07/Dec/2025:05:40:35 -0800] "GET /classwithtostring.php HTTP/1.1" 503 282 "https://www.yahoo.com/" "Mozilla/5.0 (Linux; Android 10; K) AppleWebKit/537.36 (KHTML, like Gecko) Chrome/117.0.0.0 Mobile Safari/537.36"
20.247.3.46 - - [07/Dec/2025:05:40:35 -0800] "GET /wp-admin/index.php HTTP/1.1" 200 37318 "https://www.yahoo.com/" "Mozilla/5.0 (Linux; Android 13; SM-S908E) AppleWebKit/537.36 (KHTML, like Gecko) Chrome/116.0.0.0 Mobile Safari/537.36"
172.161.75.8 - - [07/Dec/2025:05:40:36 -0800] "GET /edit.php HTTP/1.1" 503 282 "https://www.google.fr/" "Mozilla/5.0 (Linux; Android 12; 2201116SG) AppleWebKit/537.36 (KHTML, like Gecko) Chrome/116.0.0.0 Mobile Safari/537.36"
43.173.177.116 - - [07/Dec/2025:05:40:37 -0800] "GET /wp-login.php?action=logout&redirect_to=%2Fthread-category%2Fevents%2F&_wpnonce=9e50b6c0af HTTP/1.1" 404 236 "-" "Mozilla/5.0 (Windows NT 6.1; Win64; x64) AppleWebKit/537.36 (KHTML, like Gecko) Chrome/126.0.6478.114 Safari/537.36"
20.247.3.46 - - [07/Dec/2025:05:40:36 -0800] "GET /wp-admin/js/index.php HTTP/1.1" 200 37321 "https://duckduckgo.com/" "Mozilla/5.0 (Linux; Android 13; M2101K6G) AppleWebKit/537.36 (KHTML, like Gecko) Chrome/116.0.0.0 Mobile Safari/537.36"
172.161.75.8 - - [07/Dec/2025:05:40:37 -0800] "GET /file.php HTTP/1.1" 503 282 "https://www.google.com/" "Mozilla/5.0 (Linux; Android 12; V2134) AppleWebKit/537.36 (KHTML, like Gecko) Chrome/116.0.0.0 Mobile Safari/537.36"
20.247.3.46 - - [07/Dec/2025:05:40:37 -0800] "GET /wp-admin/js/widgets/ HTTP/1.1" 200 37320 "https://www.yahoo.com/" "Mozilla/5.0 (iPhone; CPU iPhone OS 17_1_1 like Mac OS X) AppleWebKit/605.1.15 (KHTML, like Gecko) Version/17.1 Mobile/15E148 Safari/604.1"
20.247.3.46 - - [07/Dec/2025:05:40:38 -0800] "GET /wp-admin/wp-admins.php HTTP/1.1" 200 37322 "https://www.bing.com/" "Mozilla/5.0 (iPhone; CPU iPhone OS 17_0_3 like Mac OS X) AppleWebKit/605.1.15 (KHTML, like Gecko) Version/17.0.1 Mobile/15E148 Safari/604.1"
172.161.75.8 - - [07/Dec/2025:05:40:39 -0800] "GET /goods.php HTTP/1.1" 503 282 "https://www.yahoo.com/" "Mozilla/5.0 (iPad; CPU OS 17_0_3 like Mac OS X) AppleWebKit/605.1.15 (KHTML, like Gecko) Version/17.0.1 Mobile/15E148 Safari/604.1"
20.247.3.46 - - [07/Dec/2025:05:40:39 -0800] "GET /wp-blog.php HTTP/1.1" 200 37311 "https://www.yahoo.com/" "Mozilla/5.0 (iPad; CPU OS 16_7_2 like Mac OS X) AppleWebKit/605.1.15 (KHTML, like Gecko) Version/16.6 Mobile/15E148 Safari/604.1"
172.161.75.8 - - [07/Dec/2025:05:40:40 -0800] "GET /info.php HTTP/1.1" 503 282 "https://www.bing.com/" "Mozilla/5.0 (iPhone; CPU iPhone OS 16_6_1 like Mac OS X) AppleWebKit/605.1.15 (KHTML, like Gecko) Version/16.6 Mobile/15E148 Safari/604.1"
20.247.3.46 - - [07/Dec/2025:05:40:40 -0800] "GET /wp-content/admin.php HTTP/1.1" 200 37320 "https://www.google.com/" "Mozilla/5.0 (iPhone; CPU iPhone OS 16_0 like Mac OS X) AppleWebKit/605.1.15 (KHTML, like Gecko) FxiOS/118.0 Mobile/15E148 Safari/605.1.15"
172.161.75.8 - - [07/Dec/2025:05:40:42 -0800] "GET /ioxi-o.php HTTP/1.1" 503 282 "https://www.yahoo.com/" "Mozilla/5.0 (Linux; Android 12; 2201116SG) AppleWebKit/537.36 (KHTML, like Gecko) Chrome/116.0.0.0 Mobile Safari/537.36"
20.247.3.46 - - [07/Dec/2025:05:40:41 -0800] "GET /wp-content/et-cache/ HTTP/1.1" 200 37320 "https://www.yahoo.com/" "Mozilla/5.0 (iPhone; CPU iPhone OS 15_7_9 like Mac OS X) AppleWebKit/605.1.15 (KHTML, like Gecko) Version/15.6.5 Mobile/15E148 Safari/604.1"
4.190.185.215 - - [07/Dec/2025:05:40:42 -0800] "GET /dop.php HTTP/1.1" 503 282 "-" "-"
20.247.3.46 - - [07/Dec/2025:05:40:42 -0800] "GET /wp-content/index.php HTTP/1.1" 200 37320 "https://www.google.co.uk/" "Mozilla/5.0 (Linux; Android 11; CPH2251) AppleWebKit/537.36 (KHTML, like Gecko) Chrome/116.0.0.0 Mobile Safari/537.36"
172.161.75.8 - - [07/Dec/2025:05:40:43 -0800] "GET /manager.php HTTP/1.1" 503 282 "https://www.google.co.uk/" "Mozilla/5.0 (Linux; Android 12; SM-A525F) AppleWebKit/537.36 (KHTML, like Gecko) Chrome/117.0.0.0 Mobile Safari/537.36"
20.247.3.46 - - [07/Dec/2025:05:40:43 -0800] "GET /wp-content/plugins/pwnd/as.php HTTP/1.1" 200 37330 "https://www.google.com/" "Mozilla/5.0 (Linux; Android 10; K) AppleWebKit/537.36 (KHTML, like Gecko) Chrome/117.0.0.0 Mobile Safari/537.36"
4.190.185.215 - - [07/Dec/2025:05:40:44 -0800] "GET /zde.php HTTP/1.1" 503 282 "-" "-"
172.161.75.8 - - [07/Dec/2025:05:40:44 -0800] "GET /mini HTTP/1.1" 503 282 "https://duckduckgo.com/" "Mozilla/5.0 (Linux; Android 10; K) AppleWebKit/537.36 (KHTML, like Gecko) Chrome/117.0.0.0 Mobile Safari/537.36"
20.247.3.46 - - [07/Dec/2025:05:40:44 -0800] "GET /wp-content/upgrade/index.php HTTP/1.1" 200 37328 "https://www.yahoo.com/" "Mozilla/5.0 (Linux; Android 13; M2101K6G) AppleWebKit/537.36 (KHTML, like Gecko) Chrome/116.0.0.0 Mobile Safari/537.36"
4.190.185.215 - - [07/Dec/2025:05:40:45 -0800] "GET /abcd.php HTTP/1.1" 503 282 "-" "-"
62.234.168.65 - - [07/Dec/2025:05:40:45 -0800] "GET /wp-content/uploads/2012/02/DSC_2030.jpg HTTP/1.1" 404 236 "-" "Mozilla/5.0 (X11; Ubuntu; Linux x86_64; rv:72.0) Gecko/20100101 Firefox/72.0"
20.247.3.46 - - [07/Dec/2025:05:40:45 -0800] "GET /wp-content/uploads/ HTTP/1.1" 200 37319 "https://www.google.fr/" "Mozilla/5.g (Linux; Android 13; Pixel 7) AppleWebKit/537.36 (KHTML, like Gecko) Chrome/116.0.0.0 Mobile Safari/537.36"
4.190.185.215 - - [07/Dec/2025:05:40:46 -0800] "GET /CLA.php HTTP/1.1" 503 282 "-" "-"
172.161.75.8 - - [07/Dec/2025:05:40:46 -0800] "GET /wp-user.php HTTP/1.1" 503 282 "https://duckduckgo.com/" "Mozilla/5.0 (iPhone; CPU iPhone OS 17_1_1 like Mac OS X) AppleWebKit/605.1.15 (KHTML, like Gecko) Version/17.1 Mobile/15E148 Safari/604.1"
20.247.3.46 - - [07/Dec/2025:05:40:45 -0800] "GET /wp-content/uploads/index.php HTTP/1.1" 200 37328 "https://duckduckgo.com/" "Mozilla/5.0 (iPad; CPU OS 17_0_3 like Mac OS X) AppleWebKit/605.1.15 (KHTML, like Gecko) Version/17.0.1 Mobile/15E148 Safari/604.1"
20.247.3.46 - - [07/Dec/2025:05:40:46 -0800] "GET /wp-good.php HTTP/1.1" 200 37311 "https://duckduckgo.com/" "Mozilla/5.0 (Linux; Android 10; K) AppleWebKit/537.36 (KHTML, like Gecko) Chrome/117.0.0.0 Mobile Safari/537.36"
172.161.75.8 - - [07/Dec/2025:05:40:48 -0800] "GET /wp.php HTTP/1.1" 503 282 "https://www.google.com/" "Mozilla/5.0 (Linux; Android 10; LM-Q720) AppleWebKit/537.36 (KHTML, like Gecko) Chrome/116.0.0.0 Mobile Safari/537.36"
20.247.3.46 - - [07/Dec/2025:05:40:47 -0800] "GET /wp-includes/Requests/index.php HTTP/1.1" 200 37330 "https://www.google.co.uk/" "Mozilla/5.0 (Linux; Android 10; LM-Q720) AppleWebKit/537.36 (KHTML, like Gecko) Chrome/116.0.0.0 Mobile Safari/537.36"
20.247.3.46 - - [07/Dec/2025:05:40:48 -0800] "GET /wp-includes/SimplePie/autoload_classmap.php HTTP/1.1" 200 37343 "https://www.google.fr/" "Mozilla/5.0 (Linux; Android 13; SM-S908E) AppleWebKit/537.36 (KHTML, like Gecko) Chrome/116.0.0.0 Mobile Safari/537.36"
116.179.32.85 - - [07/Dec/2025:05:40:49 -0800] "GET /2014/09/23/new-music-dj-spinall-oluwa-ft-m-abaga-prod-e-kelly/ HTTP/1.1" 404 236 "-" "Mozilla/5.0 (compatible; Baiduspider/2.0; +http://www.baidu.com/search/spider.html)"
172.161.75.8 - - [07/Dec/2025:05:40:49 -0800] "GET /xmrlpc.php HTTP/1.1" 503 282 "https://www.google.de/" "Mozilla/5.0 (Linux; Android 12; V2134) AppleWebKit/537.36 (KHTML, like Gecko) Chrome/116.0.0.0 Mobile Safari/537.36"
4.190.185.215 - - [07/Dec/2025:05:40:50 -0800] "GET /sty.php HTTP/1.1" 503 282 "-" "-"
20.247.3.46 - - [07/Dec/2025:05:40:49 -0800] "GET /wp-includes/Text/Diff/Renderer/index.php HTTP/1.1" 200 37340 "https://www.google.co.uk/" "Mozilla/5.0 (iPad; CPU OS 17_0_3 like Mac OS X) AppleWebKit/605.1.15 (KHTML, like Gecko) Version/17.0.1 Mobile/15E148 Safari/604.1"
172.161.75.8 - - [07/Dec/2025:05:40:51 -0800] "GET /ahax.php HTTP/1.1" 503 282 "https://www.google.de/" "Mozilla/5.0 (iPad; CPU OS 16_7_2 like Mac OS X) AppleWebKit/605.1.15 (KHTML, like Gecko) Version/16.6 Mobile/15E148 Safari/604.1"
20.247.3.46 - - [07/Dec/2025:05:40:50 -0800] "GET /wp-includes/assets/autoload_classmap.php HTTP/1.1" 200 37340 "https://duckduckgo.com/" "Mozilla/5.g (Linux; Android 13; Pixel 7) AppleWebKit/537.36 (KHTML, like Gecko) Chrome/116.0.0.0 Mobile Safari/537.36"
172.161.75.8 - - [07/Dec/2025:05:40:51 -0800] "GET /akcc.php HTTP/1.1" 503 282 "https://www.google.co.uk/" "Mozilla/5.0 (Linux; Android 13; SM-G991U) AppleWebKit/537.36 (KHTML, like Gecko) Chrome/117.0.0.0 Mobile Safari/537.36"
20.247.3.46 - - [07/Dec/2025:05:40:51 -0800] "GET /wp-includes/bk/index.php HTTP/1.1" 200 37324 "https://www.bing.com/" "Mozilla/5.0 (Linux; Android 13; SM-S908E) AppleWebKit/537.36 (KHTML, like Gecko) Chrome/116.0.0.0 Mobile Safari/537.36"
172.161.75.8 - - [07/Dec/2025:05:40:52 -0800] "GET /assets/ HTTP/1.1" 503 282 "https://www.google.com/" "Mozilla/5.0 (Linux; Android 10; LM-Q720) AppleWebKit/537.36 (KHTML, like Gecko) Chrome/116.0.0.0 Mobile Safari/537.36"
20.247.3.46 - - [07/Dec/2025:05:40:52 -0800] "GET /wp-includes/customize/chosen.php HTTP/1.1" 200 37332 "https://www.google.de/" "Mozilla/5.0 (iPhone; CPU iPhone OS 15_7_9 like Mac OS X) AppleWebKit/605.1.15 (KHTML, like Gecko) Version/15.6.5 Mobile/15E148 Safari/604.1"
172.161.75.8 - - [07/Dec/2025:05:40:53 -0800] "GET /assets/images/ HTTP/1.1" 503 282 "https://www.bing.com/" "Mozilla/5.0 (iPad; CPU OS 16_7_2 like Mac OS X) AppleWebKit/605.1.15 (KHTML, like Gecko) Version/16.6 Mobile/15E148 Safari/604.1"
20.247.3.46 - - [07/Dec/2025:05:40:53 -0800] "GET /wp-includes/index.php HTTP/1.1" 200 37321 "https://www.yahoo.com/" "Mozilla/5.0 (iPhone; CPU iPhone OS 16_0 like Mac OS X) AppleWebKit/605.1.15 (KHTML, like Gecko) FxiOS/118.0 Mobile/15E148 Safari/605.1.15"
20.247.3.46 - - [07/Dec/2025:05:40:54 -0800] "GET /wp-includes/js/codemirror/index.php HTTP/1.1" 200 37335 "https://duckduckgo.com/" "Mozilla/5.0 (Linux; Android 12; 2201116SG) AppleWebKit/537.36 (KHTML, like Gecko) Chrome/116.0.0.0 Mobile Safari/537.36"
172.161.75.8 - - [07/Dec/2025:05:40:54 -0800] "GET /av.php HTTP/1.1" 503 282 "https://www.google.com/" "Mozilla/5.0 (Linux; Android 10; K) AppleWebKit/537.36 (KHTML, like Gecko) Chrome/117.0.0.0 Mobile Safari/537.36"
20.247.3.46 - - [07/Dec/2025:05:40:55 -0800] "GET /wp-includes/js/jquery/jquery.php HTTP/1.1" 200 37332 "https://duckduckgo.com/" "Mozilla/5.0 (Linux; Android 11; 21081111RG) AppleWebKit/537.36 (KHTML, like Gecko) Chrome/116.0.0.0 Mobile Safari/537.36"
4.190.185.215 - - [07/Dec/2025:05:40:56 -0800] "GET /jga.php HTTP/1.1" 503 282 "-" "-"
20.247.3.46 - - [07/Dec/2025:05:40:56 -0800] "GET /wp-includes/random_compat/index.php HTTP/1.1" 200 37335 "https://duckduckgo.com/" "Mozilla/5.0 (Linux; Android 10; K) AppleWebKit/537.36 (KHTML, like Gecko) Chrome/117.0.0.0 Mobile Safari/537.36"
172.161.75.8 - - [07/Dec/2025:05:40:57 -0800] "GET /buy.php HTTP/1.1" 503 282 "https://www.google.com/" "Mozilla/5.0 (Linux; Android 12; 2201116SG) AppleWebKit/537.36 (KHTML, like Gecko) Chrome/116.0.0.0 Mobile Safari/537.36"
20.247.3.46 - - [07/Dec/2025:05:40:57 -0800] "GET /wp-includes/rest-api/index.php HTTP/1.1" 200 37330 "https://www.google.com/" "Mozilla/5.0 (iPhone; CPU iPhone OS 16_0 like Mac OS X) AppleWebKit/605.1.15 (KHTML, like Gecko) FxiOS/118.0 Mobile/15E148 Safari/605.1.15"
20.247.3.46 - - [07/Dec/2025:05:40:58 -0800] "GET /wp-includes/sitemaps/providers/index.php HTTP/1.1" 200 37340 "https://www.bing.com/" "Mozilla/5.0 (Linux; Android 10; LM-Q720) AppleWebKit/537.36 (KHTML, like Gecko) Chrome/116.0.0.0 Mobile Safari/537.36"
172.161.75.8 - - [07/Dec/2025:05:40:59 -0800] "GET /cgi-bin/ HTTP/1.1" 503 282 "https://duckduckgo.com/" "Mozilla/5.0 (Linux; Android 13; M2101K6G) AppleWebKit/537.36 (KHTML, like Gecko) Chrome/116.0.0.0 Mobile Safari/537.36"
20.247.3.46 - - [07/Dec/2025:05:40:58 -0800] "GET /wp-includes/style-engine/wp-conflg.php HTTP/1.1" 200 37338 "https://www.google.co.uk/" "Mozilla/5.0 (Linux; Android 13; SM-S908E) AppleWebKit/537.36 (KHTML, like Gecko) Chrome/116.0.0.0 Mobile Safari/537.36"
20.247.3.46 - - [07/Dec/2025:05:40:59 -0800] "GET /wp-admin/ HTTP/1.1" 200 37309 "https://www.google.co.uk/" "Mozilla/5.0 (Linux; Android 12; 2201116SG) AppleWebKit/537.36 (KHTML, like Gecko) Chrome/116.0.0.0 Mobile Safari/537.36"
172.161.75.8 - - [07/Dec/2025:05:41:01 -0800] "GET /chosen.php HTTP/1.1" 503 282 "https://duckduckgo.com/" "Mozilla/5.0 (iPhone; CPU iPhone OS 17_1_1 like Mac OS X) AppleWebKit/605.1.15 (KHTML, like Gecko) Version/17.1 Mobile/15E148 Safari/604.1"
20.247.3.46 - - [07/Dec/2025:05:41:00 -0800] "GET /wp-admin/css/ HTTP/1.1" 200 37313 "https://www.google.com/" "Mozilla/5.0 (iPhone; CPU iPhone OS 15_7_9 like Mac OS X) AppleWebKit/605.1.15 (KHTML, like Gecko) Version/15.6.5 Mobile/15E148 Safari/604.1"
4.190.185.215 - - [07/Dec/2025:05:41:01 -0800] "GET /led.php HTTP/1.1" 503 282 "-" "-"
20.247.3.46 - - [07/Dec/2025:05:41:01 -0800] "GET /wp-admin/includes/index.php HTTP/1.1" 200 37327 "https://www.google.fr/" "Mozilla/5.0 (iPad; CPU OS 17_0_3 like Mac OS X) AppleWebKit/605.1.15 (KHTML, like Gecko) Version/17.0.1 Mobile/15E148 Safari/604.1"
4.197.60.90 - - [07/Dec/2025:05:41:02 -0800] "GET /.well-known/acme-challenge/file.php HTTP/1.1" 503 282 "https://www.bing.com/" "Mozilla/5.0 (Linux; Android 13; M2101K6G) AppleWebKit/537.36 (KHTML, like Gecko) Chrome/116.0.0.0 Mobile Safari/537.36"
20.247.3.46 - - [07/Dec/2025:05:41:02 -0800] "GET /wp-admin/network/admin.php HTTP/1.1" 200 37326 "https://www.yahoo.com/" "Mozilla/5.0 (iPhone; CPU iPhone OS 17_1_1 like Mac OS X) AppleWebKit/605.1.15 (KHTML, like Gecko) Version/17.1 Mobile/15E148 Safari/604.1"
4.197.60.90 - - [07/Dec/2025:05:41:03 -0800] "GET /.well-known/acme-challenge/wp-login.php HTTP/1.1" 503 282 "https://www.google.de/" "Mozilla/5.0 (iPhone; CPU iPhone OS 17_1 like Mac OS X) AppleWebKit/605.1.15 (KHTML, like Gecko) CriOS/119.0.6045.109 Mobile/15E148 Safari/604.1"
4.197.60.90 - - [07/Dec/2025:05:41:03 -0800] "GET /.well-known/pki-validation/index.php HTTP/1.1" 404 27 "https://www.yahoo.com/" "Mozilla/5.0 (iPhone; CPU iPhone OS 16_0 like Mac OS X) AppleWebKit/605.1.15 (KHTML, like Gecko) FxiOS/118.0 Mobile/15E148 Safari/605.1.15"
4.197.60.90 - - [07/Dec/2025:05:41:03 -0800] "GET /1.php HTTP/1.1" 503 282 "https://www.yahoo.com/" "Mozilla/5.0 (Linux; Android 11; 21081111RG) AppleWebKit/537.36 (KHTML, like Gecko) Chrome/116.0.0.0 Mobile Safari/537.36"
