117.161.79.24 - - [07/Dec/2025:06:50:13 -0800] "GET /wp-content/uploads/2013/02/cable-cars-300x178.jpg HTTP/1.1" 404 236 "-" "Mozilla/5.0 (Macintosh; Intel Mac OS X 10_13_6) AppleWebKit/537.36 (KHTML, like Gecko) Chrome/78.0.3904.108 Safari/537.36"
116.179.32.107 - - [07/Dec/2025:06:50:17 -0800] "GET /uncategorized/bubbling-under-gaise-follow-follow-video/ HTTP/1.1" 404 236 "-" "Mozilla/5.0 (compatible; Baiduspider/2.0; +http://www.baidu.com/search/spider.html)"
103.232.154.35 - - [07/Dec/2025:06:50:24 -0800] "GET http://jaguda.com/2015/03/05/photos-baba-shege-the-baller-check-out-president-obasanjo-playing-football/ HTTP/1.1" 406 300 "-" "Mozilla/5.0 (Windows NT 10.0; WOW64) AppleWebKit/537.36 (KHTML, like Gecko) Chrome/108.0.5359.95 Safari/537.36 QIHU 360SE"
95.108.213.252 - - [07/Dec/2025:06:50:34 -0800] "GET /2015/02/14/music-may-d-ale-yi-bad/ HTTP/1.1" 404 236 "-" "Mozilla/5.0 (compatible; YandexBot/3.0; +http://yandex.com/bots)"
::1 - - [07/Dec/2025:06:50:42 -0800] "GET /whm-server-status HTTP/1.0" 200 1151248 "-" "Lynx/2.8.8dev.15 libwww-FM/2.14 SSL-MM/1.4.1 OpenSSL/1.0.1e-fips"
220.181.108.177 - - [07/Dec/2025:06:50:43 -0800] "GET /2011/12/15/frakas-mo-fire-fukka-fukka-ft-flavour-nabania-el-shadai-mix/ HTTP/1.1" 404 236 "-" "Mozilla/5.0 (compatible; Baiduspider/2.0; +http://www.baidu.com/search/spider.html)"
213.180.203.214 - - [07/Dec/2025:06:50:50 -0800] "GET /2013/04/19/nollywood-trailer-the-number-one-fan-starring-juliet-ibrahim-ay-yemi-blaq-kofi-adjorlolo-prince-david-osei-zainab-sheriff/ HTTP/1.1" 404 236 "-" "Mozilla/5.0 (compatible; YandexBot/3.0; +http://yandex.com/bots)"
103.146.134.147 - - [07/Dec/2025:06:50:57 -0800] "GET http://jaguda.com/video/poe-presents-chopstix-behind-the-scenes-what-you-want-ft-ikon/ HTTP/1.1" 406 300 "-" "Mozilla/4.0 (compatible; MSIE 7.0; Windows NT 5.1; Trident/4.0; SE 2.X MetaSr 1.0; SE 2.X MetaSr 1.0; .NET CLR 2.0.50727; SE 2.X MetaSr 1.0)"
216.244.66.235 - - [07/Dec/2025:06:51:02 -0800] "GET /music-mp3/afro-pop/1da-banton-ft-tiwa-savage-kizz-daniel-no-wahala-remix/ HTTP/1.1" 404 236 "-" "Mozilla/5.0 (compatible; DotBot/1.2; +https://opensiteexplorer.org/dotbot; help@moz.com)"
216.244.66.235 - - [07/Dec/2025:06:51:03 -0800] "GET /music-mp3/afro-pop/phyno-for-the-money-ft-peruzzi/ HTTP/1.1" 404 236 "-" "Mozilla/5.0 (compatible; DotBot/1.2; +https://opensiteexplorer.org/dotbot; help@moz.com)"
114.246.201.157 - - [07/Dec/2025:06:51:07 -0800] "HEAD /wp-content/uploads/2014/01/blog-header-150x150.png HTTP/1.1" 404 - "-" "python-requests/2.28.2"
220.181.108.178 - - [07/Dec/2025:06:51:12 -0800] "GET /video/video-naeto-c-u-want-ft-boj-ajebutter-22/ HTTP/1.1" 404 236 "-" "Mozilla/5.0 (compatible; Baiduspider/2.0; +http://www.baidu.com/search/spider.html)"
52.45.92.83 - - [07/Dec/2025:06:51:30 -0800] "GET /2011/05/08/bracket-live-in-london-pictures/ HTTP/1.1" 404 236 "-" "Mozilla/5.0 AppleWebKit/537.36 (KHTML, like Gecko; compatible; Amazonbot/0.1; +https://developer.amazon.com/support/amazonbot) Chrome/119.0.6045.214 Safari/537.36"
112.134.206.165 - - [07/Dec/2025:06:51:34 -0800] "GET http://jaguda.com/2011/10/05/new-video-flavour-adamma-2/ HTTP/1.1" 406 300 "-" "Mozilla/5.0 (Windows NT 10.0; Win64; x64) AppleWebKit/537.36 (KHTML, like Gecko) Chrome/121.0.0.0 Safari/537.36 Edg/121.0.0.0"
199.127.62.242 - - [07/Dec/2025:06:51:34 -0800] "GET /wp-content/uploads/2013/06/EFA-On-Stage.jpg HTTP/1.1" 404 236 "-" "Mozilla/5.0 (Windows NT 10.0; Win64; x64) AppleWebKit/537.36"
199.127.62.242 - - [07/Dec/2025:06:51:35 -0800] "GET /wp-content/uploads/2013/06/EFA-On-Stage.jpg HTTP/1.1" 404 236 "-" "Mozilla/5.0 (Windows NT 10.0; Win64; x64) AppleWebKit/537.36"
199.127.62.242 - - [07/Dec/2025:06:51:35 -0800] "GET /wp-content/uploads/2013/06/EFA-On-Stage.jpg HTTP/1.1" 404 236 "-" "Mozilla/5.0 (Windows NT 10.0; Win64; x64) AppleWebKit/537.36"
220.181.108.177 - - [07/Dec/2025:06:51:36 -0800] "GET /2011/08/31/say-my-name/ HTTP/1.1" 404 236 "-" "Mozilla/5.0 (compatible; Baiduspider/2.0; +http://www.baidu.com/search/spider.html)"
186.226.35.145 - - [07/Dec/2025:06:51:37 -0800] "GET http://jaguda.com/2014/08/14/best-nollywood-nominees-2014/ HTTP/1.1" 406 300 "-" "Mozilla/5.0 (Windows NT 10.0; Win64; x64) AppleWebKit/537.36 (KHTML, like Gecko) Chrome/122.0.0.0 Safari/537.36 Agency/98.8.8175.80"
87.250.224.26 - - [07/Dec/2025:06:51:44 -0800] "GET /video/video-sefiya-lollipop/ HTTP/1.1" 404 236 "-" "Mozilla/5.0 (compatible; YandexBot/3.0; +http://yandex.com/bots)"
::1 - - [07/Dec/2025:06:51:51 -0800] "GET /whm-server-status HTTP/1.0" 200 1152051 "-" "Lynx/2.8.8dev.15 libwww-FM/2.14 SSL-MM/1.4.1 OpenSSL/1.0.1e-fips"
74.7.228.8 - - [07/Dec/2025:06:51:57 -0800] "GET /robots.txt HTTP/1.1" 404 236 "-" "Mozilla/5.0 (Macintosh; Intel Mac OS X 10_15_7) AppleWebKit/537.36 (KHTML, like Gecko) Chrome/131.0.0.0 Safari/537.36; compatible; OAI-SearchBot/1.3; robots.txt; +https://openai.com/searchbot"
116.179.32.38 - - [07/Dec/2025:06:52:05 -0800] "GET /2012/11/03/new-music-el-phlex-home-away-ft-reminisce/ HTTP/1.1" 404 236 "-" "Mozilla/5.0 (compatible; Baiduspider/2.0; +http://www.baidu.com/search/spider.html)"
213.186.1.154 - - [07/Dec/2025:06:52:22 -0800] "GET /category/movies-2/nollywood-2 HTTP/1.1" 404 236 "-" "Mediatoolkitbot (complaints@mediatoolkit.com)"
116.179.32.163 - - [07/Dec/2025:06:52:29 -0800] "GET /2013/07/02/music-profound-confam-ft-itunu/ HTTP/1.1" 404 236 "-" "Mozilla/5.0 (compatible; Baiduspider/2.0; +http://www.baidu.com/search/spider.html)"
127.0.0.1 - - [07/Dec/2025:06:52:30 -0800] "GET / HTTP/1.0" 200 163 "-" "-"
5.255.231.198 - - [07/Dec/2025:06:52:40 -0800] "GET /2014/12/18/new-music-omage-godwin-kerecimacy-ft-ksings-sonia-aka-9t9-prod-by-slendy-g/ HTTP/1.1" 404 236 "-" "Mozilla/5.0 (compatible; YandexBot/3.0; +http://yandex.com/bots)"
20.89.192.194 - - [07/Dec/2025:06:52:42 -0800] "GET /.well-known/acme-challenge/file.php HTTP/1.1" 200 37346 "https://www.yahoo.com/" "Mozilla/5.0 (Linux; Android 11; 21081111RG) AppleWebKit/537.36 (KHTML, like Gecko) Chrome/116.0.0.0 Mobile Safari/537.36"
62.234.168.65 - - [07/Dec/2025:06:52:43 -0800] "GET /wp-content/uploads/2013/08/Mobile-Number-Portability-in-Nigeria-650x400.png HTTP/1.1" 404 236 "-" "Mozilla/5.0 (X11; Ubuntu; Linux x86_64; rv:72.0) Gecko/20100101 Firefox/72.0"
20.89.192.194 - - [07/Dec/2025:06:52:42 -0800] "GET /.well-known/acme-challenge/wp-login.php HTTP/1.1" 200 37350 "https://www.google.co.uk/" "Mozilla/5.0 (Linux; Android 12; V2134) AppleWebKit/537.36 (KHTML, like Gecko) Chrome/116.0.0.0 Mobile Safari/537.36"
20.89.192.194 - - [07/Dec/2025:06:52:43 -0800] "GET /.well-known/pki-validation/index.php HTTP/1.1" 406 300 "https://www.bing.com/" "Mozilla/5.0 (iPhone; CPU iPhone OS 17_0_3 like Mac OS X) AppleWebKit/605.1.15 (KHTML, like Gecko) Version/17.0.1 Mobile/15E148 Safari/604.1"
20.89.192.194 - - [07/Dec/2025:06:52:43 -0800] "GET /1.php HTTP/1.1" 200 37316 "https://duckduckgo.com/" "Mozilla/5.0 (Linux; Android 11; 21081111RG) AppleWebKit/537.36 (KHTML, like Gecko) Chrome/116.0.0.0 Mobile Safari/537.36"
20.89.192.194 - - [07/Dec/2025:06:52:44 -0800] "GET /aa.php HTTP/1.1" 200 37317 "https://www.bing.com/" "Mozilla/5.0 (Linux; Android 12; 2201116SG) AppleWebKit/537.36 (KHTML, like Gecko) Chrome/116.0.0.0 Mobile Safari/537.36"
20.89.192.194 - - [07/Dec/2025:06:52:45 -0800] "GET /abcd.php HTTP/1.1" 200 37319 "https://www.google.co.uk/" "Mozilla/5.g (Linux; Android 13; Pixel 7) AppleWebKit/537.36 (KHTML, like Gecko) Chrome/116.0.0.0 Mobile Safari/537.36"
20.89.192.194 - - [07/Dec/2025:06:52:46 -0800] "GET /about.php HTTP/1.1" 200 37320 "https://www.bing.com/" "Mozilla/5.0 (Linux; Android 13; M2101K6G) AppleWebKit/537.36 (KHTML, like Gecko) Chrome/116.0.0.0 Mobile Safari/537.36"
20.89.192.194 - - [07/Dec/2025:06:52:47 -0800] "GET /.well-known/index.php HTTP/1.1" 200 37332 "https://www.google.de/" "Mozilla/5.g (Linux; Android 13; Pixel 7) AppleWebKit/537.36 (KHTML, like Gecko) Chrome/116.0.0.0 Mobile Safari/537.36"
20.89.192.194 - - [07/Dec/2025:06:52:47 -0800] "GET /admin.php HTTP/1.1" 200 37320 "https://duckduckgo.com/" "Mozilla/5.0 (Linux; Android 10; LM-Q720) AppleWebKit/537.36 (KHTML, like Gecko) Chrome/116.0.0.0 Mobile Safari/537.36"
20.89.192.194 - - [07/Dec/2025:06:52:48 -0800] "GET /adminfuns.php HTTP/1.1" 200 37324 "https://www.bing.com/" "Mozilla/5.0 (iPhone; CPU iPhone OS 16_0 like Mac OS X) AppleWebKit/605.1.15 (KHTML, like Gecko) FxiOS/118.0 Mobile/15E148 Safari/605.1.15"
20.89.192.194 - - [07/Dec/2025:06:52:49 -0800] "GET /alfa.php HTTP/1.1" 200 37319 "https://duckduckgo.com/" "Mozilla/5.0 (Linux; Android 12; V2134) AppleWebKit/537.36 (KHTML, like Gecko) Chrome/116.0.0.0 Mobile Safari/537.36"
69.171.234.67 - - [07/Dec/2025:06:52:50 -0800] "GET /wp-content/uploads/2012/01/162912_127327917332098_100001646708774_176555_4439642_n.jpg HTTP/1.1" 404 236 "-" "facebookexternalhit/1.1 (+http://www.facebook.com/externalhit_uatext.php)"
20.89.192.194 - - [07/Dec/2025:06:52:50 -0800] "GET /api.php HTTP/1.1" 200 37318 "https://duckduckgo.com/" "Mozilla/5.0 (Linux; Android 13; SM-S908E) AppleWebKit/537.36 (KHTML, like Gecko) Chrome/116.0.0.0 Mobile Safari/537.36"
20.89.192.194 - - [07/Dec/2025:06:52:51 -0800] "GET /autoload_classmap/function.php HTTP/1.1" 200 37341 "https://www.yahoo.com/" "Mozilla/5.0 (Linux; Android 13; SM-G991U) AppleWebKit/537.36 (KHTML, like Gecko) Chrome/117.0.0.0 Mobile Safari/537.36"
69.171.234.12 - - [07/Dec/2025:06:52:52 -0800] "GET /wp-content/uploads/2012/01/162912_127327917332098_100001646708774_176555_4439642_n.jpg HTTP/1.1" 404 236 "-" "facebookexternalhit/1.1 (+http://www.facebook.com/externalhit_uatext.php)"
20.89.192.194 - - [07/Dec/2025:06:52:51 -0800] "GET /bless.php HTTP/1.1" 200 37320 "https://www.google.fr/" "Mozilla/5.0 (Linux; Android 10; LM-Q720) AppleWebKit/537.36 (KHTML, like Gecko) Chrome/116.0.0.0 Mobile Safari/537.36"
20.89.192.194 - - [07/Dec/2025:06:52:52 -0800] "GET /cgi-bin/index.php HTTP/1.1" 200 37328 "https://www.google.de/" "Mozilla/5.0 (Linux; Android 13; M2101K6G) AppleWebKit/537.36 (KHTML, like Gecko) Chrome/116.0.0.0 Mobile Safari/537.36"
20.89.192.194 - - [07/Dec/2025:06:52:53 -0800] "GET /classwithtostring.php HTTP/1.1" 200 37332 "https://www.google.co.uk/" "Mozilla/5.0 (Linux; Android 11; CPH2251) AppleWebKit/537.36 (KHTML, like Gecko) Chrome/116.0.0.0 Mobile Safari/537.36"
20.89.192.194 - - [07/Dec/2025:06:52:54 -0800] "GET /edit.php HTTP/1.1" 200 37319 "https://www.yahoo.com/" "Mozilla/5.0 (Linux; Android 14; Pixel 8 Pro) AppleWebKit/537.36 (KHTML, like Gecko) Chrome/119.0.0.0 Mobile Safari/537.36"
213.186.1.154 - - [07/Dec/2025:06:52:55 -0800] "GET /category/love-relationships HTTP/1.1" 404 236 "-" "Mediatoolkitbot (complaints@mediatoolkit.com)"
20.89.192.194 - - [07/Dec/2025:06:52:55 -0800] "GET /file.php HTTP/1.1" 200 37319 "https://www.google.co.uk/" "Mozilla/5.0 (iPad; CPU OS 17_0_3 like Mac OS X) AppleWebKit/605.1.15 (KHTML, like Gecko) Version/17.0.1 Mobile/15E148 Safari/604.1"
220.181.108.147 - - [07/Dec/2025:06:52:56 -0800] "GET /social-issues/why-always-picking-on-men-of-god/ HTTP/1.1" 404 236 "-" "Mozilla/5.0 (compatible; Baiduspider/2.0; +http://www.baidu.com/search/spider.html)"
20.89.192.194 - - [07/Dec/2025:06:52:55 -0800] "GET /goods.php HTTP/1.1" 200 37320 "https://www.google.de/" "Mozilla/5.0 (Linux; Android 12; V2134) AppleWebKit/537.36 (KHTML, like Gecko) Chrome/116.0.0.0 Mobile Safari/537.36"
20.89.192.194 - - [07/Dec/2025:06:52:56 -0800] "GET /info.php HTTP/1.1" 200 37319 "https://www.google.fr/" "Mozilla/5.0 (Linux; Android 13; M2101K6G) AppleWebKit/537.36 (KHTML, like Gecko) Chrome/116.0.0.0 Mobile Safari/537.36"
20.89.192.194 - - [07/Dec/2025:06:52:57 -0800] "GET /ioxi-o.php HTTP/1.1" 200 37321 "https://www.google.com/" "Mozilla/5.0 (iPhone; CPU iPhone OS 16_0 like Mac OS X) AppleWebKit/605.1.15 (KHTML, like Gecko) FxiOS/118.0 Mobile/15E148 Safari/605.1.15"
20.89.192.194 - - [07/Dec/2025:06:52:58 -0800] "GET /manager.php HTTP/1.1" 200 37322 "https://duckduckgo.com/" "Mozilla/5.0 (Linux; Android 13; SM-G991U) AppleWebKit/537.36 (KHTML, like Gecko) Chrome/117.0.0.0 Mobile Safari/537.36"
20.89.192.194 - - [07/Dec/2025:06:52:59 -0800] "GET /mini HTTP/1.1" 200 37315 "https://www.google.co.uk/" "Mozilla/5.0 (iPhone; CPU iPhone OS 17_1_1 like Mac OS X) AppleWebKit/605.1.15 (KHTML, like Gecko) Version/17.1 Mobile/15E148 Safari/604.1"
::1 - - [07/Dec/2025:06:53:00 -0800] "GET /whm-server-status HTTP/1.0" 200 1151919 "-" "Lynx/2.8.8dev.15 libwww-FM/2.14 SSL-MM/1.4.1 OpenSSL/1.0.1e-fips"
20.89.192.194 - - [07/Dec/2025:06:52:59 -0800] "GET /wp-user.php HTTP/1.1" 200 37322 "https://www.bing.com/" "Mozilla/5.0 (iPad; CPU OS 16_7_2 like Mac OS X) AppleWebKit/605.1.15 (KHTML, like Gecko) Version/16.6 Mobile/15E148 Safari/604.1"
20.89.192.194 - - [07/Dec/2025:06:53:00 -0800] "GET /wp.php HTTP/1.1" 200 37317 "https://www.google.de/" "Mozilla/5.0 (iPhone; CPU iPhone OS 15_7_9 like Mac OS X) AppleWebKit/605.1.15 (KHTML, like Gecko) Version/15.6.5 Mobile/15E148 Safari/604.1"
20.89.192.194 - - [07/Dec/2025:06:53:01 -0800] "GET /xmrlpc.php HTTP/1.1" 200 37321 "https://duckduckgo.com/" "Mozilla/5.0 (iPhone; CPU iPhone OS 17_1 like Mac OS X) AppleWebKit/605.1.15 (KHTML, like Gecko) CriOS/119.0.6045.109 Mobile/15E148 Safari/604.1"
20.89.192.194 - - [07/Dec/2025:06:53:02 -0800] "GET /ahax.php HTTP/1.1" 200 37319 "https://www.google.com/" "Mozilla/5.0 (Linux; Android 13; SM-G991U) AppleWebKit/537.36 (KHTML, like Gecko) Chrome/117.0.0.0 Mobile Safari/537.36"
20.89.192.194 - - [07/Dec/2025:06:53:03 -0800] "GET /akcc.php HTTP/1.1" 200 37319 "https://www.google.co.uk/" "Mozilla/5.0 (iPad; CPU OS 17_0_3 like Mac OS X) AppleWebKit/605.1.15 (KHTML, like Gecko) Version/17.0.1 Mobile/15E148 Safari/604.1"
20.89.192.194 - - [07/Dec/2025:06:53:03 -0800] "GET /assets/ HTTP/1.1" 200 37318 "https://www.google.co.uk/" "Mozilla/5.0 (Linux; Android 12; 2201116SG) AppleWebKit/537.36 (KHTML, like Gecko) Chrome/116.0.0.0 Mobile Safari/537.36"
20.89.192.194 - - [07/Dec/2025:06:53:04 -0800] "GET /assets/images/ HTTP/1.1" 200 37325 "https://www.google.com/" "Mozilla/5.0 (Linux; Android 10; K) AppleWebKit/537.36 (KHTML, like Gecko) Chrome/117.0.0.0 Mobile Safari/537.36"
20.89.192.194 - - [07/Dec/2025:06:53:05 -0800] "GET /av.php HTTP/1.1" 200 37317 "https://www.google.com/" "Mozilla/5.0 (iPhone; CPU iPhone OS 16_0 like Mac OS X) AppleWebKit/605.1.15 (KHTML, like Gecko) FxiOS/118.0 Mobile/15E148 Safari/605.1.15"
20.89.192.194 - - [07/Dec/2025:06:53:06 -0800] "GET /buy.php HTTP/1.1" 200 37318 "https://www.bing.com/" "Mozilla/5.0 (Linux; Android 13; SM-S908E) AppleWebKit/537.36 (KHTML, like Gecko) Chrome/116.0.0.0 Mobile Safari/537.36"
20.89.192.194 - - [07/Dec/2025:06:53:07 -0800] "GET /cgi-bin/ HTTP/1.1" 200 37319 "https://www.google.com/" "Mozilla/5.0 (Linux; Android 10; LM-Q720) AppleWebKit/537.36 (KHTML, like Gecko) Chrome/116.0.0.0 Mobile Safari/537.36"
20.89.192.194 - - [07/Dec/2025:06:53:07 -0800] "GET /chosen.php HTTP/1.1" 200 37321 "https://www.yahoo.com/" "Mozilla/5.0 (iPad; CPU OS 16_7_2 like Mac OS X) AppleWebKit/605.1.15 (KHTML, like Gecko) Version/16.6 Mobile/15E148 Safari/604.1"
20.89.192.194 - - [07/Dec/2025:06:53:08 -0800] "GET /css/index.php HTTP/1.1" 200 37324 "https://www.google.fr/" "Mozilla/5.g (Linux; Android 13; Pixel 7) AppleWebKit/537.36 (KHTML, like Gecko) Chrome/116.0.0.0 Mobile Safari/537.36"
20.89.192.194 - - [07/Dec/2025:06:53:09 -0800] "GET /elp.php HTTP/1.1" 200 37318 "https://www.google.com/" "Mozilla/5.0 (Linux; Android 11; CPH2251) AppleWebKit/537.36 (KHTML, like Gecko) Chrome/116.0.0.0 Mobile Safari/537.36"
20.89.192.194 - - [07/Dec/2025:06:53:10 -0800] "GET /images/ HTTP/1.1" 200 37318 "https://www.google.co.uk/" "Mozilla/5.0 (Linux; Android 13; SM-S908E) AppleWebKit/537.36 (KHTML, like Gecko) Chrome/116.0.0.0 Mobile Safari/537.36"
20.89.192.194 - - [07/Dec/2025:06:53:10 -0800] "GET /index/function.php HTTP/1.1" 200 37329 "https://www.bing.com/" "Mozilla/5.0 (Linux; Android 12; 2201116SG) AppleWebKit/537.36 (KHTML, like Gecko) Chrome/116.0.0.0 Mobile Safari/537.36"
20.89.192.194 - - [07/Dec/2025:06:53:11 -0800] "GET /inputs.php HTTP/1.1" 200 37321 "https://www.bing.com/" "Mozilla/5.0 (Linux; Android 10; K) AppleWebKit/537.36 (KHTML, like Gecko) Chrome/117.0.0.0 Mobile Safari/537.36"
20.89.192.194 - - [07/Dec/2025:06:53:12 -0800] "GET /mah.php HTTP/1.1" 200 37318 "https://www.google.de/" "Mozilla/5.0 (iPad; CPU OS 17_0_3 like Mac OS X) AppleWebKit/605.1.15 (KHTML, like Gecko) Version/17.0.1 Mobile/15E148 Safari/604.1"
20.89.192.194 - - [07/Dec/2025:06:53:13 -0800] "GET /mah/function.php HTTP/1.1" 200 37327 "https://duckduckgo.com/" "Mozilla/5.0 (Linux; Android 12; 2201116SG) AppleWebKit/537.36 (KHTML, like Gecko) Chrome/116.0.0.0 Mobile Safari/537.36"
20.89.192.194 - - [07/Dec/2025:06:53:14 -0800] "GET /mini.php HTTP/1.1" 200 37319 "https://www.google.co.uk/" "Mozilla/5.0 (Linux; Android 11; CPH2251) AppleWebKit/537.36 (KHTML, like Gecko) Chrome/116.0.0.0 Mobile Safari/537.36"
20.89.192.194 - - [07/Dec/2025:06:53:14 -0800] "GET /modules/mod_simplefileuploadv1.3/elements/ HTTP/1.1" 200 37353 "https://www.google.de/" "Mozilla/5.0 (iPhone; CPU iPhone OS 17_1 like Mac OS X) AppleWebKit/605.1.15 (KHTML, like Gecko) CriOS/119.0.6045.109 Mobile/15E148 Safari/604.1"
20.89.192.194 - - [07/Dec/2025:06:53:15 -0800] "GET /new.php HTTP/1.1" 200 37318 "https://duckduckgo.com/" "Mozilla/5.0 (Linux; Android 10; LM-Q720) AppleWebKit/537.36 (KHTML, like Gecko) Chrome/116.0.0.0 Mobile Safari/537.36"
20.89.192.194 - - [07/Dec/2025:06:53:16 -0800] "GET /options-reading.php HTTP/1.1" 200 37330 "https://www.google.com/" "Mozilla/5.0 (Linux; Android 12; V2134) AppleWebKit/537.36 (KHTML, like Gecko) Chrome/116.0.0.0 Mobile Safari/537.36"
20.89.192.194 - - [07/Dec/2025:06:53:17 -0800] "GET /simple.php HTTP/1.1" 200 37321 "https://www.google.co.uk/" "Mozilla/5.0 (Linux; Android 10; LM-Q720) AppleWebKit/537.36 (KHTML, like Gecko) Chrome/116.0.0.0 Mobile Safari/537.36"
20.89.192.194 - - [07/Dec/2025:06:53:18 -0800] "GET /uploads/ HTTP/1.1" 200 37319 "https://www.yahoo.com/" "Mozilla/5.0 (iPhone; CPU iPhone OS 16_6_1 like Mac OS X) AppleWebKit/605.1.15 (KHTML, like Gecko) Version/16.6 Mobile/15E148 Safari/604.1"
20.89.192.194 - - [07/Dec/2025:06:53:18 -0800] "GET /modules/mod_simplefileuploadv1.3/elements/index.php HTTP/1.1" 200 37362 "https://www.google.de/" "Mozilla/5.0 (Linux; Android 11; CPH2251) AppleWebKit/537.36 (KHTML, like Gecko) Chrome/116.0.0.0 Mobile Safari/537.36"
20.89.192.194 - - [07/Dec/2025:06:53:19 -0800] "GET /new.php HTTP/1.1" 200 37318 "https://www.yahoo.com/" "Mozilla/5.0 (iPhone; CPU iPhone OS 16_6_1 like Mac OS X) AppleWebKit/605.1.15 (KHTML, like Gecko) Version/16.6 Mobile/15E148 Safari/604.1"
20.89.192.194 - - [07/Dec/2025:06:53:20 -0800] "GET /public/files/index.php HTTP/1.1" 200 37333 "https://www.google.de/" "Mozilla/5.g (Linux; Android 13; Pixel 7) AppleWebKit/537.36 (KHTML, like Gecko) Chrome/116.0.0.0 Mobile Safari/537.36"
20.89.192.194 - - [07/Dec/2025:06:53:21 -0800] "GET /public/wp-content/index.php HTTP/1.1" 200 37338 "https://www.yahoo.com/" "Mozilla/5.0 (Linux; Android 12; 2201116SG) AppleWebKit/537.36 (KHTML, like Gecko) Chrome/116.0.0.0 Mobile Safari/537.36"
20.89.192.194 - - [07/Dec/2025:06:53:22 -0800] "GET /radio.php HTTP/1.1" 200 37320 "https://www.google.co.uk/" "Mozilla/5.0 (Linux; Android 13; M2101K6G) AppleWebKit/537.36 (KHTML, like Gecko) Chrome/116.0.0.0 Mobile Safari/537.36"
20.89.192.194 - - [07/Dec/2025:06:53:22 -0800] "GET /wp-admin/classwithtostring.php HTTP/1.1" 200 37341 "https://www.google.com/" "Mozilla/5.0 (iPhone; CPU iPhone OS 16_6_1 like Mac OS X) AppleWebKit/605.1.15 (KHTML, like Gecko) Version/16.6 Mobile/15E148 Safari/604.1"
20.89.192.194 - - [07/Dec/2025:06:53:23 -0800] "GET /wp-admin/includes/colour.php HTTP/1.1" 200 37339 "https://www.google.co.uk/" "Mozilla/5.0 (iPad; CPU OS 17_0_3 like Mac OS X) AppleWebKit/605.1.15 (KHTML, like Gecko) Version/17.0.1 Mobile/15E148 Safari/604.1"
20.89.192.194 - - [07/Dec/2025:06:53:24 -0800] "GET /wp-admin/index.php HTTP/1.1" 200 37329 "https://www.google.de/" "Mozilla/5.0 (Linux; Android 13; SM-G991U) AppleWebKit/537.36 (KHTML, like Gecko) Chrome/117.0.0.0 Mobile Safari/537.36"
20.89.192.194 - - [07/Dec/2025:06:53:25 -0800] "GET /wp-admin/js/index.php HTTP/1.1" 200 37332 "https://www.google.fr/" "Mozilla/5.0 (iPhone; CPU iPhone OS 17_0_3 like Mac OS X) AppleWebKit/605.1.15 (KHTML, like Gecko) Version/17.0.1 Mobile/15E148 Safari/604.1"
20.89.192.194 - - [07/Dec/2025:06:53:26 -0800] "GET /wp-admin/js/widgets/ HTTP/1.1" 200 37331 "https://www.google.co.uk/" "Mozilla/5.0 (Linux; Android 11; CPH2251) AppleWebKit/537.36 (KHTML, like Gecko) Chrome/116.0.0.0 Mobile Safari/537.36"
20.89.192.194 - - [07/Dec/2025:06:53:27 -0800] "GET /wp-admin/wp-admins.php HTTP/1.1" 200 37333 "https://www.google.de/" "Mozilla/5.0 (Linux; Android 11; CPH2251) AppleWebKit/537.36 (KHTML, like Gecko) Chrome/116.0.0.0 Mobile Safari/537.36"
20.89.192.194 - - [07/Dec/2025:06:53:27 -0800] "GET /wp-blog.php HTTP/1.1" 200 37322 "https://www.bing.com/" "Mozilla/5.0 (Linux; Android 13; SM-S908E) AppleWebKit/537.36 (KHTML, like Gecko) Chrome/116.0.0.0 Mobile Safari/537.36"
20.89.192.194 - - [07/Dec/2025:06:53:28 -0800] "GET /wp-content/admin.php HTTP/1.1" 200 37331 "https://www.yahoo.com/" "Mozilla/5.0 (Linux; Android 14; Pixel 8 Pro) AppleWebKit/537.36 (KHTML, like Gecko) Chrome/119.0.0.0 Mobile Safari/537.36"
51.68.107.159 - - [07/Dec/2025:06:53:29 -0800] "GET /robots.txt HTTP/1.1" 404 236 "-" "Mozilla/5.0 (compatible; MJ12bot/v2.0.4; http://mj12bot.com/)"
51.68.107.159 - - [07/Dec/2025:06:53:29 -0800] "GET / HTTP/1.1" 200 163 "-" "Mozilla/5.0 (compatible; MJ12bot/v2.0.4; http://mj12bot.com/)"
20.89.192.194 - - [07/Dec/2025:06:53:29 -0800] "GET /wp-content/et-cache/ HTTP/1.1" 200 37331 "https://www.google.de/" "Mozilla/5.0 (Linux; Android 10; LM-Q720) AppleWebKit/537.36 (KHTML, like Gecko) Chrome/116.0.0.0 Mobile Safari/537.36"
20.89.192.194 - - [07/Dec/2025:06:53:30 -0800] "GET /wp-content/index.php HTTP/1.1" 200 37331 "https://www.bing.com/" "Mozilla/5.0 (Linux; Android 13; SM-G991U) AppleWebKit/537.36 (KHTML, like Gecko) Chrome/117.0.0.0 Mobile Safari/537.36"
20.89.192.194 - - [07/Dec/2025:06:53:31 -0800] "GET /wp-content/plugins/pwnd/as.php HTTP/1.1" 200 37341 "https://www.google.com/" "Mozilla/5.0 (iPad; CPU OS 17_0_3 like Mac OS X) AppleWebKit/605.1.15 (KHTML, like Gecko) Version/17.0.1 Mobile/15E148 Safari/604.1"
20.89.192.194 - - [07/Dec/2025:06:53:31 -0800] "GET /wp-content/upgrade/index.php HTTP/1.1" 200 37339 "https://www.google.de/" "Mozilla/5.0 (Linux; Android 13; SM-G991U) AppleWebKit/537.36 (KHTML, like Gecko) Chrome/117.0.0.0 Mobile Safari/537.36"
20.89.192.194 - - [07/Dec/2025:06:53:32 -0800] "GET /wp-content/uploads/ HTTP/1.1" 200 37330 "https://www.google.co.uk/" "Mozilla/5.0 (iPhone; CPU iPhone OS 17_1_1 like Mac OS X) AppleWebKit/605.1.15 (KHTML, like Gecko) Version/17.1 Mobile/15E148 Safari/604.1"
20.89.192.194 - - [07/Dec/2025:06:53:33 -0800] "GET /wp-content/uploads/index.php HTTP/1.1" 200 37339 "https://www.google.co.uk/" "Mozilla/5.0 (Linux; Android 12; SM-A525F) AppleWebKit/537.36 (KHTML, like Gecko) Chrome/117.0.0.0 Mobile Safari/537.36"
20.89.192.194 - - [07/Dec/2025:06:53:34 -0800] "GET /wp-good.php HTTP/1.1" 200 37322 "https://www.google.fr/" "Mozilla/5.0 (Linux; Android 14; Pixel 8 Pro) AppleWebKit/537.36 (KHTML, like Gecko) Chrome/119.0.0.0 Mobile Safari/537.36"
20.89.192.194 - - [07/Dec/2025:06:53:35 -0800] "GET /wp-includes/Requests/index.php HTTP/1.1" 200 37341 "https://www.google.fr/" "Mozilla/5.0 (Linux; Android 11; 21081111RG) AppleWebKit/537.36 (KHTML, like Gecko) Chrome/116.0.0.0 Mobile Safari/537.36"
20.89.192.194 - - [07/Dec/2025:06:53:35 -0800] "GET /wp-includes/SimplePie/autoload_classmap.php HTTP/1.1" 200 37354 "https://www.google.de/" "Mozilla/5.0 (Linux; Android 10; LM-Q720) AppleWebKit/537.36 (KHTML, like Gecko) Chrome/116.0.0.0 Mobile Safari/537.36"
20.89.192.194 - - [07/Dec/2025:06:53:36 -0800] "GET /wp-includes/Text/Diff/Renderer/index.php HTTP/1.1" 200 37351 "https://duckduckgo.com/" "Mozilla/5.0 (iPhone; CPU iPhone OS 17_0_3 like Mac OS X) AppleWebKit/605.1.15 (KHTML, like Gecko) Version/17.0.1 Mobile/15E148 Safari/604.1"
20.89.192.194 - - [07/Dec/2025:06:53:37 -0800] "GET /wp-includes/assets/autoload_classmap.php HTTP/1.1" 200 37351 "https://www.google.de/" "Mozilla/5.0 (Linux; Android 13; SM-G991U) AppleWebKit/537.36 (KHTML, like Gecko) Chrome/117.0.0.0 Mobile Safari/537.36"
20.89.192.194 - - [07/Dec/2025:06:53:38 -0800] "GET /wp-includes/bk/index.php HTTP/1.1" 200 37335 "https://www.bing.com/" "Mozilla/5.0 (iPhone; CPU iPhone OS 16_0 like Mac OS X) AppleWebKit/605.1.15 (KHTML, like Gecko) FxiOS/118.0 Mobile/15E148 Safari/605.1.15"
85.208.98.18 - - [07/Dec/2025:06:53:39 -0800] "GET /robots.txt HTTP/1.1" 404 236 "-" "Mozilla/5.0 (compatible; SemrushBot; +http://www.semrush.com/bot.html)"
20.89.192.194 - - [07/Dec/2025:06:53:39 -0800] "GET /wp-includes/customize/chosen.php HTTP/1.1" 200 37343 "https://www.google.de/" "Mozilla/5.0 (iPhone; CPU iPhone OS 17_1_1 like Mac OS X) AppleWebKit/605.1.15 (KHTML, like Gecko) Version/17.1 Mobile/15E148 Safari/604.1"
20.89.192.194 - - [07/Dec/2025:06:53:39 -0800] "GET /wp-includes/index.php HTTP/1.1" 200 37332 "https://www.google.com/" "Mozilla/5.g (Linux; Android 13; Pixel 7) AppleWebKit/537.36 (KHTML, like Gecko) Chrome/116.0.0.0 Mobile Safari/537.36"
20.89.192.194 - - [07/Dec/2025:06:53:40 -0800] "GET /wp-includes/js/codemirror/index.php HTTP/1.1" 200 37346 "https://www.google.co.uk/" "Mozilla/5.0 (iPad; CPU OS 16_7_2 like Mac OS X) AppleWebKit/605.1.15 (KHTML, like Gecko) Version/16.6 Mobile/15E148 Safari/604.1"
20.89.192.194 - - [07/Dec/2025:06:53:41 -0800] "GET /wp-includes/js/jquery/jquery.php HTTP/1.1" 200 37343 "https://www.google.co.uk/" "Mozilla/5.g (Linux; Android 13; Pixel 7) AppleWebKit/537.36 (KHTML, like Gecko) Chrome/116.0.0.0 Mobile Safari/537.36"
20.89.192.194 - - [07/Dec/2025:06:53:42 -0800] "GET /wp-includes/random_compat/index.php HTTP/1.1" 200 37346 "https://www.google.com/" "Mozilla/5.0 (Linux; Android 13; SM-G991U) AppleWebKit/537.36 (KHTML, like Gecko) Chrome/117.0.0.0 Mobile Safari/537.36"
20.89.192.194 - - [07/Dec/2025:06:53:43 -0800] "GET /wp-includes/rest-api/index.php HTTP/1.1" 200 37341 "https://www.google.com/" "Mozilla/5.0 (Linux; Android 12; V2134) AppleWebKit/537.36 (KHTML, like Gecko) Chrome/116.0.0.0 Mobile Safari/537.36"
20.89.192.194 - - [07/Dec/2025:06:53:43 -0800] "GET /wp-includes/sitemaps/providers/index.php HTTP/1.1" 200 37351 "https://www.google.co.uk/" "Mozilla/5.0 (Linux; Android 14; Pixel 8 Pro) AppleWebKit/537.36 (KHTML, like Gecko) Chrome/119.0.0.0 Mobile Safari/537.36"
20.89.192.194 - - [07/Dec/2025:06:53:44 -0800] "GET /wp-includes/style-engine/wp-conflg.php HTTP/1.1" 200 37349 "https://duckduckgo.com/" "Mozilla/5.0 (iPhone; CPU iPhone OS 17_1_1 like Mac OS X) AppleWebKit/605.1.15 (KHTML, like Gecko) Version/17.1 Mobile/15E148 Safari/604.1"
20.89.192.194 - - [07/Dec/2025:06:53:45 -0800] "GET /wp-admin/ HTTP/1.1" 200 37320 "https://www.yahoo.com/" "Mozilla/5.0 (Linux; Android 12; SM-A525F) AppleWebKit/537.36 (KHTML, like Gecko) Chrome/117.0.0.0 Mobile Safari/537.36"
20.89.192.194 - - [07/Dec/2025:06:53:46 -0800] "GET /wp-admin/css/ HTTP/1.1" 200 37324 "https://www.google.fr/" "Mozilla/5.0 (iPad; CPU OS 17_0_3 like Mac OS X) AppleWebKit/605.1.15 (KHTML, like Gecko) Version/17.0.1 Mobile/15E148 Safari/604.1"
20.89.192.194 - - [07/Dec/2025:06:53:47 -0800] "GET /wp-admin/includes/index.php HTTP/1.1" 200 37338 "https://www.bing.com/" "Mozilla/5.0 (iPhone; CPU iPhone OS 16_0 like Mac OS X) AppleWebKit/605.1.15 (KHTML, like Gecko) FxiOS/118.0 Mobile/15E148 Safari/605.1.15"
20.89.192.194 - - [07/Dec/2025:06:53:47 -0800] "GET /wp-admin/network/admin.php HTTP/1.1" 200 37337 "https://www.bing.com/" "Mozilla/5.0 (Linux; Android 10; LM-Q720) AppleWebKit/537.36 (KHTML, like Gecko) Chrome/116.0.0.0 Mobile Safari/537.36"
220.181.108.156 - - [07/Dec/2025:06:53:48 -0800] "GET /2012/04/28/behind-the-scenes-zaras-grettis-teno-video-shoot/ HTTP/1.1" 404 236 "-" "Mozilla/5.0 (compatible; Baiduspider/2.0; +http://www.baidu.com/search/spider.html)"
20.89.192.194 - - [07/Dec/2025:06:53:48 -0800] "GET /wp-content/classwithtostring.php HTTP/1.1" 200 37343 "https://www.google.com/" "Mozilla/5.0 (Linux; Android 13; SM-G991U) AppleWebKit/537.36 (KHTML, like Gecko) Chrome/117.0.0.0 Mobile Safari/537.36"
20.89.192.194 - - [07/Dec/2025:06:53:49 -0800] "GET /wp-content/languages/index.php HTTP/1.1" 200 37341 "https://www.bing.com/" "Mozilla/5.0 (Linux; Android 13; SM-S908E) AppleWebKit/537.36 (KHTML, like Gecko) Chrome/116.0.0.0 Mobile Safari/537.36"
20.89.192.194 - - [07/Dec/2025:06:53:50 -0800] "GET /wp-content/plugins/admin.php HTTP/1.1" 200 37339 "https://www.google.de/" "Mozilla/5.0 (Linux; Android 12; SM-A525F) AppleWebKit/537.36 (KHTML, like Gecko) Chrome/117.0.0.0 Mobile Safari/537.36"
20.89.192.194 - - [07/Dec/2025:06:53:51 -0800] "GET /wp-content/themes/admin.php HTTP/1.1" 200 37338 "https://www.google.com/" "Mozilla/5.0 (iPhone; CPU iPhone OS 17_0_3 like Mac OS X) AppleWebKit/605.1.15 (KHTML, like Gecko) Version/17.0.1 Mobile/15E148 Safari/604.1"
20.89.192.194 - - [07/Dec/2025:06:53:51 -0800] "GET /wp-content/uploads/2023/ HTTP/1.1" 200 37335 "https://www.google.co.uk/" "Mozilla/5.0 (iPhone; CPU iPhone OS 17_1_1 like Mac OS X) AppleWebKit/605.1.15 (KHTML, like Gecko) Version/17.1 Mobile/15E148 Safari/604.1"
20.89.192.194 - - [07/Dec/2025:06:53:52 -0800] "GET /wp-content/uploads/2024/ HTTP/1.1" 200 37335 "https://www.google.fr/" "Mozilla/5.0 (Linux; Android 10; K) AppleWebKit/537.36 (KHTML, like Gecko) Chrome/117.0.0.0 Mobile Safari/537.36"
20.89.192.194 - - [07/Dec/2025:06:53:53 -0800] "GET /wp-content/uploads/2025/ HTTP/1.1" 200 37335 "https://www.google.de/" "Mozilla/5.0 (Linux; Android 12; SM-A525F) AppleWebKit/537.36 (KHTML, like Gecko) Chrome/117.0.0.0 Mobile Safari/537.36"
20.89.192.194 - - [07/Dec/2025:06:53:54 -0800] "GET /wp-editor.php HTTP/1.1" 200 37324 "https://www.google.com/" "Mozilla/5.0 (Linux; Android 12; V2134) AppleWebKit/537.36 (KHTML, like Gecko) Chrome/116.0.0.0 Mobile Safari/537.36"
20.89.192.194 - - [07/Dec/2025:06:53:55 -0800] "GET /wp-includes/ID3/ HTTP/1.1" 200 37327 "https://www.google.co.uk/" "Mozilla/5.0 (Linux; Android 13; M2101K6G) AppleWebKit/537.36 (KHTML, like Gecko) Chrome/116.0.0.0 Mobile Safari/537.36"
20.89.192.194 - - [07/Dec/2025:06:53:56 -0800] "GET /wp-includes/ID3/simi.php HTTP/1.1" 200 37335 "https://www.google.fr/" "Mozilla/5.0 (iPad; CPU OS 16_7_2 like Mac OS X) AppleWebKit/605.1.15 (KHTML, like Gecko) Version/16.6 Mobile/15E148 Safari/604.1"
20.89.192.194 - - [07/Dec/2025:06:53:56 -0800] "GET /wp-includes/IXR/ HTTP/1.1" 200 37327 "https://www.google.co.uk/" "Mozilla/5.0 (Linux; Android 13; M2101K6G) AppleWebKit/537.36 (KHTML, like Gecko) Chrome/116.0.0.0 Mobile Safari/537.36"
20.89.192.194 - - [07/Dec/2025:06:53:57 -0800] "GET /wp-includes/Requests/about.php HTTP/1.1" 200 37341 "https://www.bing.com/" "Mozilla/5.0 (Linux; Android 11; 21081111RG) AppleWebKit/537.36 (KHTML, like Gecko) Chrome/116.0.0.0 Mobile Safari/537.36"
20.89.192.194 - - [07/Dec/2025:06:53:58 -0800] "GET /wp-includes/Text/xwx1.php HTTP/1.1" 200 37336 "https://www.google.de/" "Mozilla/5.0 (Linux; Android 11; 21081111RG) AppleWebKit/537.36 (KHTML, like Gecko) Chrome/116.0.0.0 Mobile Safari/537.36"
20.89.192.194 - - [07/Dec/2025:06:53:59 -0800] "GET /wp-includes/assets/about.php HTTP/1.1" 200 37339 "https://www.google.co.uk/" "Mozilla/5.0 (Linux; Android 12; SM-A525F) AppleWebKit/537.36 (KHTML, like Gecko) Chrome/117.0.0.0 Mobile Safari/537.36"
20.89.192.194 - - [07/Dec/2025:06:54:00 -0800] "GET /wp-includes/assets/index.php HTTP/1.1" 200 37339 "https://www.google.de/" "Mozilla/5.0 (Linux; Android 12; 2201116SG) AppleWebKit/537.36 (KHTML, like Gecko) Chrome/116.0.0.0 Mobile Safari/537.36"
192.0.96.188 - - [07/Dec/2025:06:54:00 -0800] "GET /wp-content/uploads/2019/07/Davolee-ft-Zlatan-Lock-Up-mp3-image.jpg HTTP/1.1" 404 236 "-" "Photon/1.0"
20.89.192.194 - - [07/Dec/2025:06:54:00 -0800] "GET /wp-includes/block-patterns/ HTTP/1.1" 200 37338 "https://www.google.com/" "Mozilla/5.0 (Linux; Android 14; Pixel 8 Pro) AppleWebKit/537.36 (KHTML, like Gecko) Chrome/119.0.0.0 Mobile Safari/537.36"
20.89.192.194 - - [07/Dec/2025:06:54:01 -0800] "GET /wp-includes/blocks/ HTTP/1.1" 200 37330 "https://www.yahoo.com/" "Mozilla/5.0 (iPhone; CPU iPhone OS 17_1_1 like Mac OS X) AppleWebKit/605.1.15 (KHTML, like Gecko) Version/17.1 Mobile/15E148 Safari/604.1"
20.89.192.194 - - [07/Dec/2025:06:54:02 -0800] "GET /wp-includes/blocks/calendar/index.php HTTP/1.1" 200 37348 "https://www.bing.com/" "Mozilla/5.0 (Linux; Android 13; M2101K6G) AppleWebKit/537.36 (KHTML, like Gecko) Chrome/116.0.0.0 Mobile Safari/537.36"
20.89.192.194 - - [07/Dec/2025:06:54:03 -0800] "GET /wp-includes/certificates/ HTTP/1.1" 200 37336 "https://www.yahoo.com/" "Mozilla/5.0 (Linux; Android 13; M2101K6G) AppleWebKit/537.36 (KHTML, like Gecko) Chrome/116.0.0.0 Mobile Safari/537.36"
20.89.192.194 - - [07/Dec/2025:06:54:04 -0800] "GET /wp-includes/css/index.php HTTP/1.1" 200 37336 "https://www.google.de/" "Mozilla/5.0 (iPhone; CPU iPhone OS 17_0_3 like Mac OS X) AppleWebKit/605.1.15 (KHTML, like Gecko) Version/17.0.1 Mobile/15E148 Safari/604.1"
20.89.192.194 - - [07/Dec/2025:06:54:05 -0800] "GET /wp-includes/customize/index.php HTTP/1.1" 200 37342 "https://www.google.fr/" "Mozilla/5.0 (iPhone; CPU iPhone OS 17_0_3 like Mac OS X) AppleWebKit/605.1.15 (KHTML, like Gecko) Version/17.0.1 Mobile/15E148 Safari/604.1"
20.89.192.194 - - [07/Dec/2025:06:54:05 -0800] "GET /wp-includes/fonts/admin.php HTTP/1.1" 200 37338 "https://www.google.fr/" "Mozilla/5.0 (iPhone; CPU iPhone OS 17_0_3 like Mac OS X) AppleWebKit/605.1.15 (KHTML, like Gecko) Version/17.0.1 Mobile/15E148 Safari/604.1"
5.255.231.22 - - [07/Dec/2025:06:54:06 -0800] "GET /music-mp3/new-video-olamide-bobo/ HTTP/1.1" 404 236 "-" "Mozilla/5.0 (compatible; YandexBot/3.0; +http://yandex.com/bots)"
20.89.192.194 - - [07/Dec/2025:06:54:06 -0800] "GET /wp-includes/html-api/index.php HTTP/1.1" 200 37341 "https://www.google.co.uk/" "Mozilla/5.0 (iPhone; CPU iPhone OS 17_1_1 like Mac OS X) AppleWebKit/605.1.15 (KHTML, like Gecko) Version/17.1 Mobile/15E148 Safari/604.1"
20.89.192.194 - - [07/Dec/2025:06:54:07 -0800] "GET /wp-includes/images/media/ HTTP/1.1" 200 37336 "https://www.yahoo.com/" "Mozilla/5.0 (iPhone; CPU iPhone OS 16_6_1 like Mac OS X) AppleWebKit/605.1.15 (KHTML, like Gecko) Version/16.6 Mobile/15E148 Safari/604.1"
20.89.192.194 - - [07/Dec/2025:06:54:08 -0800] "GET /wp-includes/images/smilies/about.php HTTP/1.1" 200 37347 "https://www.bing.com/" "Mozilla/5.g (Linux; Android 13; Pixel 7) AppleWebKit/537.36 (KHTML, like Gecko) Chrome/116.0.0.0 Mobile Safari/537.36"
::1 - - [07/Dec/2025:06:54:09 -0800] "GET /whm-server-status HTTP/1.0" 200 1151196 "-" "Lynx/2.8.8dev.15 libwww-FM/2.14 SSL-MM/1.4.1 OpenSSL/1.0.1e-fips"
20.89.192.194 - - [07/Dec/2025:06:54:09 -0800] "GET /wp-includes/js/index.php HTTP/1.1" 200 37335 "https://www.google.com/" "Mozilla/5.0 (iPhone; CPU iPhone OS 17_1 like Mac OS X) AppleWebKit/605.1.15 (KHTML, like Gecko) CriOS/119.0.6045.109 Mobile/15E148 Safari/604.1"
20.89.192.194 - - [07/Dec/2025:06:54:09 -0800] "GET /wp-includes/rest-api/ HTTP/1.1" 200 37332 "https://www.google.co.uk/" "Mozilla/5.0 (Linux; Android 10; K) AppleWebKit/537.36 (KHTML, like Gecko) Chrome/117.0.0.0 Mobile Safari/537.36"
20.89.192.194 - - [07/Dec/2025:06:54:10 -0800] "GET /wp-includes/rest-api/fields/ HTTP/1.1" 200 37339 "https://www.yahoo.com/" "Mozilla/5.0 (Linux; Android 13; SM-S908E) AppleWebKit/537.36 (KHTML, like Gecko) Chrome/116.0.0.0 Mobile Safari/537.36"
20.89.192.194 - - [07/Dec/2025:06:54:11 -0800] "GET /wp-includes/rest-api/search/index.php HTTP/1.1" 200 37348 "https://www.google.com/" "Mozilla/5.0 (Linux; Android 12; 2201116SG) AppleWebKit/537.36 (KHTML, like Gecko) Chrome/116.0.0.0 Mobile Safari/537.36"
20.89.192.194 - - [07/Dec/2025:06:54:12 -0800] "GET /wp-includes/sitemaps/ HTTP/1.1" 200 37332 "https://www.google.fr/" "Mozilla/5.0 (Linux; Android 12; 2201116SG) AppleWebKit/537.36 (KHTML, like Gecko) Chrome/116.0.0.0 Mobile Safari/537.36"
20.89.192.194 - - [07/Dec/2025:06:54:13 -0800] "GET /wp-includes/sitemaps/wp-conflg.php HTTP/1.1" 200 37345 "https://www.bing.com/" "Mozilla/5.0 (Linux; Android 10; LM-Q720) AppleWebKit/537.36 (KHTML, like Gecko) Chrome/116.0.0.0 Mobile Safari/537.36"
20.89.192.194 - - [07/Dec/2025:06:54:13 -0800] "GET /wp-themes.php HTTP/1.1" 200 37324 "https://www.google.com/" "Mozilla/5.0 (iPhone; CPU iPhone OS 16_0 like Mac OS X) AppleWebKit/605.1.15 (KHTML, like Gecko) FxiOS/118.0 Mobile/15E148 Safari/605.1.15"
20.89.192.194 - - [07/Dec/2025:06:54:14 -0800] "GET /x.php HTTP/1.1" 200 37316 "https://duckduckgo.com/" "Mozilla/5.0 (Linux; Android 10; LM-Q720) AppleWebKit/537.36 (KHTML, like Gecko) Chrome/116.0.0.0 Mobile Safari/537.36"
116.179.32.97 - - [07/Dec/2025:06:54:15 -0800] "GET /2013/12/31/genevieve-nnaji-dbanj-back-together/ HTTP/1.1" 404 236 "-" "Mozilla/5.0 (compatible; Baiduspider/2.0; +http://www.baidu.com/search/spider.html)"
20.89.192.194 - - [07/Dec/2025:06:54:15 -0800] "GET /yas.php HTTP/1.1" 200 37318 "https://www.google.co.uk/" "Mozilla/5.0 (iPad; CPU OS 17_0_3 like Mac OS X) AppleWebKit/605.1.15 (KHTML, like Gecko) Version/17.0.1 Mobile/15E148 Safari/604.1"
101.44.24.141 - - [07/Dec/2025:06:54:18 -0800] "GET /wp-content/uploads/2009/08/fela2.jpg HTTP/1.1" 404 236 "-" "Mozilla/5.0 (Macintosh; Intel Mac OS X 10_15_7) AppleWebKit/537.36 (KHTML, like Gecko) Chrome/131.0.0.0 Safari/537.36"
66.249.70.196 - - [07/Dec/2025:06:54:20 -0800] "GET /robots.txt HTTP/1.1" 404 236 "-" "Mozilla/5.0 (compatible; Googlebot/2.1; +http://www.google.com/bot.html)"
213.186.1.154 - - [07/Dec/2025:06:54:23 -0800] "GET /category/music HTTP/1.1" 404 236 "-" "Mediatoolkitbot (complaints@mediatoolkit.com)"
95.108.213.117 - - [07/Dec/2025:06:54:24 -0800] "GET /music-mp3/phyno-x-olam... HTTP/1.1" 404 236 "-" "Mozilla/5.0 (compatible; YandexBot/3.0; +http://yandex.com/bots)"
156.59.198.135 - - [07/Dec/2025:06:54:31 -0800] "GET /wp-content/uploads/2014/11/14.jpg HTTP/1.1" 404 236 "http://eazysofttechnologies.blogspot.com/search?m=0&max-results=7&reverse-paginate=true&updated-max=2015-03-09T03%3A47%3A00-07%3A00" "Mozilla/5.0 (Linux; Android 5.0) AppleWebKit/537.36 (KHTML, like Gecko) Mobile Safari/537.36 (compatible; Bytespider; spider-feedback@bytedance.com)"
132.230.196.146 - - [07/Dec/2025:06:54:40 -0800] "GET /wp-content/uploads/2012/12/YemiSax-Art-150x150.jpg HTTP/1.1" 404 236 "-" "Mozilla/5.0 (X11; Ubuntu; Linux x86_64; rv:72.0) Gecko/20100101 Firefox/72.0"
220.181.108.156 - - [07/Dec/2025:06:54:41 -0800] "GET /music-mp3/afro-pop/simi-small-ting-prod-by-omo-charlie/ HTTP/1.1" 404 236 "-" "Mozilla/5.0 (compatible; Baiduspider/2.0; +http://www.baidu.com/search/spider.html)"
185.15.56.22 - - [07/Dec/2025:06:55:00 -0800] "HEAD /music-mp3/sugarboy-dada-omo-prod-dj-coublon/ HTTP/1.1" 404 - "-" "IABot/2.0 (+https://meta.wikimedia.org/wiki/InternetArchiveBot/FAQ_for_sysadmins) (Checking if link from Wikipedia is broken and needs removal)"
213.180.203.129 - - [07/Dec/2025:06:55:01 -0800] "GET /music-news/five-projects-will-retire-mi-abaga/ HTTP/1.1" 404 236 "-" "Mozilla/5.0 (compatible; YandexBot/3.0; +http://yandex.com/bots)"
127.0.0.1 - - [07/Dec/2025:06:55:01 -0800] "GET /whm-server-status HTTP/1.0" 200 1151159 "-" "-"
185.15.56.22 - - [07/Dec/2025:06:55:02 -0800] "GET /music-mp3/sugarboy-dada-omo-prod-dj-coublon/ HTTP/1.1" 404 236 "-" "Mozilla/5.0 (Windows NT 10.0; Win64; x64) AppleWebKit/537.36 (KHTML, like Gecko) Chrome/105.0.0.0 Safari/537.36"
95.108.213.231 - - [07/Dec/2025:06:55:04 -0800] "GET /wp-content/uploads/2014/09/ikey-olodo-900x900.jpg HTTP/1.1" 404 236 "-" "Mozilla/5.0 (compatible; YandexImages/3.0; +http://yandex.com/bots)"
116.179.32.25 - - [07/Dec/2025:06:55:08 -0800] "GET /2013/12/13/new-music-oga-sir-shack-ogiver-beat/ HTTP/1.1" 404 236 "-" "Mozilla/5.0 (compatible; Baiduspider/2.0; +http://www.baidu.com/search/spider.html)"
::1 - - [07/Dec/2025:06:55:18 -0800] "GET /whm-server-status HTTP/1.0" 200 1151134 "-" "Lynx/2.8.8dev.15 libwww-FM/2.14 SSL-MM/1.4.1 OpenSSL/1.0.1e-fips"
5.255.231.43 - - [07/Dec/2025:06:55:30 -0800] "GET /video/video-vilara-mofe-ba-e-lo/ HTTP/1.1" 404 236 "-" "Mozilla/5.0 (compatible; YandexBot/3.0; +http://yandex.com/bots)"
116.179.32.146 - - [07/Dec/2025:06:55:34 -0800] "GET /2013/03/27/photos-2faces-traditional-wedding/ HTTP/1.1" 404 236 "-" "Mozilla/5.0 (compatible; Baiduspider/2.0; +http://www.baidu.com/search/spider.html)"
193.164.20.53 - - [07/Dec/2025:06:55:38 -0800] "GET /feed/ HTTP/1.1" 404 236 "-" "Mozilla/5.0 (Linux; Android 13; SM-A715F Build/TP1A.220624.014; wv) AppleWebKit/537.36 (KHTML, like Gecko) Version/4.0 Chrome/142.0.7444.171 Mobile Safari/537.36"
62.234.168.65 - - [07/Dec/2025:06:55:52 -0800] "GET /wp-content/uploads/2011/04/explosion-150x150.jpg HTTP/1.1" 404 236 "-" "Mozilla/5.0 (X11; Ubuntu; Linux x86_64; rv:72.0) Gecko/20100101 Firefox/72.0"
141.94.194.132 - - [07/Dec/2025:06:55:56 -0800] "GET /tag/music/feed/ HTTP/1.1" 404 236 "-" "Mozilla/5.0 (X11; Linux i686) AppleWebKit/537.36 (KHTML, like Gecko) Chrome/30.0.1599.66 Safari/537.36"
220.181.108.111 - - [07/Dec/2025:06:56:01 -0800] "GET /2015/02/25/im-not-hiv-positive-hanks-anuku/ HTTP/1.1" 404 236 "-" "Mozilla/5.0 (compatible; Baiduspider/2.0; +http://www.baidu.com/search/spider.html)"
213.186.1.154 - - [07/Dec/2025:06:56:10 -0800] "GET /category/events/toronto HTTP/1.1" 404 236 "-" "Mediatoolkitbot (complaints@mediatoolkit.com)"
164.138.80.51 - - [07/Dec/2025:06:56:14 -0800] "GET http://jaguda.com/music-mp3/video-viladyo-oway-ft-kay-switch/ HTTP/1.1" 406 300 "-" "Mozilla/5.0 (Macintosh; Intel Mac OS X 10_15_7) AppleWebKit/537.36 (KHTML, like Gecko) Chrome/132.0.0.0 Safari/537.36"
::1 - - [07/Dec/2025:06:56:27 -0800] "GET /whm-server-status HTTP/1.0" 200 1151784 "-" "Lynx/2.8.8dev.15 libwww-FM/2.14 SSL-MM/1.4.1 OpenSSL/1.0.1e-fips"
199.127.62.242 - - [07/Dec/2025:06:56:29 -0800] "GET /wp-content/uploads/2013/07/ABIA_STATE_UNIVERSITY_Madubuike_Nkem-Jaguda.com_.jpg HTTP/1.1" 404 236 "-" "Mozilla/5.0 (Windows NT 10.0; Win64; x64) AppleWebKit/537.36"
199.127.62.242 - - [07/Dec/2025:06:56:30 -0800] "GET /wp-content/uploads/2013/07/ABIA_STATE_UNIVERSITY_Madubuike_Nkem-Jaguda.com_.jpg HTTP/1.1" 404 236 "-" "Mozilla/5.0 (Windows NT 10.0; Win64; x64) AppleWebKit/537.36"
199.127.62.242 - - [07/Dec/2025:06:56:30 -0800] "GET /wp-content/uploads/2013/07/ABIA_STATE_UNIVERSITY_Madubuike_Nkem-Jaguda.com_.jpg HTTP/1.1" 404 236 "-" "Mozilla/5.0 (Windows NT 10.0; Win64; x64) AppleWebKit/537.36"
213.186.1.154 - - [07/Dec/2025:06:56:35 -0800] "GET / HTTP/1.1" 200 163 "-" "Mediatoolkitbot (complaints@mediatoolkit.com)"
5.255.231.179 - - [07/Dec/2025:06:56:40 -0800] "GET /music-mp3/dr-sid-something-about-you-video/ HTTP/1.1" 404 236 "-" "Mozilla/5.0 (compatible; YandexBot/3.0; +http://yandex.com/bots)"
220.181.108.91 - - [07/Dec/2025:06:56:53 -0800] "GET /2014/06/14/video-solid-star-overdose-godwon-shoko-bombu-lil-prince-ameen/ HTTP/1.1" 404 236 "-" "Mozilla/5.0 (compatible; Baiduspider/2.0; +http://www.baidu.com/search/spider.html)"
2.89.128.178 - - [07/Dec/2025:06:57:02 -0800] "GET http://jaguda.com/2012/07/30/video-factory78-catches-up-with-the-nigerian-basketball-team-during-training-session/ HTTP/1.1" 406 300 "-" "Mozilla/5.0 (Windows NT 10.0; WOW64) AppleWebKit/537.36 (KHTML, like Gecko) Chrome/108.0.5359.95 Safari/537.36 QIHU 360SE"
116.179.32.25 - - [07/Dec/2025:06:57:21 -0800] "GET /social-issues/nigerian-woman-charged-in-deadly-day-care-fire-jessica-tata-returns-to-texas/ HTTP/1.1" 404 236 "-" "Mozilla/5.0 (compatible; Baiduspider/2.0; +http://www.baidu.com/search/spider.html)"
127.0.0.1 - - [07/Dec/2025:06:57:31 -0800] "GET / HTTP/1.0" 200 163 "-" "-"
::1 - - [07/Dec/2025:06:57:36 -0800] "GET /whm-server-status HTTP/1.0" 200 1151552 "-" "Lynx/2.8.8dev.15 libwww-FM/2.14 SSL-MM/1.4.1 OpenSSL/1.0.1e-fips"
47.128.62.41 - - [07/Dec/2025:06:57:45 -0800] "GET /wp-content/uploads/2013/08/lagos2.jpg HTTP/1.1" 404 236 "http://ejivibes.blogspot.com/" "Mozilla/5.0 (compatible; Bytespider; spider-feedback@bytedance.com) AppleWebKit/537.36 (KHTML, like Gecko) Chrome/70.0.0.0 Safari/537.36"
47.128.62.41 - - [07/Dec/2025:06:57:45 -0800] "GET /wp-content/uploads/2013/08/anita-joseph-5.jpg HTTP/1.1" 404 236 "http://ejivibes.blogspot.com/" "Mozilla/5.0 (compatible; Bytespider; spider-feedback@bytedance.com) AppleWebKit/537.36 (KHTML, like Gecko) Chrome/70.0.0.0 Safari/537.36"
47.128.62.41 - - [07/Dec/2025:06:57:45 -0800] "GET /wp-content/uploads/2013/08/pryse-kolo-remix-burna-boy.jpg HTTP/1.1" 404 236 "http://ejivibes.blogspot.com/" "Mozilla/5.0 (compatible; Bytespider; spider-feedback@bytedance.com) AppleWebKit/537.36 (KHTML, like Gecko) Chrome/70.0.0.0 Safari/537.36"
68.71.251.134 - - [07/Dec/2025:06:57:55 -0800] "GET /wp-index.php HTTP/1.0" 404 236 "http://jaguda.com/wp-index.php" "Mozilla/5.0 (Windows NT 10.0; Win64; x64) AppleWebKit/537.36 (KHTML, like Gecko) Chrome/129.0.0.0 Safari/537.36"
68.71.251.134 - - [07/Dec/2025:06:57:56 -0800] "GET / HTTP/1.0" 200 163 "http://jaguda.com/" "Mozilla/5.0 (Windows NT 10.0; Win64; x64) AppleWebKit/537.36 (KHTML, like Gecko) Chrome/129.0.0.0 Safari/537.36"
68.71.251.134 - - [07/Dec/2025:06:57:58 -0800] "GET /cgi-sys/defaultwebpage.cgi HTTP/1.0" 200 6938 "http://jaguda.com/cgi-sys/defaultwebpage.cgi" "Mozilla/5.0 (Windows NT 10.0; Win64; x64) AppleWebKit/537.36 (KHTML, like Gecko) Chrome/129.0.0.0 Safari/537.36"
213.186.1.154 - - [07/Dec/2025:06:58:00 -0800] "GET /privacy-policy HTTP/1.1" 404 236 "-" "Mediatoolkitbot (complaints@mediatoolkit.com)"
95.108.213.231 - - [07/Dec/2025:06:58:05 -0800] "GET /music-news/davido-shares-picture-new-lady-fans-comments-will-make-day/ HTTP/1.1" 404 236 "-" "Mozilla/5.0 (compatible; YandexBot/3.0; +http://yandex.com/bots)"
213.186.1.154 - - [07/Dec/2025:06:58:13 -0800] "GET /category/editorials HTTP/1.1" 404 236 "-" "Mediatoolkitbot (complaints@mediatoolkit.com)"
116.179.32.82 - - [07/Dec/2025:06:58:14 -0800] "GET /2017/03/17/g-sharp-man-prod-masterkraft/ HTTP/1.1" 404 236 "-" "Mozilla/5.0 (compatible; Baiduspider/2.0; +http://www.baidu.com/search/spider.html)"
213.186.1.154 - - [07/Dec/2025:06:58:18 -0800] "GET /category/events/charlotte HTTP/1.1" 404 236 "-" "Mediatoolkitbot (complaints@mediatoolkit.com)"
185.150.190.249 - - [07/Dec/2025:06:58:37 -0800] "GET /wp-content/uploads/2017/12/SHiiKANE-Christmas-Day-534x462.jpg HTTP/1.1" 404 236 "-" "Mozilla/5.0 (Windows NT 10.0; Win64; x64) AppleWebKit/537.36"
185.150.190.249 - - [07/Dec/2025:06:58:37 -0800] "GET /wp-content/uploads/2017/12/SHiiKANE-Christmas-Day-534x462.jpg HTTP/1.1" 404 236 "-" "Mozilla/5.0 (Windows NT 10.0; Win64; x64) AppleWebKit/537.36"
185.150.190.249 - - [07/Dec/2025:06:58:38 -0800] "GET /wp-content/uploads/2017/12/SHiiKANE-Christmas-Day-534x462.jpg HTTP/1.1" 404 236 "-" "Mozilla/5.0 (Windows NT 10.0; Win64; x64) AppleWebKit/537.36"
220.181.108.159 - - [07/Dec/2025:06:58:39 -0800] "GET /events/photos-from-nollywood-celebrates-omotola-jalade-ekeinde/ HTTP/1.1" 404 236 "-" "Mozilla/5.0 (compatible; Baiduspider/2.0; +http://www.baidu.com/search/spider.html)"
::1 - - [07/Dec/2025:06:58:45 -0800] "GET /whm-server-status HTTP/1.0" 200 1151668 "-" "Lynx/2.8.8dev.15 libwww-FM/2.14 SSL-MM/1.4.1 OpenSSL/1.0.1e-fips"
199.127.62.242 - - [07/Dec/2025:06:58:59 -0800] "GET /wp-content/uploads/2014/05/Hakym-Salamualekun-Remix-Art.jpg HTTP/1.1" 404 236 "-" "Mozilla/5.0 (Windows NT 10.0; Win64; x64) AppleWebKit/537.36"
199.127.62.242 - - [07/Dec/2025:06:59:00 -0800] "GET /wp-content/uploads/2014/05/Hakym-Salamualekun-Remix-Art.jpg HTTP/1.1" 404 236 "-" "Mozilla/5.0 (Windows NT 10.0; Win64; x64) AppleWebKit/537.36"
199.127.62.242 - - [07/Dec/2025:06:59:00 -0800] "GET /wp-content/uploads/2014/05/Hakym-Salamualekun-Remix-Art.jpg HTTP/1.1" 404 236 "-" "Mozilla/5.0 (Windows NT 10.0; Win64; x64) AppleWebKit/537.36"
116.179.32.213 - - [07/Dec/2025:06:59:07 -0800] "GET /2013/02/28/new-music-ruby-down/ HTTP/1.1" 404 236 "-" "Mozilla/5.0 (compatible; Baiduspider/2.0; +http://www.baidu.com/search/spider.html)"
34.59.30.100 - - [07/Dec/2025:06:59:10 -0800] "GET /wp-content/uploads/2014/04/jim-ikye-photo-shoot-3-jaguda.com_-150x150.jpg HTTP/1.1" 404 236 "https://www.google.com/" "Mozilla/5.0 (Windows NT 10.0; Win64; x64) AppleWebKit/537.36 (KHTML, like Gecko) Chrome/120.0.0.0 Safari/537.36"
220.181.108.94 - - [07/Dec/2025:06:59:32 -0800] "GET /video/video-dice-ailes-diceyyy/ HTTP/1.1" 404 236 "-" "Mozilla/5.0 (compatible; Baiduspider/2.0; +http://www.baidu.com/search/spider.html)"
176.29.28.113 - - [07/Dec/2025:06:59:47 -0800] "GET http://jaguda.com/international-music/pusha-t-jay-zs-drug-dealers-anonymous-hardest-ish-youll-hear-week/ HTTP/1.1" 406 300 "-" "Mozilla/5.0 (Windows NT 10.0; Win64; x64) AppleWebKit/537.36 (KHTML, like Gecko) Chrome/111.0.0.0 Safari/537.36"
::1 - - [07/Dec/2025:06:59:55 -0800] "GET /whm-server-status HTTP/1.0" 200 1151782 "-" "Lynx/2.8.8dev.15 libwww-FM/2.14 SSL-MM/1.4.1 OpenSSL/1.0.1e-fips"
220.181.108.157 - - [07/Dec/2025:06:59:59 -0800] "GET /2012/04/16/charity-lounge-lagos-2-funmi-iyanda-2face-the-future-project-others-nominated-as-the-fantastic-four/ HTTP/1.1" 404 236 "-" "Mozilla/5.0 (compatible; Baiduspider/2.0; +http://www.baidu.com/search/spider.html)"
127.0.0.1 - - [07/Dec/2025:07:00:01 -0800] "GET /whm-server-status HTTP/1.0" 200 1151724 "-" "-"
87.250.224.73 - - [07/Dec/2025:07:00:12 -0800] "GET /music-mp3/new-music-ehis-one/ HTTP/1.1" 404 236 "-" "Mozilla/5.0 (compatible; YandexBot/3.0; +http://yandex.com/bots)"
