20.89.192.194 - - [07/Dec/2025:09:49:21 -0800] "GET /wp-content/index.php HTTP/1.1" 200 37312 "https://duckduckgo.com/" "Mozilla/5.0 (Linux; Android 10; K) AppleWebKit/537.36 (KHTML, like Gecko) Chrome/117.0.0.0 Mobile Safari/537.36"
20.89.192.194 - - [07/Dec/2025:09:49:22 -0800] "GET /wp-content/plugins/pwnd/as.php HTTP/1.1" 200 37322 "https://www.yahoo.com/" "Mozilla/5.0 (Linux; Android 13; SM-S908E) AppleWebKit/537.36 (KHTML, like Gecko) Chrome/116.0.0.0 Mobile Safari/537.36"
20.89.192.194 - - [07/Dec/2025:09:49:23 -0800] "GET /wp-content/upgrade/index.php HTTP/1.1" 200 37320 "https://www.yahoo.com/" "Mozilla/5.0 (iPad; CPU OS 16_7_2 like Mac OS X) AppleWebKit/605.1.15 (KHTML, like Gecko) Version/16.6 Mobile/15E148 Safari/604.1"
20.89.192.194 - - [07/Dec/2025:09:49:23 -0800] "GET /wp-content/uploads/ HTTP/1.1" 200 37311 "https://www.bing.com/" "Mozilla/5.0 (Linux; Android 13; M2101K6G) AppleWebKit/537.36 (KHTML, like Gecko) Chrome/116.0.0.0 Mobile Safari/537.36"
20.89.192.194 - - [07/Dec/2025:09:49:24 -0800] "GET /wp-content/uploads/index.php HTTP/1.1" 200 37320 "https://www.google.de/" "Mozilla/5.g (Linux; Android 13; Pixel 7) AppleWebKit/537.36 (KHTML, like Gecko) Chrome/116.0.0.0 Mobile Safari/537.36"
20.89.192.194 - - [07/Dec/2025:09:49:25 -0800] "GET /wp-good.php HTTP/1.1" 200 37303 "https://www.google.de/" "Mozilla/5.0 (iPhone; CPU iPhone OS 16_0 like Mac OS X) AppleWebKit/605.1.15 (KHTML, like Gecko) FxiOS/118.0 Mobile/15E148 Safari/605.1.15"
116.179.32.141 - - [07/Dec/2025:09:49:26 -0800] "GET /2012/09/02/nbc-bans-wande-coals-go-low-video-for-nudity/ HTTP/1.1" 404 236 "-" "Mozilla/5.0 (compatible; Baiduspider/2.0; +http://www.baidu.com/search/spider.html)"
20.89.192.194 - - [07/Dec/2025:09:49:26 -0800] "GET /wp-includes/Requests/index.php HTTP/1.1" 200 37322 "https://www.google.fr/" "Mozilla/5.0 (Linux; Android 12; 2201116SG) AppleWebKit/537.36 (KHTML, like Gecko) Chrome/116.0.0.0 Mobile Safari/537.36"
20.89.192.194 - - [07/Dec/2025:09:49:27 -0800] "GET /wp-includes/SimplePie/autoload_classmap.php HTTP/1.1" 200 37335 "https://www.google.fr/" "Mozilla/5.0 (iPhone; CPU iPhone OS 16_6_1 like Mac OS X) AppleWebKit/605.1.15 (KHTML, like Gecko) Version/16.6 Mobile/15E148 Safari/604.1"
20.89.192.194 - - [07/Dec/2025:09:49:28 -0800] "GET /wp-includes/Text/Diff/Renderer/index.php HTTP/1.1" 200 37332 "https://www.yahoo.com/" "Mozilla/5.0 (iPad; CPU OS 17_0_3 like Mac OS X) AppleWebKit/605.1.15 (KHTML, like Gecko) Version/17.0.1 Mobile/15E148 Safari/604.1"
20.89.192.194 - - [07/Dec/2025:09:49:28 -0800] "GET /wp-includes/assets/autoload_classmap.php HTTP/1.1" 200 37332 "https://www.google.com/" "Mozilla/5.0 (iPhone; CPU iPhone OS 15_7_9 like Mac OS X) AppleWebKit/605.1.15 (KHTML, like Gecko) Version/15.6.5 Mobile/15E148 Safari/604.1"
20.89.192.194 - - [07/Dec/2025:09:49:29 -0800] "GET /wp-includes/bk/index.php HTTP/1.1" 200 37316 "https://www.google.de/" "Mozilla/5.0 (iPad; CPU OS 16_7_2 like Mac OS X) AppleWebKit/605.1.15 (KHTML, like Gecko) Version/16.6 Mobile/15E148 Safari/604.1"
20.89.192.194 - - [07/Dec/2025:09:49:30 -0800] "GET /wp-includes/customize/chosen.php HTTP/1.1" 200 37324 "https://www.yahoo.com/" "Mozilla/5.0 (iPhone; CPU iPhone OS 17_1 like Mac OS X) AppleWebKit/605.1.15 (KHTML, like Gecko) CriOS/119.0.6045.109 Mobile/15E148 Safari/604.1"
20.89.192.194 - - [07/Dec/2025:09:49:31 -0800] "GET /wp-includes/index.php HTTP/1.1" 200 37313 "https://www.google.fr/" "Mozilla/5.0 (Linux; Android 13; SM-S908E) AppleWebKit/537.36 (KHTML, like Gecko) Chrome/116.0.0.0 Mobile Safari/537.36"
20.89.192.194 - - [07/Dec/2025:09:49:32 -0800] "GET /wp-includes/js/codemirror/index.php HTTP/1.1" 200 37327 "https://www.google.fr/" "Mozilla/5.0 (Linux; Android 13; SM-G991U) AppleWebKit/537.36 (KHTML, like Gecko) Chrome/117.0.0.0 Mobile Safari/537.36"
20.89.192.194 - - [07/Dec/2025:09:49:32 -0800] "GET /wp-includes/js/jquery/jquery.php HTTP/1.1" 200 37324 "https://www.google.de/" "Mozilla/5.0 (Linux; Android 12; 2201116SG) AppleWebKit/537.36 (KHTML, like Gecko) Chrome/116.0.0.0 Mobile Safari/537.36"
20.89.192.194 - - [07/Dec/2025:09:49:33 -0800] "GET /wp-includes/random_compat/index.php HTTP/1.1" 200 37327 "https://www.google.co.uk/" "Mozilla/5.0 (iPhone; CPU iPhone OS 17_0_3 like Mac OS X) AppleWebKit/605.1.15 (KHTML, like Gecko) Version/17.0.1 Mobile/15E148 Safari/604.1"
20.89.192.194 - - [07/Dec/2025:09:49:34 -0800] "GET /wp-includes/rest-api/index.php HTTP/1.1" 200 37322 "https://www.bing.com/" "Mozilla/5.0 (Linux; Android 13; M2101K6G) AppleWebKit/537.36 (KHTML, like Gecko) Chrome/116.0.0.0 Mobile Safari/537.36"
20.89.192.194 - - [07/Dec/2025:09:49:35 -0800] "GET /wp-includes/sitemaps/providers/index.php HTTP/1.1" 200 37332 "https://www.google.de/" "Mozilla/5.0 (Linux; Android 13; SM-G991U) AppleWebKit/537.36 (KHTML, like Gecko) Chrome/117.0.0.0 Mobile Safari/537.36"
20.89.192.194 - - [07/Dec/2025:09:49:36 -0800] "GET /wp-includes/style-engine/wp-conflg.php HTTP/1.1" 200 37330 "https://www.google.com/" "Mozilla/5.0 (iPhone; CPU iPhone OS 16_6_1 like Mac OS X) AppleWebKit/605.1.15 (KHTML, like Gecko) Version/16.6 Mobile/15E148 Safari/604.1"
20.89.192.194 - - [07/Dec/2025:09:49:37 -0800] "GET /wp-admin/ HTTP/1.1" 200 37301 "https://www.bing.com/" "Mozilla/5.g (Linux; Android 13; Pixel 7) AppleWebKit/537.36 (KHTML, like Gecko) Chrome/116.0.0.0 Mobile Safari/537.36"
20.89.192.194 - - [07/Dec/2025:09:49:37 -0800] "GET /wp-admin/css/ HTTP/1.1" 200 37305 "https://www.google.fr/" "Mozilla/5.0 (Linux; Android 13; M2101K6G) AppleWebKit/537.36 (KHTML, like Gecko) Chrome/116.0.0.0 Mobile Safari/537.36"
20.89.192.194 - - [07/Dec/2025:09:49:38 -0800] "GET /wp-admin/includes/index.php HTTP/1.1" 200 37319 "https://duckduckgo.com/" "Mozilla/5.0 (Linux; Android 11; CPH2251) AppleWebKit/537.36 (KHTML, like Gecko) Chrome/116.0.0.0 Mobile Safari/537.36"
20.89.192.194 - - [07/Dec/2025:09:49:39 -0800] "GET /wp-admin/network/admin.php HTTP/1.1" 200 37318 "https://www.google.com/" "Mozilla/5.0 (Linux; Android 12; 2201116SG) AppleWebKit/537.36 (KHTML, like Gecko) Chrome/116.0.0.0 Mobile Safari/537.36"
20.89.192.194 - - [07/Dec/2025:09:49:40 -0800] "GET /wp-content/classwithtostring.php HTTP/1.1" 200 37324 "https://www.google.com/" "Mozilla/5.0 (Linux; Android 13; SM-S908E) AppleWebKit/537.36 (KHTML, like Gecko) Chrome/116.0.0.0 Mobile Safari/537.36"
20.89.192.194 - - [07/Dec/2025:09:49:41 -0800] "GET /wp-content/languages/index.php HTTP/1.1" 200 37322 "https://www.google.com/" "Mozilla/5.0 (iPhone; CPU iPhone OS 17_1 like Mac OS X) AppleWebKit/605.1.15 (KHTML, like Gecko) CriOS/119.0.6045.109 Mobile/15E148 Safari/604.1"
20.89.192.194 - - [07/Dec/2025:09:49:41 -0800] "GET /wp-content/plugins/admin.php HTTP/1.1" 200 37320 "https://www.google.co.uk/" "Mozilla/5.0 (Linux; Android 14; Pixel 8 Pro) AppleWebKit/537.36 (KHTML, like Gecko) Chrome/119.0.0.0 Mobile Safari/537.36"
20.89.192.194 - - [07/Dec/2025:09:49:42 -0800] "GET /wp-content/themes/admin.php HTTP/1.1" 200 37319 "https://www.google.com/" "Mozilla/5.0 (iPhone; CPU iPhone OS 17_0_3 like Mac OS X) AppleWebKit/605.1.15 (KHTML, like Gecko) Version/17.0.1 Mobile/15E148 Safari/604.1"
20.89.192.194 - - [07/Dec/2025:09:49:43 -0800] "GET /wp-content/uploads/2023/ HTTP/1.1" 200 37316 "https://www.bing.com/" "Mozilla/5.0 (iPad; CPU OS 17_0_3 like Mac OS X) AppleWebKit/605.1.15 (KHTML, like Gecko) Version/17.0.1 Mobile/15E148 Safari/604.1"
20.89.192.194 - - [07/Dec/2025:09:49:44 -0800] "GET /wp-content/uploads/2024/ HTTP/1.1" 200 37316 "https://www.google.co.uk/" "Mozilla/5.0 (iPhone; CPU iPhone OS 17_0_3 like Mac OS X) AppleWebKit/605.1.15 (KHTML, like Gecko) Version/17.0.1 Mobile/15E148 Safari/604.1"
20.89.192.194 - - [07/Dec/2025:09:49:45 -0800] "GET /wp-content/uploads/2025/ HTTP/1.1" 200 37316 "https://www.google.com/" "Mozilla/5.0 (iPhone; CPU iPhone OS 17_0_3 like Mac OS X) AppleWebKit/605.1.15 (KHTML, like Gecko) Version/17.0.1 Mobile/15E148 Safari/604.1"
62.3.36.112 - - [07/Dec/2025:09:49:45 -0800] "GET http://jaguda.com/music-mp3/ova-skillz-grace/ HTTP/1.1" 406 300 "-" "Mozilla/5.0 (Macintosh; Intel Mac OS X 10_15_7) AppleWebKit/537.36 (KHTML, like Gecko) Chrome/132.0.0.0 Safari/537.36"
116.179.32.71 - - [07/Dec/2025:09:49:46 -0800] "GET /2014/11/24/new-music-otiz-suicide-ft-mandoza/ HTTP/1.1" 404 236 "-" "Mozilla/5.0 (compatible; Baiduspider/2.0; +http://www.baidu.com/search/spider.html)"
20.89.192.194 - - [07/Dec/2025:09:49:46 -0800] "GET /wp-editor.php HTTP/1.1" 200 37305 "https://duckduckgo.com/" "Mozilla/5.0 (Linux; Android 12; V2134) AppleWebKit/537.36 (KHTML, like Gecko) Chrome/116.0.0.0 Mobile Safari/537.36"
127.0.0.1 - - [07/Dec/2025:09:49:46 -0800] "GET / HTTP/1.0" 200 163 "-" "-"
156.59.198.135 - - [07/Dec/2025:09:49:47 -0800] "GET /wp-content/uploads/2013/06/Promo-Art1.jpg?w=144 HTTP/1.1" 404 236 "https://kevinjasperng.wordpress.com/2013/06/11/music-ketchup-coco-banana-ft-banky-w-pay-as-you-go/" "Mozilla/5.0 (Linux; Android 5.0) AppleWebKit/537.36 (KHTML, like Gecko) Mobile Safari/537.36 (compatible; Bytespider; spider-feedback@bytedance.com)"
20.89.192.194 - - [07/Dec/2025:09:49:46 -0800] "GET /wp-includes/ID3/ HTTP/1.1" 200 37308 "https://www.google.fr/" "Mozilla/5.0 (Linux; Android 12; 2201116SG) AppleWebKit/537.36 (KHTML, like Gecko) Chrome/116.0.0.0 Mobile Safari/537.36"
20.89.192.194 - - [07/Dec/2025:09:49:47 -0800] "GET /wp-includes/ID3/simi.php HTTP/1.1" 200 37316 "https://www.bing.com/" "Mozilla/5.0 (iPad; CPU OS 16_7_2 like Mac OS X) AppleWebKit/605.1.15 (KHTML, like Gecko) Version/16.6 Mobile/15E148 Safari/604.1"
20.89.192.194 - - [07/Dec/2025:09:49:48 -0800] "GET /wp-includes/IXR/ HTTP/1.1" 200 37308 "https://www.google.de/" "Mozilla/5.0 (iPhone; CPU iPhone OS 16_0 like Mac OS X) AppleWebKit/605.1.15 (KHTML, like Gecko) FxiOS/118.0 Mobile/15E148 Safari/605.1.15"
20.89.192.194 - - [07/Dec/2025:09:49:49 -0800] "GET /wp-includes/Requests/about.php HTTP/1.1" 200 37322 "https://www.bing.com/" "Mozilla/5.0 (Linux; Android 12; V2134) AppleWebKit/537.36 (KHTML, like Gecko) Chrome/116.0.0.0 Mobile Safari/537.36"
20.89.192.194 - - [07/Dec/2025:09:49:50 -0800] "GET /wp-includes/Text/xwx1.php HTTP/1.1" 200 37317 "https://www.google.de/" "Mozilla/5.g (Linux; Android 13; Pixel 7) AppleWebKit/537.36 (KHTML, like Gecko) Chrome/116.0.0.0 Mobile Safari/537.36"
20.89.192.194 - - [07/Dec/2025:09:49:51 -0800] "GET /wp-includes/assets/about.php HTTP/1.1" 200 37320 "https://duckduckgo.com/" "Mozilla/5.0 (Linux; Android 13; SM-G991U) AppleWebKit/537.36 (KHTML, like Gecko) Chrome/117.0.0.0 Mobile Safari/537.36"
20.89.192.194 - - [07/Dec/2025:09:49:51 -0800] "GET /wp-includes/assets/index.php HTTP/1.1" 200 37320 "https://www.google.co.uk/" "Mozilla/5.0 (Linux; Android 11; 21081111RG) AppleWebKit/537.36 (KHTML, like Gecko) Chrome/116.0.0.0 Mobile Safari/537.36"
87.250.224.129 - - [07/Dec/2025:09:49:52 -0800] "GET /events/photos-dbanj-banky-w-party-celebrate-endorsement-ciroc/ HTTP/1.1" 404 236 "-" "Mozilla/5.0 (compatible; YandexBot/3.0; +http://yandex.com/bots)"
20.89.192.194 - - [07/Dec/2025:09:49:52 -0800] "GET /wp-includes/block-patterns/ HTTP/1.1" 200 37319 "https://www.google.fr/" "Mozilla/5.0 (Linux; Android 13; SM-G991U) AppleWebKit/537.36 (KHTML, like Gecko) Chrome/117.0.0.0 Mobile Safari/537.36"
20.89.192.194 - - [07/Dec/2025:09:49:53 -0800] "GET /wp-includes/blocks/ HTTP/1.1" 200 37311 "https://www.google.co.uk/" "Mozilla/5.0 (Linux; Android 11; 21081111RG) AppleWebKit/537.36 (KHTML, like Gecko) Chrome/116.0.0.0 Mobile Safari/537.36"
20.89.192.194 - - [07/Dec/2025:09:49:54 -0800] "GET /wp-includes/blocks/calendar/index.php HTTP/1.1" 200 37329 "https://www.google.de/" "Mozilla/5.0 (Linux; Android 13; M2101K6G) AppleWebKit/537.36 (KHTML, like Gecko) Chrome/116.0.0.0 Mobile Safari/537.36"
20.89.192.194 - - [07/Dec/2025:09:49:55 -0800] "GET /wp-includes/certificates/ HTTP/1.1" 200 37317 "https://www.google.de/" "Mozilla/5.0 (iPhone; CPU iPhone OS 16_0 like Mac OS X) AppleWebKit/605.1.15 (KHTML, like Gecko) FxiOS/118.0 Mobile/15E148 Safari/605.1.15"
20.89.192.194 - - [07/Dec/2025:09:49:56 -0800] "GET /wp-includes/css/index.php HTTP/1.1" 200 37317 "https://www.google.de/" "Mozilla/5.0 (iPhone; CPU iPhone OS 16_6_1 like Mac OS X) AppleWebKit/605.1.15 (KHTML, like Gecko) Version/16.6 Mobile/15E148 Safari/604.1"
20.89.192.194 - - [07/Dec/2025:09:49:56 -0800] "GET /wp-includes/customize/index.php HTTP/1.1" 200 37323 "https://www.google.com/" "Mozilla/5.0 (Linux; Android 13; SM-S908E) AppleWebKit/537.36 (KHTML, like Gecko) Chrome/116.0.0.0 Mobile Safari/537.36"
20.89.192.194 - - [07/Dec/2025:09:49:57 -0800] "GET /wp-includes/fonts/admin.php HTTP/1.1" 200 37319 "https://www.google.com/" "Mozilla/5.0 (Linux; Android 11; 21081111RG) AppleWebKit/537.36 (KHTML, like Gecko) Chrome/116.0.0.0 Mobile Safari/537.36"
207.46.13.7 - - [07/Dec/2025:09:49:58 -0800] "GET /wp-content/uploads/2013/06/Torn1.jpg HTTP/1.1" 404 236 "-" "Mozilla/5.0 AppleWebKit/537.36 (KHTML, like Gecko; compatible; bingbot/2.0; +http://www.bing.com/bingbot.htm) Chrome/116.0.1938.76 Safari/537.36"
20.89.192.194 - - [07/Dec/2025:09:49:58 -0800] "GET /wp-includes/html-api/index.php HTTP/1.1" 200 37322 "https://www.google.co.uk/" "Mozilla/5.0 (Linux; Android 13; M2101K6G) AppleWebKit/537.36 (KHTML, like Gecko) Chrome/116.0.0.0 Mobile Safari/537.36"
20.89.192.194 - - [07/Dec/2025:09:49:59 -0800] "GET /wp-includes/images/media/ HTTP/1.1" 200 37317 "https://www.google.fr/" "Mozilla/5.0 (Linux; Android 11; 21081111RG) AppleWebKit/537.36 (KHTML, like Gecko) Chrome/116.0.0.0 Mobile Safari/537.36"
20.89.192.194 - - [07/Dec/2025:09:50:00 -0800] "GET /wp-includes/images/smilies/about.php HTTP/1.1" 200 37328 "https://duckduckgo.com/" "Mozilla/5.0 (Linux; Android 13; SM-G991U) AppleWebKit/537.36 (KHTML, like Gecko) Chrome/117.0.0.0 Mobile Safari/537.36"
127.0.0.1 - - [07/Dec/2025:09:50:01 -0800] "GET /whm-server-status HTTP/1.0" 200 1150815 "-" "-"
20.89.192.194 - - [07/Dec/2025:09:50:00 -0800] "GET /wp-includes/js/index.php HTTP/1.1" 200 37316 "https://www.google.fr/" "Mozilla/5.0 (iPhone; CPU iPhone OS 15_7_9 like Mac OS X) AppleWebKit/605.1.15 (KHTML, like Gecko) Version/15.6.5 Mobile/15E148 Safari/604.1"
20.89.192.194 - - [07/Dec/2025:09:50:01 -0800] "GET /wp-includes/rest-api/ HTTP/1.1" 200 37313 "https://www.google.fr/" "Mozilla/5.0 (iPhone; CPU iPhone OS 17_1_1 like Mac OS X) AppleWebKit/605.1.15 (KHTML, like Gecko) Version/17.1 Mobile/15E148 Safari/604.1"
20.89.192.194 - - [07/Dec/2025:09:50:02 -0800] "GET /wp-includes/rest-api/fields/ HTTP/1.1" 200 37320 "https://www.yahoo.com/" "Mozilla/5.0 (Linux; Android 12; 2201116SG) AppleWebKit/537.36 (KHTML, like Gecko) Chrome/116.0.0.0 Mobile Safari/537.36"
20.89.192.194 - - [07/Dec/2025:09:50:03 -0800] "GET /wp-includes/rest-api/search/index.php HTTP/1.1" 200 37329 "https://www.google.com/" "Mozilla/5.0 (iPad; CPU OS 17_0_3 like Mac OS X) AppleWebKit/605.1.15 (KHTML, like Gecko) Version/17.0.1 Mobile/15E148 Safari/604.1"
20.89.192.194 - - [07/Dec/2025:09:50:04 -0800] "GET /wp-includes/sitemaps/ HTTP/1.1" 200 37313 "https://www.yahoo.com/" "Mozilla/5.0 (Linux; Android 12; SM-A525F) AppleWebKit/537.36 (KHTML, like Gecko) Chrome/117.0.0.0 Mobile Safari/537.36"
20.89.192.194 - - [07/Dec/2025:09:50:04 -0800] "GET /wp-includes/sitemaps/wp-conflg.php HTTP/1.1" 200 37326 "https://www.google.fr/" "Mozilla/5.0 (iPhone; CPU iPhone OS 17_1_1 like Mac OS X) AppleWebKit/605.1.15 (KHTML, like Gecko) Version/17.1 Mobile/15E148 Safari/604.1"
20.89.192.194 - - [07/Dec/2025:09:50:05 -0800] "GET /wp-themes.php HTTP/1.1" 200 37305 "https://www.google.de/" "Mozilla/5.0 (Linux; Android 13; SM-G991U) AppleWebKit/537.36 (KHTML, like Gecko) Chrome/117.0.0.0 Mobile Safari/537.36"
54.236.1.11 - - [07/Dec/2025:09:50:06 -0800] "GET /2016/12/19/video-olamide-glory-intro/?utm_content=buffer635e4&utm_medium=social&utm_source=plus.google.com&utm_campaign=buffer HTTP/1.1" 404 236 "-" "Mozilla/5.0 (compatible; Pinterestbot/1.0; +http://www.pinterest.com/bot.html)"
220.181.108.167 - - [07/Dec/2025:09:50:06 -0800] "GET /2012/11/25/music-lett-fading/ HTTP/1.1" 404 236 "-" "Mozilla/5.0 (compatible; Baiduspider/2.0; +http://www.baidu.com/search/spider.html)"
20.89.192.194 - - [07/Dec/2025:09:50:06 -0800] "GET /.well-known/acme-challenge/file.php HTTP/1.1" 503 282 "https://www.google.de/" "Mozilla/5.0 (iPhone; CPU iPhone OS 15_7_9 like Mac OS X) AppleWebKit/605.1.15 (KHTML, like Gecko) Version/15.6.5 Mobile/15E148 Safari/604.1"
20.89.192.194 - - [07/Dec/2025:09:50:06 -0800] "GET /.well-known/acme-challenge/wp-login.php HTTP/1.1" 503 282 "https://www.google.co.uk/" "Mozilla/5.0 (Linux; Android 13; SM-G991U) AppleWebKit/537.36 (KHTML, like Gecko) Chrome/117.0.0.0 Mobile Safari/537.36"
20.89.192.194 - - [07/Dec/2025:09:50:07 -0800] "GET /.well-known/pki-validation/index.php HTTP/1.1" 404 27 "https://www.yahoo.com/" "Mozilla/5.0 (iPhone; CPU iPhone OS 16_0 like Mac OS X) AppleWebKit/605.1.15 (KHTML, like Gecko) FxiOS/118.0 Mobile/15E148 Safari/605.1.15"
20.89.192.194 - - [07/Dec/2025:09:50:06 -0800] "GET /x.php HTTP/1.1" 200 37297 "https://www.google.fr/" "Mozilla/5.0 (Linux; Android 10; K) AppleWebKit/537.36 (KHTML, like Gecko) Chrome/117.0.0.0 Mobile Safari/537.36"
20.89.192.194 - - [07/Dec/2025:09:50:07 -0800] "GET /1.php HTTP/1.1" 503 282 "https://www.google.com/" "Mozilla/5.0 (Linux; Android 13; M2101K6G) AppleWebKit/537.36 (KHTML, like Gecko) Chrome/116.0.0.0 Mobile Safari/537.36"
20.89.192.194 - - [07/Dec/2025:09:50:07 -0800] "GET /aa.php HTTP/1.1" 503 282 "https://www.google.de/" "Mozilla/5.0 (Linux; Android 13; M2101K6G) AppleWebKit/537.36 (KHTML, like Gecko) Chrome/116.0.0.0 Mobile Safari/537.36"
20.89.192.194 - - [07/Dec/2025:09:50:07 -0800] "GET /abcd.php HTTP/1.1" 503 282 "https://www.bing.com/" "Mozilla/5.0 (iPhone; CPU iPhone OS 15_7_9 like Mac OS X) AppleWebKit/605.1.15 (KHTML, like Gecko) Version/15.6.5 Mobile/15E148 Safari/604.1"
20.89.192.194 - - [07/Dec/2025:09:50:07 -0800] "GET /yas.php HTTP/1.1" 200 37299 "https://www.google.fr/" "Mozilla/5.0 (Linux; Android 10; LM-Q720) AppleWebKit/537.36 (KHTML, like Gecko) Chrome/116.0.0.0 Mobile Safari/537.36"
20.89.192.194 - - [07/Dec/2025:09:50:07 -0800] "GET /about.php HTTP/1.1" 503 282 "https://www.google.fr/" "Mozilla/5.g (Linux; Android 13; Pixel 7) AppleWebKit/537.36 (KHTML, like Gecko) Chrome/116.0.0.0 Mobile Safari/537.36"
20.89.192.194 - - [07/Dec/2025:09:50:08 -0800] "GET /.well-known/index.php HTTP/1.1" 503 282 "https://www.google.fr/" "Mozilla/5.0 (Linux; Android 13; M2101K6G) AppleWebKit/537.36 (KHTML, like Gecko) Chrome/116.0.0.0 Mobile Safari/537.36"
20.89.192.194 - - [07/Dec/2025:09:50:08 -0800] "GET /admin.php HTTP/1.1" 503 282 "https://www.yahoo.com/" "Mozilla/5.0 (Linux; Android 10; K) AppleWebKit/537.36 (KHTML, like Gecko) Chrome/117.0.0.0 Mobile Safari/537.36"
20.89.192.194 - - [07/Dec/2025:09:50:08 -0800] "GET /adminfuns.php HTTP/1.1" 503 282 "https://www.google.com/" "Mozilla/5.0 (Linux; Android 13; SM-S908E) AppleWebKit/537.36 (KHTML, like Gecko) Chrome/116.0.0.0 Mobile Safari/537.36"
20.89.192.194 - - [07/Dec/2025:09:50:08 -0800] "GET /alfa.php HTTP/1.1" 503 282 "https://www.google.co.uk/" "Mozilla/5.0 (Linux; Android 12; SM-A525F) AppleWebKit/537.36 (KHTML, like Gecko) Chrome/117.0.0.0 Mobile Safari/537.36"
20.89.192.194 - - [07/Dec/2025:09:50:09 -0800] "GET /api.php HTTP/1.1" 503 282 "https://www.google.de/" "Mozilla/5.0 (iPhone; CPU iPhone OS 17_0_3 like Mac OS X) AppleWebKit/605.1.15 (KHTML, like Gecko) Version/17.0.1 Mobile/15E148 Safari/604.1"
20.89.192.194 - - [07/Dec/2025:09:50:09 -0800] "GET /autoload_classmap/function.php HTTP/1.1" 503 282 "https://www.google.co.uk/" "Mozilla/5.0 (Linux; Android 14; Pixel 8 Pro) AppleWebKit/537.36 (KHTML, like Gecko) Chrome/119.0.0.0 Mobile Safari/537.36"
20.89.192.194 - - [07/Dec/2025:09:50:09 -0800] "GET /bless.php HTTP/1.1" 503 282 "https://www.google.co.uk/" "Mozilla/5.g (Linux; Android 13; Pixel 7) AppleWebKit/537.36 (KHTML, like Gecko) Chrome/116.0.0.0 Mobile Safari/537.36"
20.89.192.194 - - [07/Dec/2025:09:50:09 -0800] "GET /cgi-bin/index.php HTTP/1.1" 503 282 "https://www.google.co.uk/" "Mozilla/5.0 (Linux; Android 12; SM-A525F) AppleWebKit/537.36 (KHTML, like Gecko) Chrome/117.0.0.0 Mobile Safari/537.36"
20.89.192.194 - - [07/Dec/2025:09:50:09 -0800] "GET /classwithtostring.php HTTP/1.1" 503 282 "https://www.google.de/" "Mozilla/5.0 (iPad; CPU OS 16_7_2 like Mac OS X) AppleWebKit/605.1.15 (KHTML, like Gecko) Version/16.6 Mobile/15E148 Safari/604.1"
20.89.192.194 - - [07/Dec/2025:09:50:10 -0800] "GET /edit.php HTTP/1.1" 503 282 "https://www.google.co.uk/" "Mozilla/5.0 (iPhone; CPU iPhone OS 16_0 like Mac OS X) AppleWebKit/605.1.15 (KHTML, like Gecko) FxiOS/118.0 Mobile/15E148 Safari/605.1.15"
20.89.192.194 - - [07/Dec/2025:09:50:10 -0800] "GET /file.php HTTP/1.1" 503 282 "https://www.google.fr/" "Mozilla/5.0 (Linux; Android 12; SM-A525F) AppleWebKit/537.36 (KHTML, like Gecko) Chrome/117.0.0.0 Mobile Safari/537.36"
20.89.192.194 - - [07/Dec/2025:09:50:10 -0800] "GET /goods.php HTTP/1.1" 503 282 "https://www.google.fr/" "Mozilla/5.0 (iPhone; CPU iPhone OS 16_6_1 like Mac OS X) AppleWebKit/605.1.15 (KHTML, like Gecko) Version/16.6 Mobile/15E148 Safari/604.1"
20.89.192.194 - - [07/Dec/2025:09:50:10 -0800] "GET /info.php HTTP/1.1" 503 282 "https://www.google.fr/" "Mozilla/5.0 (iPhone; CPU iPhone OS 17_1_1 like Mac OS X) AppleWebKit/605.1.15 (KHTML, like Gecko) Version/17.1 Mobile/15E148 Safari/604.1"
20.89.192.194 - - [07/Dec/2025:09:50:11 -0800] "GET /ioxi-o.php HTTP/1.1" 503 282 "https://www.google.com/" "Mozilla/5.0 (iPhone; CPU iPhone OS 16_6_1 like Mac OS X) AppleWebKit/605.1.15 (KHTML, like Gecko) Version/16.6 Mobile/15E148 Safari/604.1"
20.89.192.194 - - [07/Dec/2025:09:50:11 -0800] "GET /manager.php HTTP/1.1" 503 282 "https://www.google.com/" "Mozilla/5.0 (iPhone; CPU iPhone OS 15_7_9 like Mac OS X) AppleWebKit/605.1.15 (KHTML, like Gecko) Version/15.6.5 Mobile/15E148 Safari/604.1"
20.89.192.194 - - [07/Dec/2025:09:50:11 -0800] "GET /mini HTTP/1.1" 503 282 "https://www.google.de/" "Mozilla/5.0 (Linux; Android 11; 21081111RG) AppleWebKit/537.36 (KHTML, like Gecko) Chrome/116.0.0.0 Mobile Safari/537.36"
20.89.192.194 - - [07/Dec/2025:09:50:11 -0800] "GET /wp-user.php HTTP/1.1" 503 282 "https://www.google.co.uk/" "Mozilla/5.0 (Linux; Android 13; SM-G991U) AppleWebKit/537.36 (KHTML, like Gecko) Chrome/117.0.0.0 Mobile Safari/537.36"
20.89.192.194 - - [07/Dec/2025:09:50:11 -0800] "GET /wp.php HTTP/1.1" 503 282 "https://www.bing.com/" "Mozilla/5.0 (Linux; Android 11; 21081111RG) AppleWebKit/537.36 (KHTML, like Gecko) Chrome/116.0.0.0 Mobile Safari/537.36"
216.244.66.235 - - [07/Dec/2025:09:50:12 -0800] "GET /robots.txt HTTP/1.1" 200 26 "-" "Mozilla/5.0 (compatible; DotBot/1.2; +https://opensiteexplorer.org/dotbot; help@moz.com)"
20.89.192.194 - - [07/Dec/2025:09:50:12 -0800] "GET /xmrlpc.php HTTP/1.1" 503 282 "https://duckduckgo.com/" "Mozilla/5.0 (iPad; CPU OS 17_0_3 like Mac OS X) AppleWebKit/605.1.15 (KHTML, like Gecko) Version/17.0.1 Mobile/15E148 Safari/604.1"
20.89.192.194 - - [07/Dec/2025:09:50:12 -0800] "GET /ahax.php HTTP/1.1" 503 282 "https://www.google.de/" "Mozilla/5.0 (iPhone; CPU iPhone OS 15_7_9 like Mac OS X) AppleWebKit/605.1.15 (KHTML, like Gecko) Version/15.6.5 Mobile/15E148 Safari/604.1"
20.89.192.194 - - [07/Dec/2025:09:50:12 -0800] "GET /akcc.php HTTP/1.1" 503 282 "https://www.bing.com/" "Mozilla/5.0 (iPhone; CPU iPhone OS 16_6_1 like Mac OS X) AppleWebKit/605.1.15 (KHTML, like Gecko) Version/16.6 Mobile/15E148 Safari/604.1"
20.89.192.194 - - [07/Dec/2025:09:50:12 -0800] "GET /assets/ HTTP/1.1" 503 282 "https://www.bing.com/" "Mozilla/5.0 (iPhone; CPU iPhone OS 17_1_1 like Mac OS X) AppleWebKit/605.1.15 (KHTML, like Gecko) Version/17.1 Mobile/15E148 Safari/604.1"
20.89.192.194 - - [07/Dec/2025:09:50:13 -0800] "GET /assets/images/ HTTP/1.1" 503 282 "https://www.yahoo.com/" "Mozilla/5.g (Linux; Android 13; Pixel 7) AppleWebKit/537.36 (KHTML, like Gecko) Chrome/116.0.0.0 Mobile Safari/537.36"
20.89.192.194 - - [07/Dec/2025:09:50:13 -0800] "GET /av.php HTTP/1.1" 503 282 "https://www.google.co.uk/" "Mozilla/5.0 (Linux; Android 13; SM-S908E) AppleWebKit/537.36 (KHTML, like Gecko) Chrome/116.0.0.0 Mobile Safari/537.36"
20.89.192.194 - - [07/Dec/2025:09:50:13 -0800] "GET /buy.php HTTP/1.1" 503 282 "https://www.google.co.uk/" "Mozilla/5.0 (Linux; Android 12; SM-A525F) AppleWebKit/537.36 (KHTML, like Gecko) Chrome/117.0.0.0 Mobile Safari/537.36"
20.89.192.194 - - [07/Dec/2025:09:50:13 -0800] "GET /cgi-bin/ HTTP/1.1" 503 282 "https://www.google.fr/" "Mozilla/5.0 (Linux; Android 10; K) AppleWebKit/537.36 (KHTML, like Gecko) Chrome/117.0.0.0 Mobile Safari/537.36"
20.89.192.194 - - [07/Dec/2025:09:50:13 -0800] "GET /chosen.php HTTP/1.1" 503 282 "https://www.google.com/" "Mozilla/5.0 (Linux; Android 13; SM-S908E) AppleWebKit/537.36 (KHTML, like Gecko) Chrome/116.0.0.0 Mobile Safari/537.36"
20.89.192.194 - - [07/Dec/2025:09:50:14 -0800] "GET /css/index.php HTTP/1.1" 503 282 "https://www.yahoo.com/" "Mozilla/5.0 (iPhone; CPU iPhone OS 17_0_3 like Mac OS X) AppleWebKit/605.1.15 (KHTML, like Gecko) Version/17.0.1 Mobile/15E148 Safari/604.1"
20.89.192.194 - - [07/Dec/2025:09:50:14 -0800] "GET /elp.php HTTP/1.1" 503 282 "https://www.google.de/" "Mozilla/5.g (Linux; Android 13; Pixel 7) AppleWebKit/537.36 (KHTML, like Gecko) Chrome/116.0.0.0 Mobile Safari/537.36"
20.89.192.194 - - [07/Dec/2025:09:50:14 -0800] "GET /images/ HTTP/1.1" 503 282 "https://www.google.co.uk/" "Mozilla/5.0 (Linux; Android 12; 2201116SG) AppleWebKit/537.36 (KHTML, like Gecko) Chrome/116.0.0.0 Mobile Safari/537.36"
20.89.192.194 - - [07/Dec/2025:09:50:14 -0800] "GET /index/function.php HTTP/1.1" 503 282 "https://www.google.com/" "Mozilla/5.0 (Linux; Android 13; SM-S908E) AppleWebKit/537.36 (KHTML, like Gecko) Chrome/116.0.0.0 Mobile Safari/537.36"
20.89.192.194 - - [07/Dec/2025:09:50:15 -0800] "GET /inputs.php HTTP/1.1" 503 282 "https://www.google.de/" "Mozilla/5.0 (Linux; Android 12; 2201116SG) AppleWebKit/537.36 (KHTML, like Gecko) Chrome/116.0.0.0 Mobile Safari/537.36"
20.89.192.194 - - [07/Dec/2025:09:50:15 -0800] "GET /mah.php HTTP/1.1" 503 282 "https://www.google.de/" "Mozilla/5.0 (iPhone; CPU iPhone OS 15_7_9 like Mac OS X) AppleWebKit/605.1.15 (KHTML, like Gecko) Version/15.6.5 Mobile/15E148 Safari/604.1"
20.89.192.194 - - [07/Dec/2025:09:50:15 -0800] "GET /mah/function.php HTTP/1.1" 503 282 "https://www.google.com/" "Mozilla/5.0 (Linux; Android 13; SM-S908E) AppleWebKit/537.36 (KHTML, like Gecko) Chrome/116.0.0.0 Mobile Safari/537.36"
20.89.192.194 - - [07/Dec/2025:09:50:15 -0800] "GET /mini.php HTTP/1.1" 503 282 "https://www.google.com/" "Mozilla/5.0 (iPhone; CPU iPhone OS 17_1 like Mac OS X) AppleWebKit/605.1.15 (KHTML, like Gecko) CriOS/119.0.6045.109 Mobile/15E148 Safari/604.1"
20.89.192.194 - - [07/Dec/2025:09:50:15 -0800] "GET /modules/mod_simplefileuploadv1.3/elements/ HTTP/1.1" 503 282 "https://duckduckgo.com/" "Mozilla/5.0 (Linux; Android 13; M2101K6G) AppleWebKit/537.36 (KHTML, like Gecko) Chrome/116.0.0.0 Mobile Safari/537.36"
20.89.192.194 - - [07/Dec/2025:09:50:16 -0800] "GET /new.php HTTP/1.1" 503 282 "https://www.google.de/" "Mozilla/5.0 (iPhone; CPU iPhone OS 15_7_9 like Mac OS X) AppleWebKit/605.1.15 (KHTML, like Gecko) Version/15.6.5 Mobile/15E148 Safari/604.1"
45.170.230.122 - - [07/Dec/2025:09:50:16 -0800] "GET http://jaguda.com/2014/05/07/b-t-s-pictures-niyola-ft-banky-w-love-love/ HTTP/1.1" 406 300 "-" "Mozilla/5.0 (Macintosh; Intel Mac OS X 10_15_7) AppleWebKit/537.36 (KHTML, like Gecko) Chrome/132.0.0.0 Safari/537.36"
20.89.192.194 - - [07/Dec/2025:09:50:16 -0800] "GET /options-reading.php HTTP/1.1" 503 282 "https://www.yahoo.com/" "Mozilla/5.0 (Linux; Android 13; M2101K6G) AppleWebKit/537.36 (KHTML, like Gecko) Chrome/116.0.0.0 Mobile Safari/537.36"
20.89.192.194 - - [07/Dec/2025:09:50:16 -0800] "GET /simple.php HTTP/1.1" 503 282 "https://duckduckgo.com/" "Mozilla/5.0 (Linux; Android 12; V2134) AppleWebKit/537.36 (KHTML, like Gecko) Chrome/116.0.0.0 Mobile Safari/537.36"
20.89.192.194 - - [07/Dec/2025:09:50:16 -0800] "GET /uploads/ HTTP/1.1" 503 282 "https://www.bing.com/" "Mozilla/5.0 (iPhone; CPU iPhone OS 17_1 like Mac OS X) AppleWebKit/605.1.15 (KHTML, like Gecko) CriOS/119.0.6045.109 Mobile/15E148 Safari/604.1"
20.89.192.194 - - [07/Dec/2025:09:50:16 -0800] "GET /modules/mod_simplefileuploadv1.3/elements/index.php HTTP/1.1" 503 282 "https://www.google.co.uk/" "Mozilla/5.0 (Linux; Android 10; LM-Q720) AppleWebKit/537.36 (KHTML, like Gecko) Chrome/116.0.0.0 Mobile Safari/537.36"
20.89.192.194 - - [07/Dec/2025:09:50:17 -0800] "GET /new.php HTTP/1.1" 503 282 "https://duckduckgo.com/" "Mozilla/5.0 (iPhone; CPU iPhone OS 17_0_3 like Mac OS X) AppleWebKit/605.1.15 (KHTML, like Gecko) Version/17.0.1 Mobile/15E148 Safari/604.1"
20.89.192.194 - - [07/Dec/2025:09:50:17 -0800] "GET /public/files/index.php HTTP/1.1" 503 282 "https://www.google.fr/" "Mozilla/5.0 (Linux; Android 12; 2201116SG) AppleWebKit/537.36 (KHTML, like Gecko) Chrome/116.0.0.0 Mobile Safari/537.36"
20.89.192.194 - - [07/Dec/2025:09:50:17 -0800] "GET /public/wp-content/index.php HTTP/1.1" 503 282 "https://www.google.de/" "Mozilla/5.0 (iPhone; CPU iPhone OS 16_0 like Mac OS X) AppleWebKit/605.1.15 (KHTML, like Gecko) FxiOS/118.0 Mobile/15E148 Safari/605.1.15"
20.89.192.194 - - [07/Dec/2025:09:50:17 -0800] "GET /radio.php HTTP/1.1" 503 282 "https://www.yahoo.com/" "Mozilla/5.0 (Linux; Android 13; M2101K6G) AppleWebKit/537.36 (KHTML, like Gecko) Chrome/116.0.0.0 Mobile Safari/537.36"
20.89.192.194 - - [07/Dec/2025:09:50:18 -0800] "GET /wp-admin/classwithtostring.php HTTP/1.1" 503 282 "https://www.google.com/" "Mozilla/5.0 (Linux; Android 11; 21081111RG) AppleWebKit/537.36 (KHTML, like Gecko) Chrome/116.0.0.0 Mobile Safari/537.36"
20.89.192.194 - - [07/Dec/2025:09:50:18 -0800] "GET /wp-admin/includes/colour.php HTTP/1.1" 503 282 "https://www.yahoo.com/" "Mozilla/5.0 (iPhone; CPU iPhone OS 15_7_9 like Mac OS X) AppleWebKit/605.1.15 (KHTML, like Gecko) Version/15.6.5 Mobile/15E148 Safari/604.1"
20.89.192.194 - - [07/Dec/2025:09:50:18 -0800] "GET /wp-admin/index.php HTTP/1.1" 503 282 "https://www.google.fr/" "Mozilla/5.0 (Linux; Android 10; K) AppleWebKit/537.36 (KHTML, like Gecko) Chrome/117.0.0.0 Mobile Safari/537.36"
20.89.192.194 - - [07/Dec/2025:09:50:18 -0800] "GET /wp-admin/js/index.php HTTP/1.1" 503 282 "https://www.google.com/" "Mozilla/5.0 (Linux; Android 12; 2201116SG) AppleWebKit/537.36 (KHTML, like Gecko) Chrome/116.0.0.0 Mobile Safari/537.36"
20.89.192.194 - - [07/Dec/2025:09:50:18 -0800] "GET /wp-admin/js/widgets/ HTTP/1.1" 503 282 "https://www.google.de/" "Mozilla/5.0 (iPhone; CPU iPhone OS 16_6_1 like Mac OS X) AppleWebKit/605.1.15 (KHTML, like Gecko) Version/16.6 Mobile/15E148 Safari/604.1"
20.89.192.194 - - [07/Dec/2025:09:50:19 -0800] "GET /wp-admin/wp-admins.php HTTP/1.1" 503 282 "https://www.google.fr/" "Mozilla/5.0 (iPhone; CPU iPhone OS 17_1_1 like Mac OS X) AppleWebKit/605.1.15 (KHTML, like Gecko) Version/17.1 Mobile/15E148 Safari/604.1"
::1 - - [07/Dec/2025:09:50:26 -0800] "GET /whm-server-status HTTP/1.0" 200 1150190 "-" "Lynx/2.8.8dev.15 libwww-FM/2.14 SSL-MM/1.4.1 OpenSSL/1.0.1e-fips"
131.107.20.47 - - [07/Dec/2025:09:50:41 -0800] "GET /wp-content/uploads/2014/08/Burnaboy-JimmyJatt-Soundsultan-300x299.png HTTP/1.1" 404 236 "-" "Mozilla/5.0 (X11; Ubuntu; Linux x86_64; rv:72.0) Gecko/20100101 Firefox/72.0"
220.181.108.169 - - [07/Dec/2025:09:50:46 -0800] "GET /music-news/i-still-have-a-cordial-relationship-with-mi-koker/ HTTP/1.1" 404 236 "-" "Mozilla/5.0 (compatible; Baiduspider/2.0; +http://www.baidu.com/search/spider.html)"
110.226.170.245 - - [07/Dec/2025:09:50:59 -0800] "GET http://jaguda.com/music-mp3/afro-pop/jhybo-concentrate-life/ HTTP/1.1" 406 300 "-" "Mozilla/5.0 (Windows NT 5.1; rv:5.0) Gecko/20100101 Firefox/5.0"
213.186.1.154 - - [07/Dec/2025:09:50:59 -0800] "GET /category/love-relationships HTTP/1.1" 404 236 "-" "Mediatoolkitbot (complaints@mediatoolkit.com)"
87.250.224.210 - - [07/Dec/2025:09:50:59 -0800] "GET /2014/07/15/mobs-take-wazup-guy-falz-album-review/ HTTP/1.1" 404 236 "-" "Mozilla/5.0 (compatible; YandexBot/3.0; +http://yandex.com/bots)"
95.108.213.210 - - [07/Dec/2025:09:51:01 -0800] "GET /2012/08/12/video-nigerian-olympic-basketball-player-al-farouq-aminu-on-tmz-hear-what-he-has-to-say-about-where-hes-from/ HTTP/1.1" 404 236 "-" "Mozilla/5.0 (compatible; YandexBot/3.0; +http://yandex.com/bots)"
213.180.203.110 - - [07/Dec/2025:09:51:01 -0800] "GET /music-mp3/naija-all-stars-christmas-in-lagos-video/ HTTP/1.1" 404 236 "-" "Mozilla/5.0 (compatible; YandexBot/3.0; +http://yandex.com/bots)"
213.180.203.238 - - [07/Dec/2025:09:51:02 -0800] "GET /2013/11/18/photos-see-flavour-kcee-chidinma-sound-sultan-sweet-like-shuga-video-shoot/ HTTP/1.1" 404 236 "-" "Mozilla/5.0 (compatible; YandexBot/3.0; +http://yandex.com/bots)"
220.181.108.94 - - [07/Dec/2025:09:51:06 -0800] "GET /video/new-ideo-george-nathaniel-ticket-2-love-ft-j-martins-phyno/ HTTP/1.1" 404 236 "-" "Mozilla/5.0 (compatible; Baiduspider/2.0; +http://www.baidu.com/search/spider.html)"
18.234.150.245 - - [07/Dec/2025:09:51:06 -0800] "GET /wp-content/uploads/2017/10/The-Gratitude-COZA-RabaBaba-Eh.jpeg HTTP/1.1" 404 236 "-" "Camo Asset Proxy 2.3.0"
185.150.190.249 - - [07/Dec/2025:09:51:07 -0800] "GET /wp-content/uploads/2014/05/Kamar-Salo.jpg HTTP/1.1" 404 236 "-" "Mozilla/5.0 (Windows NT 10.0; Win64; x64) AppleWebKit/537.36"
185.150.190.249 - - [07/Dec/2025:09:51:07 -0800] "GET /wp-content/uploads/2014/05/Kamar-Salo.jpg HTTP/1.1" 404 236 "-" "Mozilla/5.0 (Windows NT 10.0; Win64; x64) AppleWebKit/537.36"
185.150.190.249 - - [07/Dec/2025:09:51:08 -0800] "GET /wp-content/uploads/2014/05/Kamar-Salo.jpg HTTP/1.1" 404 236 "-" "Mozilla/5.0 (Windows NT 10.0; Win64; x64) AppleWebKit/537.36"
59.37.132.92 - - [07/Dec/2025:09:51:10 -0800] "GET /wp-content/uploads/2017/03/mummy-Ycee.jpg HTTP/1.1" 404 236 "-" "python-requests/2.28.1"
59.37.132.92 - - [07/Dec/2025:09:51:13 -0800] "GET /wp-content/uploads/2017/03/mummy-Ycee.jpg HTTP/1.1" 404 236 "-" "python-requests/2.28.1"
59.37.132.92 - - [07/Dec/2025:09:51:15 -0800] "GET /wp-content/uploads/2017/03/mummy-Ycee.jpg HTTP/1.1" 404 236 "-" "python-requests/2.28.1"
95.108.213.210 - - [07/Dec/2025:09:51:18 -0800] "GET /music-news/davido-tiwa-savage-sarkodie-nominated-2014-bet-awards/ HTTP/1.1" 404 236 "-" "Mozilla/5.0 (compatible; YandexBot/3.0; +http://yandex.com/bots)"
131.107.18.156 - - [07/Dec/2025:09:51:22 -0800] "GET /wp-content/uploads/2010/12/DSC_7249-150x150.jpg HTTP/1.1" 404 236 "-" "Mozilla/5.0 (X11; Ubuntu; Linux x86_64; rv:72.0) Gecko/20100101 Firefox/72.0"
220.181.108.158 - - [07/Dec/2025:09:51:25 -0800] "GET /video/video-factsonly-with-osagie-alonge-is-wande-coals-music-career-over/ HTTP/1.1" 404 236 "-" "Mozilla/5.0 (compatible; Baiduspider/2.0; +http://www.baidu.com/search/spider.html)"
62.234.168.65 - - [07/Dec/2025:09:51:26 -0800] "GET /wp-content/uploads/2018/04/Bishop-Shiver-Ft.-Small-Doctor-534x462.jpg HTTP/1.1" 404 236 "-" "Mozilla/5.0 (X11; Ubuntu; Linux x86_64; rv:72.0) Gecko/20100101 Firefox/72.0"
185.247.137.39 - - [07/Dec/2025:09:51:32 -0800] "GET / HTTP/1.1" 200 163 "-" "Mozilla/5.0 (compatible; InternetMeasurement/1.0; +https://internet-measurement.com/)"
::1 - - [07/Dec/2025:09:51:35 -0800] "GET /whm-server-status HTTP/1.0" 200 1150486 "-" "Lynx/2.8.8dev.15 libwww-FM/2.14 SSL-MM/1.4.1 OpenSSL/1.0.1e-fips"
139.177.178.182 - - [07/Dec/2025:09:51:38 -0800] "GET /wp-content/uploads/2015/03/wpid-01.jpg HTTP/1.1" 404 236 "-" "XenForo/2.x (https://forums.superherohype.com)"
131.107.20.47 - - [07/Dec/2025:09:51:39 -0800] "GET /wp-content/uploads/2015/09/korede-bello-Godwin7-324x235.png HTTP/1.1" 404 236 "-" "Mozilla/5.0 (X11; Ubuntu; Linux x86_64; rv:72.0) Gecko/20100101 Firefox/72.0"
116.179.32.115 - - [07/Dec/2025:09:51:45 -0800] "GET /2015/05/01/where-did-uberfacts-get-this-stat-about-power-in-nigeria/ HTTP/1.1" 404 236 "-" "Mozilla/5.0 (compatible; Baiduspider/2.0; +http://www.baidu.com/search/spider.html)"
131.107.20.47 - - [07/Dec/2025:09:52:04 -0800] "GET /wp-content/uploads/2013/08/omotola-on-stella-mag-uk-150x150.jpg HTTP/1.1" 404 236 "-" "Mozilla/5.0 (X11; Ubuntu; Linux x86_64; rv:72.0) Gecko/20100101 Firefox/72.0"
116.179.32.207 - - [07/Dec/2025:09:52:06 -0800] "GET /video/video-pardon-c-oluwa-chain-dem/ HTTP/1.1" 404 236 "-" "Mozilla/5.0 (compatible; Baiduspider/2.0; +http://www.baidu.com/search/spider.html)"
213.186.1.154 - - [07/Dec/2025:09:52:10 -0800] "GET /author/admin HTTP/1.1" 404 236 "-" "Mediatoolkitbot (complaints@mediatoolkit.com)"
115.190.90.113 - - [07/Dec/2025:09:52:24 -0800] "GET /wp-content/uploads/2012/04/LIE-Saeon-ft.-Flowssick-150x150.jpg HTTP/1.1" 404 236 "-" "Mozilla/5.0 (X11; Ubuntu; Linux x86_64; rv:72.0) Gecko/20100101 Firefox/72.0 (compatible; mozilla/5.0 (x11; linux x86_64) applewebkit/537.36 (khtml, like gecko) chrome/120.0.0.0 safari/537.36; +https://github.com/rom1504/img2dataset)"
115.190.90.113 - - [07/Dec/2025:09:52:24 -0800] "GET /wp-content/uploads/2012/04/LIE-Saeon-ft.-Flowssick-150x150.jpg HTTP/1.1" 404 236 "-" "Mozilla/5.0 (X11; Ubuntu; Linux x86_64; rv:72.0) Gecko/20100101 Firefox/72.0 (compatible; mozilla/5.0 (x11; linux x86_64) applewebkit/537.36 (khtml, like gecko) chrome/120.0.0.0 safari/537.36; +https://github.com/rom1504/img2dataset)"
115.190.90.113 - - [07/Dec/2025:09:52:25 -0800] "GET /wp-content/uploads/2012/04/LIE-Saeon-ft.-Flowssick-150x150.jpg HTTP/1.1" 404 236 "-" "Mozilla/5.0 (X11; Ubuntu; Linux x86_64; rv:72.0) Gecko/20100101 Firefox/72.0 (compatible; mozilla/5.0 (x11; linux x86_64) applewebkit/537.36 (khtml, like gecko) chrome/120.0.0.0 safari/537.36; +https://github.com/rom1504/img2dataset)"
220.181.108.158 - - [07/Dec/2025:09:52:26 -0800] "GET /2014/11/11/video-premiere-de-ages-ijo-wa-ft-sound-sultan-dir-adasa-cookey/ HTTP/1.1" 404 236 "-" "Mozilla/5.0 (compatible; Baiduspider/2.0; +http://www.baidu.com/search/spider.html)"
140.179.116.81 - - [07/Dec/2025:09:52:38 -0800] "GET /wp-content/uploads/2018/04/davido-4-265x198.jpg HTTP/1.1" 404 236 "-" "Mozilla/5.0 (compatible; crawler)"
::1 - - [07/Dec/2025:09:52:45 -0800] "GET /whm-server-status HTTP/1.0" 200 1150698 "-" "Lynx/2.8.8dev.15 libwww-FM/2.14 SSL-MM/1.4.1 OpenSSL/1.0.1e-fips"
216.244.66.235 - - [07/Dec/2025:09:52:45 -0800] "GET /music-news/kanye-west-rejects-100m-to-release-next-album-on-apple-music-see-why/ HTTP/1.1" 404 236 "-" "Mozilla/5.0 (compatible; DotBot/1.2; +https://opensiteexplorer.org/dotbot; help@moz.com)"
116.179.32.99 - - [07/Dec/2025:09:52:46 -0800] "GET /video/video-ric-hassani-beautiful-to-me/ HTTP/1.1" 404 236 "-" "Mozilla/5.0 (compatible; Baiduspider/2.0; +http://www.baidu.com/search/spider.html)"
216.244.66.235 - - [07/Dec/2025:09:52:49 -0800] "GET /music-news/photos-davido-joins-his-uncle-atiku-ayu-other-pdp-officials-to-campaign-in-osun-state/ HTTP/1.1" 404 236 "-" "Mozilla/5.0 (compatible; DotBot/1.2; +https://opensiteexplorer.org/dotbot; help@moz.com)"
5.255.231.144 - - [07/Dec/2025:09:52:55 -0800] "GET /music-news/see-tonto-dike-say-jim-iykes-deliverance/ HTTP/1.1" 404 236 "-" "Mozilla/5.0 (compatible; YandexBot/3.0; +http://yandex.com/bots)"
220.181.108.94 - - [07/Dec/2025:09:53:05 -0800] "GET /2013/11/23/video-ochuko-migwor-ft-henry-knight/ HTTP/1.1" 404 236 "-" "Mozilla/5.0 (compatible; Baiduspider/2.0; +http://www.baidu.com/search/spider.html)"
54.223.64.72 - - [07/Dec/2025:09:53:09 -0800] "GET /wp-content/uploads/2019/01/maxresdefault-25-265x198.jpg HTTP/1.1" 404 236 "-" "Mozilla/5.0 (compatible; crawler)"
220.181.108.147 - - [07/Dec/2025:09:53:25 -0800] "GET /music-mp3/afro-pop/dj-kaywise-x-olamide-see-mary-see-jesus/ HTTP/1.1" 404 236 "-" "Mozilla/5.0 (compatible; Baiduspider/2.0; +http://www.baidu.com/search/spider.html)"
47.76.79.83 - - [07/Dec/2025:09:53:38 -0800] "GET /2010/05/12/rugged-man%e2%80%99s-revealing-phone-conversation-with-9ice-over-toni-payne-affair/ HTTP/1.1" 404 236 "-" "Mozilla/5.0 (Macintosh; Intel Mac OS X 10_15_7) AppleWebKit/537.36 (KHTML, like Gecko) Chrome/120.0.0.0 Safari/537.36"
131.107.13.249 - - [07/Dec/2025:09:53:47 -0800] "GET /wp-content/uploads/2012/07/goldie_bba1-150x150.jpg HTTP/1.1" 404 236 "-" "Mozilla/5.0 (X11; Ubuntu; Linux x86_64; rv:72.0) Gecko/20100101 Firefox/72.0"
131.107.18.156 - - [07/Dec/2025:09:53:50 -0800] "GET /wp-content/uploads/2018/01/Wizzypro-On-My-Mind-324x235.jpg HTTP/1.1" 404 236 "-" "Mozilla/5.0 (X11; Ubuntu; Linux x86_64; rv:72.0) Gecko/20100101 Firefox/72.0"
::1 - - [07/Dec/2025:09:53:54 -0800] "GET /whm-server-status HTTP/1.0" 200 1151069 "-" "Lynx/2.8.8dev.15 libwww-FM/2.14 SSL-MM/1.4.1 OpenSSL/1.0.1e-fips"
116.179.32.106 - - [07/Dec/2025:09:54:05 -0800] "GET /music-mp3/music-biggie-brown-naso/ HTTP/1.1" 404 236 "-" "Mozilla/5.0 (compatible; Baiduspider/2.0; +http://www.baidu.com/search/spider.html)"
131.107.13.249 - - [07/Dec/2025:09:54:09 -0800] "GET /wp-content/uploads/2017/02/Humblesmith-%E2%80%93-Attracta-696x696.jpg HTTP/1.1" 404 236 "-" "Mozilla/5.0 (X11; Ubuntu; Linux x86_64; rv:72.0) Gecko/20100101 Firefox/72.0"
213.186.1.154 - - [07/Dec/2025:09:54:09 -0800] "GET /category/events/maryland HTTP/1.1" 404 236 "-" "Mediatoolkitbot (complaints@mediatoolkit.com)"
87.250.224.214 - - [07/Dec/2025:09:54:13 -0800] "GET /2012/02/28/bubbling-under-korede-bello-4eva/ HTTP/1.1" 404 236 "-" "Mozilla/5.0 (compatible; YandexBot/3.0; +http://yandex.com/bots)"
54.222.151.219 - - [07/Dec/2025:09:54:24 -0800] "GET /wp-content/uploads/2014/12/Niyola.jpg HTTP/1.1" 404 236 "-" "Mozilla/5.0 (compatible; crawler)"
127.0.0.1 - - [07/Dec/2025:09:54:50 -0800] "GET / HTTP/1.0" 200 163 "-" "-"
213.163.75.244 - - [07/Dec/2025:09:54:55 -0800] "GET /wp-content/uploads/2016/07/afrimmaawards-534x462.jpg HTTP/1.1" 404 236 "-" "Mozilla/5.0 (Windows NT 10.0; Win64; x64) AppleWebKit/537.36 (KHTML, like Gecko) Chrome/116.0.0.0 Safari/537.36"
127.0.0.1 - - [07/Dec/2025:09:55:01 -0800] "GET /whm-server-status HTTP/1.0" 200 1150808 "-" "-"
::1 - - [07/Dec/2025:09:55:03 -0800] "GET /whm-server-status HTTP/1.0" 200 1150780 "-" "Lynx/2.8.8dev.15 libwww-FM/2.14 SSL-MM/1.4.1 OpenSSL/1.0.1e-fips"
131.107.13.249 - - [07/Dec/2025:09:55:16 -0800] "GET /wp-content/uploads/2016/05/Charles-Diane-Oputa-534x462.png HTTP/1.1" 404 236 "-" "Mozilla/5.0 (X11; Ubuntu; Linux x86_64; rv:72.0) Gecko/20100101 Firefox/72.0"
216.244.66.235 - - [07/Dec/2025:09:55:18 -0800] "GET /2013/10/07/pictures-coko-bar-music-festival-2013/coko-bar-45/ HTTP/1.1" 404 236 "-" "Mozilla/5.0 (compatible; DotBot/1.2; +https://opensiteexplorer.org/dotbot; help@moz.com)"
216.244.66.235 - - [07/Dec/2025:09:55:20 -0800] "GET /wp-content/uploads/2011/09/mtnnn.jpg HTTP/1.1" 404 236 "-" "Mozilla/5.0 (compatible; DotBot/1.2; +https://opensiteexplorer.org/dotbot; help@moz.com)"
213.180.203.94 - - [07/Dec/2025:09:55:22 -0800] "GET /music-news/tiwa-savage-lands-pepsi-endorsement-deal/ HTTP/1.1" 404 236 "-" "Mozilla/5.0 (compatible; YandexBot/3.0; +http://yandex.com/bots)"
216.244.66.235 - - [07/Dec/2025:09:55:22 -0800] "GET /wp-content/uploads/2013/03/chize1.mp3 HTTP/1.1" 404 236 "-" "Mozilla/5.0 (compatible; DotBot/1.2; +https://opensiteexplorer.org/dotbot; help@moz.com)"
216.244.66.235 - - [07/Dec/2025:09:55:25 -0800] "GET /wp-content/uploads/2013/08/TCD_5936.jpg HTTP/1.1" 404 236 "-" "Mozilla/5.0 (compatible; DotBot/1.2; +https://opensiteexplorer.org/dotbot; help@moz.com)"
87.250.224.212 - - [07/Dec/2025:09:55:25 -0800] "GET /2011/12/06/pornography-worse-than-crack/ HTTP/1.1" 404 236 "-" "Mozilla/5.0 (compatible; YandexBot/3.0; +http://yandex.com/bots)"
220.181.108.157 - - [07/Dec/2025:09:55:25 -0800] "GET /fashion/lagos-style-week/ HTTP/1.1" 404 236 "-" "Mozilla/5.0 (compatible; Baiduspider/2.0; +http://www.baidu.com/search/spider.html)"
216.73.216.119 - - [07/Dec/2025:09:55:25 -0800] "GET /2009/12/19/whitman-writes HTTP/1.1" 404 236 "-" "Mozilla/5.0 AppleWebKit/537.36 (KHTML, like Gecko; compatible; ClaudeBot/1.0; +claudebot@anthropic.com)"
216.244.66.235 - - [07/Dec/2025:09:55:27 -0800] "GET /wp-content/uploads/2013/12/Poe-tec-Ghost-Karma-Kontrol.jpg HTTP/1.1" 404 236 "-" "Mozilla/5.0 (compatible; DotBot/1.2; +https://opensiteexplorer.org/dotbot; help@moz.com)"
216.244.66.235 - - [07/Dec/2025:09:55:29 -0800] "GET /wp-content/uploads/2013/12/Yemi-Alade2.jpg HTTP/1.1" 404 236 "-" "Mozilla/5.0 (compatible; DotBot/1.2; +https://opensiteexplorer.org/dotbot; help@moz.com)"
54.236.1.11 - - [07/Dec/2025:09:55:29 -0800] "GET /2017/01/21/jinmi-abduls-bumper/?utm_content=buffer5fa5d&utm_medium=social&utm_source=plus.google.com&utm_campaign=buffer HTTP/1.1" 404 236 "-" "Mozilla/5.0 (compatible; Pinterestbot/1.0; +http://www.pinterest.com/bot.html)"
196.191.54.91 - - [07/Dec/2025:09:55:36 -0800] "GET http://jaguda.com/music-mp3/bob-alash-season-of-ako-ati-abo-ft-paul-ik-dairo/ HTTP/1.1" 406 300 "-" "Mozilla/5.0 (Windows NT 10.0; Win64; x64) AppleWebKit/537.36 (KHTML, like Gecko) Chrome/111.0.0.0 Safari/537.36"
47.76.248.58 - - [07/Dec/2025:09:55:36 -0800] "GET /2017/01/08/timaya-comes-fire-undesirable-attitude/ HTTP/1.1" 404 236 "http://jaguda.com/2017/01/08/timaya-comes-fire-undesirable-attitude/#respond" "Mozilla/5.0 (Windows NT 10.0; Win64; x64) AppleWebKit/537.36 (KHTML, like Gecko) Chrome/101.0.4951.64 Safari/537.36 Edg/101.0.1210.47"
103.98.212.77 - - [07/Dec/2025:09:55:41 -0800] "GET /wp-content/uploads/2015/01/Glitz-Issue-10-joselyn-dumas-jaguda-2.jpg HTTP/1.1" 404 236 "-" "Java/11.0.15"
78.138.31.72 - - [07/Dec/2025:09:55:42 -0800] "GET /wp-content/uploads/2015/01/Glitz-Issue-10-joselyn-dumas-jaguda-2.jpg HTTP/1.1" 404 236 "-" "Mozilla/5.0 (Windows NT 6.1; WOW64) AppleWebKit/537.36 (KHTML, like Gecko) Chrome/31.0.1623.0 Safari/537.36"
131.107.18.156 - - [07/Dec/2025:09:55:51 -0800] "GET /wp-content/uploads/2011/03/jasse-150x150.jpg HTTP/1.1" 404 236 "-" "Mozilla/5.0 (X11; Ubuntu; Linux x86_64; rv:72.0) Gecko/20100101 Firefox/72.0"
213.186.1.154 - - [07/Dec/2025:09:55:59 -0800] "GET /category/events/atlanta HTTP/1.1" 404 236 "-" "Mediatoolkitbot (complaints@mediatoolkit.com)"
43.130.47.33 - - [07/Dec/2025:09:56:04 -0800] "GET /?locale=cs HTTP/1.1" 200 12429 "-" "Mozilla/5.0 (iPhone; CPU iPhone OS 13_2_3 like Mac OS X) AppleWebKit/605.1.15 (KHTML, like Gecko) Version/13.0.3 Mobile/15E148 Safari/604.1"
220.181.108.176 - - [07/Dec/2025:09:56:05 -0800] "GET /2013/07/26/in-pictures-mercy-johnson-stars-as-school-girl-in-dumebi-goes-to-school/ HTTP/1.1" 404 236 "-" "Mozilla/5.0 (compatible; Baiduspider/2.0; +http://www.baidu.com/search/spider.html)"
36.170.41.7 - - [07/Dec/2025:09:56:12 -0800] "GET /wp-content/uploads/2013/03/psquare.jpg HTTP/1.1" 404 236 "-" "Mozilla/5.0 (Macintosh; Intel Mac OS X 10_13_6) AppleWebKit/537.36 (KHTML, like Gecko) Chrome/78.0.3904.108 Safari/537.36"
::1 - - [07/Dec/2025:09:56:12 -0800] "GET /whm-server-status HTTP/1.0" 200 1150891 "-" "Lynx/2.8.8dev.15 libwww-FM/2.14 SSL-MM/1.4.1 OpenSSL/1.0.1e-fips"
62.234.168.65 - - [07/Dec/2025:09:56:14 -0800] "GET /wp-content/uploads/2013/01/Bad_Guy_P._Remix.jpg HTTP/1.1" 404 236 "-" "Mozilla/5.0 (X11; Ubuntu; Linux x86_64; rv:72.0) Gecko/20100101 Firefox/72.0"
220.181.108.178 - - [07/Dec/2025:09:56:25 -0800] "GET /social-issues/sweet-crude-of-the-niger-delta/ HTTP/1.1" 404 236 "-" "Mozilla/5.0 (compatible; Baiduspider/2.0; +http://www.baidu.com/search/spider.html)"
5.255.231.198 - - [07/Dec/2025:09:56:45 -0800] "GET /2015/10/05/photos-rotimi-amaechi-seyi-shay-2face-at-basketmouths-lord-of-the-ribs/ HTTP/1.1" 404 236 "-" "Mozilla/5.0 (compatible; YandexBot/3.0; +http://yandex.com/bots)"
116.179.32.174 - - [07/Dec/2025:09:56:45 -0800] "GET /tag/chidinma/page/3/ HTTP/1.1" 404 236 "-" "Mozilla/5.0 (compatible; Baiduspider/2.0; +http://www.baidu.com/search/spider.html)"
116.179.32.41 - - [07/Dec/2025:09:57:05 -0800] "GET /music-mp3/bubbling-under-ochuko-migwor-ft-henry-knight/ HTTP/1.1" 404 236 "-" "Mozilla/5.0 (compatible; Baiduspider/2.0; +http://www.baidu.com/search/spider.html)"
213.180.203.228 - - [07/Dec/2025:09:57:13 -0800] "GET /2012/12/12/music-dil-wanna-wanna-acapella-feat-praiz/ HTTP/1.1" 404 236 "-" "Mozilla/5.0 (compatible; YandexBot/3.0; +http://yandex.com/bots)"
::1 - - [07/Dec/2025:09:57:21 -0800] "GET /whm-server-status HTTP/1.0" 200 1150513 "-" "Lynx/2.8.8dev.15 libwww-FM/2.14 SSL-MM/1.4.1 OpenSSL/1.0.1e-fips"
131.107.20.47 - - [07/Dec/2025:09:57:25 -0800] "GET /wp-content/uploads/2013/09/Ini-Edo-City-People-Fashion-Lifestyle-Jaguda.com_-150x150.jpg HTTP/1.1" 404 236 "-" "Mozilla/5.0 (X11; Ubuntu; Linux x86_64; rv:72.0) Gecko/20100101 Firefox/72.0"
52.167.144.210 - - [07/Dec/2025:09:57:26 -0800] "GET /wp-content/uploads/2014/11/akon-brymo-755x449.jpg HTTP/1.1" 404 236 "-" "msnbot/2.0b (+http://search.msn.com/msnbot.htm)"
221.178.8.76 - - [07/Dec/2025:09:57:32 -0800] "GET /wp-content/uploads/2016/03/FALZ-soldier-video.png HTTP/1.1" 404 236 "-" "Mozilla/5.0 (Macintosh; Intel Mac OS X 10_13_6) AppleWebKit/537.36 (KHTML, like Gecko) Chrome/78.0.3904.108 Safari/537.36"
197.39.237.151 - - [07/Dec/2025:09:57:43 -0800] "GET http://jaguda.com/tag/seanz-beatz/ HTTP/1.1" 406 300 "-" "Mozilla/5.0 (Windows NT 5.1; rv:5.0) Gecko/20100101 Firefox/5.0"
220.181.108.145 - - [07/Dec/2025:09:57:45 -0800] "GET /video/video-brain-lubadi/ HTTP/1.1" 404 236 "-" "Mozilla/5.0 (compatible; Baiduspider/2.0; +http://www.baidu.com/search/spider.html)"
45.81.130.36 - - [07/Dec/2025:09:57:47 -0800] "GET http://jaguda.com/2014/05/13/phyno-reacts-photo-talking-closely-kcee/ HTTP/1.1" 406 300 "-" "Mozilla/4.0 (compatible; MSIE 7.0; Windows NT 5.1; Trident/4.0; SE 2.X MetaSr 1.0; SE 2.X MetaSr 1.0; .NET CLR 2.0.50727; SE 2.X MetaSr 1.0)"
116.179.32.92 - - [07/Dec/2025:09:58:05 -0800] "GET /2013/05/24/genevieve-nnaji-relocates-parents-to-lekki-lagos/ HTTP/1.1" 404 236 "-" "Mozilla/5.0 (compatible; Baiduspider/2.0; +http://www.baidu.com/search/spider.html)"
