66.249.70.96 - - [04/Feb/2026:07:37:40 -0800] "GET /?e=5227048557107 HTTP/1.1" 200 200335 "-" "Mozilla/5.0 (Linux; Android 6.0.1; Nexus 5X Build/MMB29P) AppleWebKit/537.36 (KHTML, like Gecko) Chrome/144.0.7559.109 Mobile Safari/537.36 (compatible; Googlebot/2.1; +http://www.google.com/bot.html)"
66.249.70.110 - - [04/Feb/2026:07:37:41 -0800] "GET /?o=82887132938804 HTTP/1.1" 200 - "-" "Mozilla/5.0 (Linux; Android 6.0.1; Nexus 5X Build/MMB29P) AppleWebKit/537.36 (KHTML, like Gecko) Chrome/144.0.7559.109 Mobile Safari/537.36 (compatible; Googlebot/2.1; +http://www.google.com/bot.html)"
114.119.155.203 - - [04/Feb/2026:07:38:53 -0800] "GET /?o=8999642195602 HTTP/1.1" 200 - "https://copeastlegondistrict.org/sitemap.xml" "Mozilla/5.0 (Linux; Android 7.0;) AppleWebKit/537.36 (KHTML, like Gecko) Mobile Safari/537.36 (compatible; PetalBot;+https://webmaster.petalsearch.com/site/petalbot)"
57.141.0.28 - - [04/Feb/2026:07:39:58 -0800] "GET /?e=77083107135500 HTTP/1.1" 200 - "-" "meta-externalagent/1.1 (+https://developers.facebook.com/docs/sharing/webmasters/crawler)"
114.119.155.203 - - [04/Feb/2026:07:40:16 -0800] "GET /?o=8889477278402 HTTP/1.1" 200 - "https://copeastlegondistrict.org/sitemap.xml" "Mozilla/5.0 (Linux; Android 7.0;) AppleWebKit/537.36 (KHTML, like Gecko) Mobile Safari/537.36 (compatible; PetalBot;+https://webmaster.petalsearch.com/site/petalbot)"
66.249.70.97 - - [04/Feb/2026:07:40:44 -0800] "GET /?o=59860246995807 HTTP/1.1" 200 - "-" "Mozilla/5.0 (Linux; Android 6.0.1; Nexus 5X Build/MMB29P) AppleWebKit/537.36 (KHTML, like Gecko) Chrome/144.0.7559.109 Mobile Safari/537.36 (compatible; Googlebot/2.1; +http://www.google.com/bot.html)"
66.249.70.97 - - [04/Feb/2026:07:40:45 -0800] "GET /?o=6553061464903 HTTP/1.1" 200 - "-" "Mozilla/5.0 (Linux; Android 6.0.1; Nexus 5X Build/MMB29P) AppleWebKit/537.36 (KHTML, like Gecko) Chrome/144.0.7559.109 Mobile Safari/537.36 (compatible; Googlebot/2.1; +http://www.google.com/bot.html)"
66.249.70.96 - - [04/Feb/2026:07:40:46 -0800] "GET /?o=2208978456405 HTTP/1.1" 200 193088 "-" "Mozilla/5.0 (Linux; Android 6.0.1; Nexus 5X Build/MMB29P) AppleWebKit/537.36 (KHTML, like Gecko) Chrome/144.0.7559.109 Mobile Safari/537.36 (compatible; Googlebot/2.1; +http://www.google.com/bot.html)"
57.141.0.10 - - [04/Feb/2026:07:41:18 -0800] "GET /?o=60272177679400 HTTP/1.1" 200 - "-" "meta-externalagent/1.1 (+https://developers.facebook.com/docs/sharing/webmasters/crawler)"
114.119.151.107 - - [04/Feb/2026:07:41:39 -0800] "GET /?o=4273066680000 HTTP/1.1" 200 - "https://copeastlegondistrict.org/sitemap.xml" "Mozilla/5.0 (Linux; Android 7.0;) AppleWebKit/537.36 (KHTML, like Gecko) Mobile Safari/537.36 (compatible; PetalBot;+https://webmaster.petalsearch.com/site/petalbot)"
66.249.70.97 - - [04/Feb/2026:07:42:24 -0800] "GET /?e=02112147690404 HTTP/1.1" 200 196312 "-" "Mozilla/5.0 (Linux; Android 6.0.1; Nexus 5X Build/MMB29P) AppleWebKit/537.36 (KHTML, like Gecko) Chrome/144.0.7559.109 Mobile Safari/537.36 (compatible; Googlebot/2.1; +http://www.google.com/bot.html)"
20.210.91.110 - - [04/Feb/2026:07:42:28 -0800] "GET /hehehehe.php HTTP/1.1" 403 228 "-" "Mozilla/5.0 (Windows NT 10.0; Win64; x64) AppleWebKit/537.36 (KHTML, like Gecko) Chrome/120.0.0.0 Safari/537.36"
20.210.91.110 - - [04/Feb/2026:07:42:28 -0800] "GET /rip.php HTTP/1.1" 403 228 "-" "Mozilla/5.0 (Windows NT 10.0; Win64; x64) AppleWebKit/537.36 (KHTML, like Gecko) Chrome/120.0.0.0 Safari/537.36"
20.210.91.110 - - [04/Feb/2026:07:42:28 -0800] "GET /bless.php HTTP/1.1" 403 228 "-" "Mozilla/5.0 (Windows NT 10.0; Win64; x64) AppleWebKit/537.36 (KHTML, like Gecko) Chrome/120.0.0.0 Safari/537.36"
20.210.91.110 - - [04/Feb/2026:07:42:28 -0800] "GET /server.php HTTP/1.1" 403 228 "-" "Mozilla/5.0 (Windows NT 10.0; Win64; x64) AppleWebKit/537.36 (KHTML, like Gecko) Chrome/120.0.0.0 Safari/537.36"
20.210.91.110 - - [04/Feb/2026:07:42:29 -0800] "GET /themes.php HTTP/1.1" 403 228 "-" "Mozilla/5.0 (Windows NT 10.0; Win64; x64) AppleWebKit/537.36 (KHTML, like Gecko) Chrome/120.0.0.0 Safari/537.36"
20.210.91.110 - - [04/Feb/2026:07:42:29 -0800] "GET /about.php HTTP/1.1" 200 - "-" "Mozilla/5.0 (Windows NT 10.0; Win64; x64) AppleWebKit/537.36 (KHTML, like Gecko) Chrome/120.0.0.0 Safari/537.36"
20.210.91.110 - - [04/Feb/2026:07:42:30 -0800] "GET /222.php HTTP/1.1" 403 228 "-" "Mozilla/5.0 (Windows NT 10.0; Win64; x64) AppleWebKit/537.36 (KHTML, like Gecko) Chrome/120.0.0.0 Safari/537.36"
20.210.91.110 - - [04/Feb/2026:07:42:30 -0800] "GET /ioxi-o.php HTTP/1.1" 403 228 "-" "Mozilla/5.0 (Windows NT 10.0; Win64; x64) AppleWebKit/537.36 (KHTML, like Gecko) Chrome/120.0.0.0 Safari/537.36"
20.210.91.110 - - [04/Feb/2026:07:42:31 -0800] "GET /bolt.php HTTP/1.1" 403 228 "-" "Mozilla/5.0 (Windows NT 10.0; Win64; x64) AppleWebKit/537.36 (KHTML, like Gecko) Chrome/120.0.0.0 Safari/537.36"
20.210.91.110 - - [04/Feb/2026:07:42:31 -0800] "GET /404.php HTTP/1.1" 403 228 "-" "Mozilla/5.0 (Windows NT 10.0; Win64; x64) AppleWebKit/537.36 (KHTML, like Gecko) Chrome/120.0.0.0 Safari/537.36"
20.210.91.110 - - [04/Feb/2026:07:42:31 -0800] "GET /alfa.php HTTP/1.1" 403 228 "-" "Mozilla/5.0 (Windows NT 10.0; Win64; x64) AppleWebKit/537.36 (KHTML, like Gecko) Chrome/120.0.0.0 Safari/537.36"
20.210.91.110 - - [04/Feb/2026:07:42:31 -0800] "GET /file.php HTTP/1.1" 403 228 "-" "Mozilla/5.0 (Windows NT 10.0; Win64; x64) AppleWebKit/537.36 (KHTML, like Gecko) Chrome/120.0.0.0 Safari/537.36"
20.210.91.110 - - [04/Feb/2026:07:42:31 -0800] "GET /spip.php HTTP/1.1" 403 228 "-" "Mozilla/5.0 (Windows NT 10.0; Win64; x64) AppleWebKit/537.36 (KHTML, like Gecko) Chrome/120.0.0.0 Safari/537.36"
20.210.91.110 - - [04/Feb/2026:07:42:31 -0800] "GET /text.php HTTP/1.1" 403 228 "-" "Mozilla/5.0 (Windows NT 10.0; Win64; x64) AppleWebKit/537.36 (KHTML, like Gecko) Chrome/120.0.0.0 Safari/537.36"
20.210.91.110 - - [04/Feb/2026:07:42:31 -0800] "GET /block-bindings.php HTTP/1.1" 403 228 "-" "Mozilla/5.0 (Windows NT 10.0; Win64; x64) AppleWebKit/537.36 (KHTML, like Gecko) Chrome/120.0.0.0 Safari/537.36"
20.210.91.110 - - [04/Feb/2026:07:42:32 -0800] "GET /class_api.t.php HTTP/1.1" 403 228 "-" "Mozilla/5.0 (Windows NT 10.0; Win64; x64) AppleWebKit/537.36 (KHTML, like Gecko) Chrome/120.0.0.0 Safari/537.36"
20.210.91.110 - - [04/Feb/2026:07:42:32 -0800] "GET /class_api.php HTTP/1.1" 403 228 "-" "Mozilla/5.0 (Windows NT 10.0; Win64; x64) AppleWebKit/537.36 (KHTML, like Gecko) Chrome/120.0.0.0 Safari/537.36"
20.210.91.110 - - [04/Feb/2026:07:42:32 -0800] "GET /menu.php HTTP/1.1" 403 228 "-" "Mozilla/5.0 (Windows NT 10.0; Win64; x64) AppleWebKit/537.36 (KHTML, like Gecko) Chrome/120.0.0.0 Safari/537.36"
20.210.91.110 - - [04/Feb/2026:07:42:32 -0800] "GET /file5.php HTTP/1.1" 403 228 "-" "Mozilla/5.0 (Windows NT 10.0; Win64; x64) AppleWebKit/537.36 (KHTML, like Gecko) Chrome/120.0.0.0 Safari/537.36"
20.210.91.110 - - [04/Feb/2026:07:42:32 -0800] "GET /lock360.php HTTP/1.1" 200 - "-" "Mozilla/5.0 (Windows NT 10.0; Win64; x64) AppleWebKit/537.36 (KHTML, like Gecko) Chrome/120.0.0.0 Safari/537.36"
20.210.91.110 - - [04/Feb/2026:07:42:33 -0800] "GET /meta.php HTTP/1.1" 403 228 "-" "Mozilla/5.0 (Windows NT 10.0; Win64; x64) AppleWebKit/537.36 (KHTML, like Gecko) Chrome/120.0.0.0 Safari/537.36"
20.210.91.110 - - [04/Feb/2026:07:42:33 -0800] "GET /update.php HTTP/1.1" 403 228 "-" "Mozilla/5.0 (Windows NT 10.0; Win64; x64) AppleWebKit/537.36 (KHTML, like Gecko) Chrome/120.0.0.0 Safari/537.36"
20.210.91.110 - - [04/Feb/2026:07:42:34 -0800] "GET /alfa-rex.php HTTP/1.1" 403 228 "-" "Mozilla/5.0 (Windows NT 10.0; Win64; x64) AppleWebKit/537.36 (KHTML, like Gecko) Chrome/120.0.0.0 Safari/537.36"
20.210.91.110 - - [04/Feb/2026:07:42:34 -0800] "GET /alfa-rex.php7 HTTP/1.1" 200 - "-" "Mozilla/5.0 (Windows NT 10.0; Win64; x64) AppleWebKit/537.36 (KHTML, like Gecko) Chrome/120.0.0.0 Safari/537.36"
20.210.91.110 - - [04/Feb/2026:07:42:34 -0800] "GET /feeds.php HTTP/1.1" 403 228 "-" "Mozilla/5.0 (Windows NT 10.0; Win64; x64) AppleWebKit/537.36 (KHTML, like Gecko) Chrome/120.0.0.0 Safari/537.36"
20.210.91.110 - - [04/Feb/2026:07:42:35 -0800] "GET /room.php HTTP/1.1" 403 228 "-" "Mozilla/5.0 (Windows NT 10.0; Win64; x64) AppleWebKit/537.36 (KHTML, like Gecko) Chrome/120.0.0.0 Safari/537.36"
20.210.91.110 - - [04/Feb/2026:07:42:35 -0800] "GET /admin.php HTTP/1.1" 200 - "-" "Mozilla/5.0 (Windows NT 10.0; Win64; x64) AppleWebKit/537.36 (KHTML, like Gecko) Chrome/120.0.0.0 Safari/537.36"
20.210.91.110 - - [04/Feb/2026:07:42:35 -0800] "GET /classwithtostring.php HTTP/1.1" 403 228 "-" "Mozilla/5.0 (Windows NT 10.0; Win64; x64) AppleWebKit/537.36 (KHTML, like Gecko) Chrome/120.0.0.0 Safari/537.36"
20.210.91.110 - - [04/Feb/2026:07:42:36 -0800] "GET /autoload_classmap.php HTTP/1.1" 403 228 "-" "Mozilla/5.0 (Windows NT 10.0; Win64; x64) AppleWebKit/537.36 (KHTML, like Gecko) Chrome/120.0.0.0 Safari/537.36"
114.119.151.81 - - [04/Feb/2026:07:43:03 -0800] "GET /?o=10774282213502 HTTP/1.1" 200 - "https://copeastlegondistrict.org/sitemap.xml" "Mozilla/5.0 (Linux; Android 7.0;) AppleWebKit/537.36 (KHTML, like Gecko) Mobile Safari/537.36 (compatible; PetalBot;+https://webmaster.petalsearch.com/site/petalbot)"
114.119.157.103 - - [04/Feb/2026:07:44:27 -0800] "GET /?o=1041274983700 HTTP/1.1" 200 - "https://copeastlegondistrict.org/sitemap.xml" "Mozilla/5.0 (Linux; Android 7.0;) AppleWebKit/537.36 (KHTML, like Gecko) Mobile Safari/537.36 (compatible; PetalBot;+https://webmaster.petalsearch.com/site/petalbot)"
66.249.70.96 - - [04/Feb/2026:07:44:30 -0800] "GET /?e=98280268026000 HTTP/1.1" 200 210185 "-" "Mozilla/5.0 (Linux; Android 6.0.1; Nexus 5X Build/MMB29P) AppleWebKit/537.36 (KHTML, like Gecko) Chrome/144.0.7559.109 Mobile Safari/537.36 (compatible; Googlebot/2.1; +http://www.google.com/bot.html)"
66.249.70.96 - - [04/Feb/2026:07:44:31 -0800] "GET /?o=55371107058800 HTTP/1.1" 200 210730 "-" "Mozilla/5.0 (Linux; Android 6.0.1; Nexus 5X Build/MMB29P) AppleWebKit/537.36 (KHTML, like Gecko) Chrome/144.0.7559.109 Mobile Safari/537.36 (compatible; Googlebot/2.1; +http://www.google.com/bot.html)"
57.141.0.25 - - [04/Feb/2026:07:44:55 -0800] "GET /?e=9920779791904 HTTP/1.1" 200 - "-" "meta-externalagent/1.1 (+https://developers.facebook.com/docs/sharing/webmasters/crawler)"
114.119.157.103 - - [04/Feb/2026:07:45:50 -0800] "GET /?o=83090133296507 HTTP/1.1" 200 - "https://copeastlegondistrict.org/sitemap.xml" "Mozilla/5.0 (Linux; Android 7.0;) AppleWebKit/537.36 (KHTML, like Gecko) Mobile Safari/537.36 (compatible; PetalBot;+https://webmaster.petalsearch.com/site/petalbot)"
66.249.70.97 - - [04/Feb/2026:07:46:04 -0800] "GET /?o=6553030778901 HTTP/1.1" 200 202742 "-" "Mozilla/5.0 (Linux; Android 6.0.1; Nexus 5X Build/MMB29P) AppleWebKit/537.36 (KHTML, like Gecko) Chrome/144.0.7559.109 Mobile Safari/537.36 (compatible; Googlebot/2.1; +http://www.google.com/bot.html)"
66.249.70.97 - - [04/Feb/2026:07:46:04 -0800] "GET /?o=1374594510106 HTTP/1.1" 200 - "-" "Mozilla/5.0 (Linux; Android 6.0.1; Nexus 5X Build/MMB29P) AppleWebKit/537.36 (KHTML, like Gecko) Chrome/144.0.7559.109 Mobile Safari/537.36 (compatible; Googlebot/2.1; +http://www.google.com/bot.html)"
57.141.0.9 - - [04/Feb/2026:07:47:06 -0800] "GET /?o=88094164888500 HTTP/1.1" 200 - "-" "meta-externalagent/1.1 (+https://developers.facebook.com/docs/sharing/webmasters/crawler)"
114.119.140.87 - - [04/Feb/2026:07:47:14 -0800] "GET /?o=3806028758700 HTTP/1.1" 200 - "https://copeastlegondistrict.org/sitemap.xml" "Mozilla/5.0 (Linux; Android 7.0;) AppleWebKit/537.36 (KHTML, like Gecko) Mobile Safari/537.36 (compatible; PetalBot;+https://webmaster.petalsearch.com/site/petalbot)"
57.141.0.5 - - [04/Feb/2026:07:47:36 -0800] "GET /?o=17272235141702 HTTP/1.1" 200 - "-" "meta-externalagent/1.1 (+https://developers.facebook.com/docs/sharing/webmasters/crawler)"
57.141.0.33 - - [04/Feb/2026:07:47:43 -0800] "GET /?o=86700129406800 HTTP/1.1" 200 - "-" "meta-externalagent/1.1 (+https://developers.facebook.com/docs/sharing/webmasters/crawler)"
57.141.0.51 - - [04/Feb/2026:07:48:37 -0800] "GET /?e=68271163135801 HTTP/1.1" 200 - "-" "meta-externalagent/1.1 (+https://developers.facebook.com/docs/sharing/webmasters/crawler)"
57.141.0.11 - - [04/Feb/2026:07:48:53 -0800] "GET /?e=69788221964500 HTTP/1.1" 200 - "-" "meta-externalagent/1.1 (+https://developers.facebook.com/docs/sharing/webmasters/crawler)"
114.119.157.103 - - [04/Feb/2026:07:48:58 -0800] "GET /?o=0922833903500 HTTP/1.1" 200 - "https://copeastlegondistrict.org/sitemap.xml" "Mozilla/5.0 (Linux; Android 7.0;) AppleWebKit/537.36 (KHTML, like Gecko) Mobile Safari/537.36 (compatible; PetalBot;+https://webmaster.petalsearch.com/site/petalbot)"
57.141.0.55 - - [04/Feb/2026:07:49:17 -0800] "GET /?e=46520269300902 HTTP/1.1" 200 - "-" "meta-externalagent/1.1 (+https://developers.facebook.com/docs/sharing/webmasters/crawler)"
57.141.0.73 - - [04/Feb/2026:07:49:35 -0800] "GET /?e=91412137603403 HTTP/1.1" 200 - "-" "meta-externalagent/1.1 (+https://developers.facebook.com/docs/sharing/webmasters/crawler)"
57.141.0.4 - - [04/Feb/2026:07:49:59 -0800] "GET /?e=72204164838800 HTTP/1.1" 200 - "-" "meta-externalagent/1.1 (+https://developers.facebook.com/docs/sharing/webmasters/crawler)"
57.141.0.1 - - [04/Feb/2026:07:50:26 -0800] "GET /?e=36867178236508 HTTP/1.1" 200 - "-" "meta-externalagent/1.1 (+https://developers.facebook.com/docs/sharing/webmasters/crawler)"
66.249.70.96 - - [04/Feb/2026:07:51:20 -0800] "GET /?e=91796295333700 HTTP/1.1" 200 199128 "-" "Mozilla/5.0 (Linux; Android 6.0.1; Nexus 5X Build/MMB29P) AppleWebKit/537.36 (KHTML, like Gecko) Chrome/144.0.7559.109 Mobile Safari/537.36 (compatible; Googlebot/2.1; +http://www.google.com/bot.html)"
66.249.70.110 - - [04/Feb/2026:07:51:22 -0800] "GET /?o=6872536274900 HTTP/1.1" 200 200021 "-" "Mozilla/5.0 (Linux; Android 6.0.1; Nexus 5X Build/MMB29P) AppleWebKit/537.36 (KHTML, like Gecko) Chrome/144.0.7559.109 Mobile Safari/537.36 (compatible; Googlebot/2.1; +http://www.google.com/bot.html)"
57.141.0.73 - - [04/Feb/2026:07:52:33 -0800] "GET /?e=7382330695003 HTTP/1.1" 200 - "-" "meta-externalagent/1.1 (+https://developers.facebook.com/docs/sharing/webmasters/crawler)"
57.141.0.29 - - [04/Feb/2026:07:52:52 -0800] "GET /?e=89422215323402 HTTP/1.1" 200 - "-" "meta-externalagent/1.1 (+https://developers.facebook.com/docs/sharing/webmasters/crawler)"
66.249.70.97 - - [04/Feb/2026:07:53:42 -0800] "GET /?o=89713280468401 HTTP/1.1" 200 - "-" "Mozilla/5.0 (Linux; Android 6.0.1; Nexus 5X Build/MMB29P) AppleWebKit/537.36 (KHTML, like Gecko) Chrome/144.0.7559.109 Mobile Safari/537.36 (compatible; Googlebot/2.1; +http://www.google.com/bot.html)"
114.119.151.107 - - [04/Feb/2026:07:54:16 -0800] "GET /?o=61193275062703 HTTP/1.1" 200 - "https://copeastlegondistrict.org/sitemap.xml" "Mozilla/5.0 (Linux; Android 7.0;) AppleWebKit/537.36 (KHTML, like Gecko) Mobile Safari/537.36 (compatible; PetalBot;+https://webmaster.petalsearch.com/site/petalbot)"
57.141.0.49 - - [04/Feb/2026:07:54:36 -0800] "GET /?o=11014246967701 HTTP/1.1" 200 - "-" "meta-externalagent/1.1 (+https://developers.facebook.com/docs/sharing/webmasters/crawler)"
57.141.0.52 - - [04/Feb/2026:07:55:20 -0800] "GET /?e=82889170067101 HTTP/1.1" 200 - "-" "meta-externalagent/1.1 (+https://developers.facebook.com/docs/sharing/webmasters/crawler)"
114.119.151.81 - - [04/Feb/2026:07:55:36 -0800] "GET /?o=27873195717601 HTTP/1.1" 200 - "https://copeastlegondistrict.org/sitemap.xml" "Mozilla/5.0 (Linux; Android 7.0;) AppleWebKit/537.36 (KHTML, like Gecko) Mobile Safari/537.36 (compatible; PetalBot;+https://webmaster.petalsearch.com/site/petalbot)"
57.141.0.69 - - [04/Feb/2026:07:55:40 -0800] "GET /?e=01167128699302 HTTP/1.1" 200 - "-" "meta-externalagent/1.1 (+https://developers.facebook.com/docs/sharing/webmasters/crawler)"
57.141.0.43 - - [04/Feb/2026:07:56:12 -0800] "GET /?o=75508226506601 HTTP/1.1" 200 - "-" "meta-externalagent/1.1 (+https://developers.facebook.com/docs/sharing/webmasters/crawler)"
66.249.70.96 - - [04/Feb/2026:07:56:45 -0800] "GET /?e=1838535678603 HTTP/1.1" 200 207442 "-" "Mozilla/5.0 (Linux; Android 6.0.1; Nexus 5X Build/MMB29P) AppleWebKit/537.36 (KHTML, like Gecko) Chrome/144.0.7559.109 Mobile Safari/537.36 (compatible; Googlebot/2.1; +http://www.google.com/bot.html)"
66.249.70.96 - - [04/Feb/2026:07:56:46 -0800] "GET /?o=9006942993100 HTTP/1.1" 200 201709 "-" "Mozilla/5.0 (Linux; Android 6.0.1; Nexus 5X Build/MMB29P) AppleWebKit/537.36 (KHTML, like Gecko) Chrome/144.0.7559.109 Mobile Safari/537.36 (compatible; Googlebot/2.1; +http://www.google.com/bot.html)"
114.119.155.203 - - [04/Feb/2026:07:57:00 -0800] "GET /?o=23129103886115 HTTP/1.1" 200 - "https://copeastlegondistrict.org/sitemap.xml" "Mozilla/5.0 (Linux; Android 7.0;) AppleWebKit/537.36 (KHTML, like Gecko) Mobile Safari/537.36 (compatible; PetalBot;+https://webmaster.petalsearch.com/site/petalbot)"
57.141.0.36 - - [04/Feb/2026:07:57:20 -0800] "GET /?e=19843189804200 HTTP/1.1" 200 - "-" "meta-externalagent/1.1 (+https://developers.facebook.com/docs/sharing/webmasters/crawler)"
57.141.0.52 - - [04/Feb/2026:07:57:29 -0800] "GET /?e=9724339819609 HTTP/1.1" 200 - "-" "meta-externalagent/1.1 (+https://developers.facebook.com/docs/sharing/webmasters/crawler)"
66.249.70.110 - - [04/Feb/2026:07:57:32 -0800] "GET /?e=88877243826002 HTTP/1.1" 200 194099 "-" "Mozilla/5.0 (Linux; Android 6.0.1; Nexus 5X Build/MMB29P) AppleWebKit/537.36 (KHTML, like Gecko) Chrome/144.0.7559.109 Mobile Safari/537.36 (compatible; Googlebot/2.1; +http://www.google.com/bot.html)"
66.249.70.110 - - [04/Feb/2026:07:57:33 -0800] "GET /?o=81786120379100 HTTP/1.1" 200 198249 "-" "Mozilla/5.0 (Linux; Android 6.0.1; Nexus 5X Build/MMB29P) AppleWebKit/537.36 (KHTML, like Gecko) Chrome/144.0.7559.109 Mobile Safari/537.36 (compatible; Googlebot/2.1; +http://www.google.com/bot.html)"
66.249.70.97 - - [04/Feb/2026:07:58:19 -0800] "GET /?o=74398257941005 HTTP/1.1" 200 204375 "-" "Mozilla/5.0 (Linux; Android 6.0.1; Nexus 5X Build/MMB29P) AppleWebKit/537.36 (KHTML, like Gecko) Chrome/144.0.7559.109 Mobile Safari/537.36 (compatible; Googlebot/2.1; +http://www.google.com/bot.html)"
114.119.158.203 - - [04/Feb/2026:07:58:22 -0800] "GET /?o=1716658593904 HTTP/1.1" 200 - "https://copeastlegondistrict.org/sitemap.xml" "Mozilla/5.0 (Linux; Android 7.0;) AppleWebKit/537.36 (KHTML, like Gecko) Mobile Safari/537.36 (compatible; PetalBot;+https://webmaster.petalsearch.com/site/petalbot)"
57.141.0.13 - - [04/Feb/2026:07:58:32 -0800] "GET /?o=72110206569202 HTTP/1.1" 200 - "-" "meta-externalagent/1.1 (+https://developers.facebook.com/docs/sharing/webmasters/crawler)"
57.141.0.76 - - [04/Feb/2026:07:58:34 -0800] "GET /?o=9177560216000 HTTP/1.1" 200 - "-" "meta-externalagent/1.1 (+https://developers.facebook.com/docs/sharing/webmasters/crawler)"
66.249.70.110 - - [04/Feb/2026:07:59:05 -0800] "GET /?e=79592206693102 HTTP/1.1" 200 199883 "-" "Mozilla/5.0 (Linux; Android 6.0.1; Nexus 5X Build/MMB29P) AppleWebKit/537.36 (KHTML, like Gecko) Chrome/144.0.7559.109 Mobile Safari/537.36 (compatible; Googlebot/2.1; +http://www.google.com/bot.html)"
57.141.0.2 - - [04/Feb/2026:08:01:37 -0800] "GET /?e=98017256441504 HTTP/1.1" 200 - "-" "meta-externalagent/1.1 (+https://developers.facebook.com/docs/sharing/webmasters/crawler)"
66.249.70.97 - - [04/Feb/2026:08:03:46 -0800] "GET /?e=85917134968903 HTTP/1.1" 200 193923 "-" "Mozilla/5.0 (Linux; Android 6.0.1; Nexus 5X Build/MMB29P) AppleWebKit/537.36 (KHTML, like Gecko) Chrome/144.0.7559.109 Mobile Safari/537.36 (compatible; Googlebot/2.1; +http://www.google.com/bot.html)"
114.119.157.103 - - [04/Feb/2026:08:03:58 -0800] "GET /?o=84671136603502 HTTP/1.1" 200 - "https://copeastlegondistrict.org/sitemap.xml" "Mozilla/5.0 (Linux; Android 7.0;) AppleWebKit/537.36 (KHTML, like Gecko) Mobile Safari/537.36 (compatible; PetalBot;+https://webmaster.petalsearch.com/site/petalbot)"
57.141.0.42 - - [04/Feb/2026:08:04:12 -0800] "GET /?e=90442221561500 HTTP/1.1" 200 - "-" "meta-externalagent/1.1 (+https://developers.facebook.com/docs/sharing/webmasters/crawler)"
57.141.0.40 - - [04/Feb/2026:08:04:15 -0800] "GET /?o=01890119965400 HTTP/1.1" 200 - "-" "meta-externalagent/1.1 (+https://developers.facebook.com/docs/sharing/webmasters/crawler)"
66.249.70.96 - - [04/Feb/2026:08:04:33 -0800] "GET /?o=30981142170506 HTTP/1.1" 200 - "-" "Mozilla/5.0 (Linux; Android 6.0.1; Nexus 5X Build/MMB29P) AppleWebKit/537.36 (KHTML, like Gecko) Chrome/144.0.7559.109 Mobile Safari/537.36 (compatible; Googlebot/2.1; +http://www.google.com/bot.html)"
57.141.0.29 - - [04/Feb/2026:08:04:56 -0800] "GET /?o=61898199179202 HTTP/1.1" 200 - "-" "meta-externalagent/1.1 (+https://developers.facebook.com/docs/sharing/webmasters/crawler)"
57.141.0.9 - - [04/Feb/2026:08:05:11 -0800] "GET /?o=09234227233000 HTTP/1.1" 200 - "-" "meta-externalagent/1.1 (+https://developers.facebook.com/docs/sharing/webmasters/crawler)"
66.249.70.96 - - [04/Feb/2026:08:05:19 -0800] "GET /?e=41100159873005 HTTP/1.1" 200 194929 "-" "Mozilla/5.0 (Linux; Android 6.0.1; Nexus 5X Build/MMB29P) AppleWebKit/537.36 (KHTML, like Gecko) Chrome/144.0.7559.109 Mobile Safari/537.36 (compatible; Googlebot/2.1; +http://www.google.com/bot.html)"
66.249.70.110 - - [04/Feb/2026:08:05:20 -0800] "GET /?e=69227286350202 HTTP/1.1" 200 207343 "-" "Mozilla/5.0 (Linux; Android 6.0.1; Nexus 5X Build/MMB29P) AppleWebKit/537.36 (KHTML, like Gecko) Chrome/144.0.7559.109 Mobile Safari/537.36 (compatible; Googlebot/2.1; +http://www.google.com/bot.html)"
114.119.151.107 - - [04/Feb/2026:08:05:22 -0800] "GET /?o=07038275328901 HTTP/1.1" 200 - "https://copeastlegondistrict.org/sitemap.xml" "Mozilla/5.0 (Linux; Android 7.0;) AppleWebKit/537.36 (KHTML, like Gecko) Mobile Safari/537.36 (compatible; PetalBot;+https://webmaster.petalsearch.com/site/petalbot)"
57.141.0.33 - - [04/Feb/2026:08:05:43 -0800] "GET /?o=83966235303405 HTTP/1.1" 200 - "-" "meta-externalagent/1.1 (+https://developers.facebook.com/docs/sharing/webmasters/crawler)"
66.249.70.110 - - [04/Feb/2026:08:06:26 -0800] "GET /?e=5264038358400 HTTP/1.1" 200 206934 "-" "Mozilla/5.0 (Linux; Android 6.0.1; Nexus 5X Build/MMB29P) AppleWebKit/537.36 (KHTML, like Gecko) Chrome/144.0.7559.109 Mobile Safari/537.36 (compatible; Googlebot/2.1; +http://www.google.com/bot.html)"
66.249.70.110 - - [04/Feb/2026:08:06:26 -0800] "GET /?e=98422185438306 HTTP/1.1" 200 200987 "-" "Mozilla/5.0 (Linux; Android 6.0.1; Nexus 5X Build/MMB29P) AppleWebKit/537.36 (KHTML, like Gecko) Chrome/144.0.7559.109 Mobile Safari/537.36 (compatible; Googlebot/2.1; +http://www.google.com/bot.html)"
66.249.70.110 - - [04/Feb/2026:08:07:12 -0800] "GET /?e=38972207644201 HTTP/1.1" 200 193570 "-" "Mozilla/5.0 (Linux; Android 6.0.1; Nexus 5X Build/MMB29P) AppleWebKit/537.36 (KHTML, like Gecko) Chrome/144.0.7559.109 Mobile Safari/537.36 (compatible; Googlebot/2.1; +http://www.google.com/bot.html)"
74.7.227.1 - - [04/Feb/2026:08:09:02 -0800] "GET /sitemap.xml HTTP/1.1" 200 188894 "-" "Mozilla/5.0 AppleWebKit/537.36 (KHTML, like Gecko; compatible; GPTBot/1.3; +https://openai.com/gptbot)"
57.141.0.31 - - [04/Feb/2026:08:09:07 -0800] "GET /?e=9012280907815 HTTP/1.1" 200 - "-" "meta-externalagent/1.1 (+https://developers.facebook.com/docs/sharing/webmasters/crawler)"
57.141.0.41 - - [04/Feb/2026:08:09:19 -0800] "GET /?e=28766272497200 HTTP/1.1" 200 - "-" "meta-externalagent/1.1 (+https://developers.facebook.com/docs/sharing/webmasters/crawler)"
57.141.0.34 - - [04/Feb/2026:08:11:30 -0800] "GET /?e=95190259086210 HTTP/1.1" 200 - "-" "meta-externalagent/1.1 (+https://developers.facebook.com/docs/sharing/webmasters/crawler)"
66.249.70.110 - - [04/Feb/2026:08:11:49 -0800] "GET /?o=92374262056703 HTTP/1.1" 200 192869 "-" "Mozilla/5.0 (Linux; Android 6.0.1; Nexus 5X Build/MMB29P) AppleWebKit/537.36 (KHTML, like Gecko) Chrome/144.0.7559.109 Mobile Safari/537.36 (compatible; Googlebot/2.1; +http://www.google.com/bot.html)"
66.249.70.97 - - [04/Feb/2026:08:11:51 -0800] "GET /?o=32582202011603 HTTP/1.1" 200 208309 "-" "Mozilla/5.0 (Linux; Android 6.0.1; Nexus 5X Build/MMB29P) AppleWebKit/537.36 (KHTML, like Gecko) Chrome/144.0.7559.109 Mobile Safari/537.36 (compatible; Googlebot/2.1; +http://www.google.com/bot.html)"
57.141.0.2 - - [04/Feb/2026:08:11:53 -0800] "GET /?e=99227283114202 HTTP/1.1" 200 - "-" "meta-externalagent/1.1 (+https://developers.facebook.com/docs/sharing/webmasters/crawler)"
57.141.0.40 - - [04/Feb/2026:08:12:34 -0800] "GET /?e=3298216299900 HTTP/1.1" 200 - "-" "meta-externalagent/1.1 (+https://developers.facebook.com/docs/sharing/webmasters/crawler)"
66.249.70.97 - - [04/Feb/2026:08:12:37 -0800] "GET /?o=09708169285901 HTTP/1.1" 200 - "-" "Mozilla/5.0 (Linux; Android 6.0.1; Nexus 5X Build/MMB29P) AppleWebKit/537.36 (KHTML, like Gecko) Chrome/144.0.7559.109 Mobile Safari/537.36 (compatible; Googlebot/2.1; +http://www.google.com/bot.html)"
66.249.70.97 - - [04/Feb/2026:08:12:38 -0800] "GET /?o=18102195155305 HTTP/1.1" 200 - "-" "Mozilla/5.0 (Linux; Android 6.0.1; Nexus 5X Build/MMB29P) AppleWebKit/537.36 (KHTML, like Gecko) Chrome/144.0.7559.109 Mobile Safari/537.36 (compatible; Googlebot/2.1; +http://www.google.com/bot.html)"
57.141.0.60 - - [04/Feb/2026:08:13:06 -0800] "GET /?e=33150120190409 HTTP/1.1" 200 - "-" "meta-externalagent/1.1 (+https://developers.facebook.com/docs/sharing/webmasters/crawler)"
57.141.0.42 - - [04/Feb/2026:08:13:15 -0800] "GET /?o=71670102971101 HTTP/1.1" 200 - "-" "meta-externalagent/1.1 (+https://developers.facebook.com/docs/sharing/webmasters/crawler)"
57.141.0.62 - - [04/Feb/2026:08:14:01 -0800] "GET /?e=88199214586304 HTTP/1.1" 200 - "-" "meta-externalagent/1.1 (+https://developers.facebook.com/docs/sharing/webmasters/crawler)"
57.141.0.78 - - [04/Feb/2026:08:15:03 -0800] "GET /?e=23207252765103 HTTP/1.1" 200 - "-" "meta-externalagent/1.1 (+https://developers.facebook.com/docs/sharing/webmasters/crawler)"
57.141.0.65 - - [04/Feb/2026:08:15:22 -0800] "GET /?e=3954191131102 HTTP/1.1" 200 - "-" "meta-externalagent/1.1 (+https://developers.facebook.com/docs/sharing/webmasters/crawler)"
57.141.0.18 - - [04/Feb/2026:08:15:31 -0800] "GET /?e=6869613794501 HTTP/1.1" 200 - "-" "meta-externalagent/1.1 (+https://developers.facebook.com/docs/sharing/webmasters/crawler)"
57.141.0.42 - - [04/Feb/2026:08:15:37 -0800] "GET /?e=42228185407702 HTTP/1.1" 200 - "-" "meta-externalagent/1.1 (+https://developers.facebook.com/docs/sharing/webmasters/crawler)"
57.141.0.21 - - [04/Feb/2026:08:15:58 -0800] "GET /?e=88578720902 HTTP/1.1" 200 - "-" "meta-externalagent/1.1 (+https://developers.facebook.com/docs/sharing/webmasters/crawler)"
57.141.0.73 - - [04/Feb/2026:08:16:29 -0800] "GET /?e=98041211564604 HTTP/1.1" 200 - "-" "meta-externalagent/1.1 (+https://developers.facebook.com/docs/sharing/webmasters/crawler)"
57.141.0.42 - - [04/Feb/2026:08:16:29 -0800] "GET /?e=8550872397601 HTTP/1.1" 200 - "-" "meta-externalagent/1.1 (+https://developers.facebook.com/docs/sharing/webmasters/crawler)"
57.141.0.35 - - [04/Feb/2026:08:16:44 -0800] "GET /?e=0014231348502 HTTP/1.1" 200 - "-" "meta-externalagent/1.1 (+https://developers.facebook.com/docs/sharing/webmasters/crawler)"
57.141.0.76 - - [04/Feb/2026:08:17:37 -0800] "GET /?e=2578543762401 HTTP/1.1" 200 - "-" "meta-externalagent/1.1 (+https://developers.facebook.com/docs/sharing/webmasters/crawler)"
57.141.0.48 - - [04/Feb/2026:08:17:50 -0800] "GET /?e=190989634300 HTTP/1.1" 200 - "-" "meta-externalagent/1.1 (+https://developers.facebook.com/docs/sharing/webmasters/crawler)"
57.141.0.78 - - [04/Feb/2026:08:17:55 -0800] "GET /?o=9897471375302 HTTP/1.1" 200 - "-" "meta-externalagent/1.1 (+https://developers.facebook.com/docs/sharing/webmasters/crawler)"
57.141.0.7 - - [04/Feb/2026:08:18:00 -0800] "GET /?e=5194135790904 HTTP/1.1" 200 - "-" "meta-externalagent/1.1 (+https://developers.facebook.com/docs/sharing/webmasters/crawler)"
68.183.179.109 - - [04/Feb/2026:08:18:06 -0800] "GET /wp-login.php HTTP/1.1" 200 - "https://wordpress.org/" "Mozilla/5.0 (Windows NT 11.0; Win64; x64; rv:118.0) Gecko/20100101 Firefox/118.0"
57.141.0.56 - - [04/Feb/2026:08:18:09 -0800] "GET /?e=4076734440900 HTTP/1.1" 200 - "-" "meta-externalagent/1.1 (+https://developers.facebook.com/docs/sharing/webmasters/crawler)"
68.183.179.109 - - [04/Feb/2026:08:18:12 -0800] "GET /wp-admin/ HTTP/1.1" 200 - "-" "Mozilla/5.0 (Windows NT 11.0; Win64; x64) AppleWebKit/537.36 (KHTML, like Gecko) Chrome/118.0.0.0 Safari/537.36"
57.141.0.47 - - [04/Feb/2026:08:18:16 -0800] "GET /?e=33027180840600 HTTP/1.1" 200 - "-" "meta-externalagent/1.1 (+https://developers.facebook.com/docs/sharing/webmasters/crawler)"
57.141.0.54 - - [04/Feb/2026:08:18:33 -0800] "GET /?e=1905238666600 HTTP/1.1" 200 - "-" "meta-externalagent/1.1 (+https://developers.facebook.com/docs/sharing/webmasters/crawler)"
57.141.0.40 - - [04/Feb/2026:08:18:48 -0800] "GET /?e=01792166649000 HTTP/1.1" 200 - "-" "meta-externalagent/1.1 (+https://developers.facebook.com/docs/sharing/webmasters/crawler)"
57.141.0.37 - - [04/Feb/2026:08:19:02 -0800] "GET /?o=94149122259800 HTTP/1.1" 200 - "-" "meta-externalagent/1.1 (+https://developers.facebook.com/docs/sharing/webmasters/crawler)"
114.119.133.103 - - [04/Feb/2026:08:19:20 -0800] "GET /?o=5787726773400 HTTP/1.1" 200 - "https://copeastlegondistrict.org/sitemap.xml" "Mozilla/5.0 (Linux; Android 7.0;) AppleWebKit/537.36 (KHTML, like Gecko) Mobile Safari/537.36 (compatible; PetalBot;+https://webmaster.petalsearch.com/site/petalbot)"
57.141.0.20 - - [04/Feb/2026:08:19:25 -0800] "GET /?e=10918144270700 HTTP/1.1" 200 - "-" "meta-externalagent/1.1 (+https://developers.facebook.com/docs/sharing/webmasters/crawler)"
57.141.0.25 - - [04/Feb/2026:08:19:59 -0800] "GET /?e=96135238220402 HTTP/1.1" 200 - "-" "meta-externalagent/1.1 (+https://developers.facebook.com/docs/sharing/webmasters/crawler)"
57.141.0.25 - - [04/Feb/2026:08:20:02 -0800] "GET /?o=98229957001 HTTP/1.1" 200 - "-" "meta-externalagent/1.1 (+https://developers.facebook.com/docs/sharing/webmasters/crawler)"
57.141.0.22 - - [04/Feb/2026:08:20:28 -0800] "GET /?e=9208183529002 HTTP/1.1" 200 - "-" "meta-externalagent/1.1 (+https://developers.facebook.com/docs/sharing/webmasters/crawler)"
57.141.0.60 - - [04/Feb/2026:08:20:37 -0800] "GET /?e=80296224274100 HTTP/1.1" 200 - "-" "meta-externalagent/1.1 (+https://developers.facebook.com/docs/sharing/webmasters/crawler)"
52.167.144.142 - - [04/Feb/2026:08:20:39 -0800] "GET /shop/pg/1sancyoku/ HTTP/1.1" 200 196860 "-" "Mozilla/5.0 AppleWebKit/537.36 (KHTML, like Gecko; compatible; bingbot/2.0; +http://www.bing.com/bingbot.htm) Chrome/116.0.1938.76 Safari/537.36"
114.119.133.103 - - [04/Feb/2026:08:20:46 -0800] "GET /?o=5397947904902 HTTP/1.1" 200 - "https://copeastlegondistrict.org/sitemap.xml" "Mozilla/5.0 (Linux; Android 7.0;) AppleWebKit/537.36 (KHTML, like Gecko) Mobile Safari/537.36 (compatible; PetalBot;+https://webmaster.petalsearch.com/site/petalbot)"
20.78.169.245 - - [04/Feb/2026:08:21:51 -0800] "GET /rip.php HTTP/1.1" 503 282 "-" "Mozilla/5.0 (Windows NT 10.0; Win64; x64) AppleWebKit/537.36 (KHTML, like Gecko) Chrome/120.0.0.0 Safari/537.36"
20.78.169.245 - - [04/Feb/2026:08:21:51 -0800] "GET /about.php HTTP/1.1" 503 282 "-" "Mozilla/5.0 (Windows NT 10.0; Win64; x64) AppleWebKit/537.36 (KHTML, like Gecko) Chrome/120.0.0.0 Safari/537.36"
20.78.169.245 - - [04/Feb/2026:08:21:51 -0800] "GET /wp-content/plugins/hello-dolly/ HTTP/1.1" 503 282 "-" "Mozilla/5.0 (Windows NT 10.0; Win64; x64) AppleWebKit/537.36 (KHTML, like Gecko) Chrome/120.0.0.0 Safari/537.36"
20.78.169.245 - - [04/Feb/2026:08:21:52 -0800] "GET /wp-content/themes/admin.php HTTP/1.1" 503 282 "-" "Mozilla/5.0 (Windows NT 10.0; Win64; x64) AppleWebKit/537.36 (KHTML, like Gecko) Chrome/120.0.0.0 Safari/537.36"
20.78.169.245 - - [04/Feb/2026:08:21:52 -0800] "GET /admin.php HTTP/1.1" 503 282 "-" "Mozilla/5.0 (Windows NT 10.0; Win64; x64) AppleWebKit/537.36 (KHTML, like Gecko) Chrome/120.0.0.0 Safari/537.36"
20.78.169.245 - - [04/Feb/2026:08:21:52 -0800] "GET /adminfuns.php HTTP/1.1" 503 282 "-" "Mozilla/5.0 (Windows NT 10.0; Win64; x64) AppleWebKit/537.36 (KHTML, like Gecko) Chrome/120.0.0.0 Safari/537.36"
20.78.169.245 - - [04/Feb/2026:08:21:53 -0800] "GET /wp-content/cache/ HTTP/1.1" 503 282 "-" "Mozilla/5.0 (Windows NT 10.0; Win64; x64) AppleWebKit/537.36 (KHTML, like Gecko) Chrome/120.0.0.0 Safari/537.36"
20.78.169.245 - - [04/Feb/2026:08:21:53 -0800] "GET /wp-includes/js/thickbox/ HTTP/1.1" 503 282 "-" "Mozilla/5.0 (Windows NT 10.0; Win64; x64) AppleWebKit/537.36 (KHTML, like Gecko) Chrome/120.0.0.0 Safari/537.36"
20.78.169.245 - - [04/Feb/2026:08:21:53 -0800] "GET /goods.php HTTP/1.1" 503 282 "-" "Mozilla/5.0 (Windows NT 10.0; Win64; x64) AppleWebKit/537.36 (KHTML, like Gecko) Chrome/120.0.0.0 Safari/537.36"
20.78.169.245 - - [04/Feb/2026:08:21:54 -0800] "GET /sf.php HTTP/1.1" 503 282 "-" "Mozilla/5.0 (Windows NT 10.0; Win64; x64) AppleWebKit/537.36 (KHTML, like Gecko) Chrome/120.0.0.0 Safari/537.36"
20.78.169.245 - - [04/Feb/2026:08:21:54 -0800] "GET /wp-admin/ HTTP/1.1" 503 282 "-" "Mozilla/5.0 (Windows NT 10.0; Win64; x64) AppleWebKit/537.36 (KHTML, like Gecko) Chrome/120.0.0.0 Safari/537.36"
20.78.169.245 - - [04/Feb/2026:08:21:54 -0800] "GET /wp-admin/images/ HTTP/1.1" 503 282 "-" "Mozilla/5.0 (Windows NT 10.0; Win64; x64) AppleWebKit/537.36 (KHTML, like Gecko) Chrome/120.0.0.0 Safari/537.36"
20.78.169.245 - - [04/Feb/2026:08:21:55 -0800] "GET /wp-content/admin.php HTTP/1.1" 503 282 "-" "Mozilla/5.0 (Windows NT 10.0; Win64; x64) AppleWebKit/537.36 (KHTML, like Gecko) Chrome/120.0.0.0 Safari/537.36"
20.78.169.245 - - [04/Feb/2026:08:21:55 -0800] "GET /wp-content/uploads/admin.php HTTP/1.1" 503 282 "-" "Mozilla/5.0 (Windows NT 10.0; Win64; x64) AppleWebKit/537.36 (KHTML, like Gecko) Chrome/120.0.0.0 Safari/537.36"
20.78.169.245 - - [04/Feb/2026:08:21:55 -0800] "GET /wp-includes/ HTTP/1.1" 503 282 "-" "Mozilla/5.0 (Windows NT 10.0; Win64; x64) AppleWebKit/537.36 (KHTML, like Gecko) Chrome/120.0.0.0 Safari/537.36"
20.78.169.245 - - [04/Feb/2026:08:21:56 -0800] "GET /wp-includes/css/ HTTP/1.1" 503 282 "-" "Mozilla/5.0 (Windows NT 10.0; Win64; x64) AppleWebKit/537.36 (KHTML, like Gecko) Chrome/120.0.0.0 Safari/537.36"
20.78.169.245 - - [04/Feb/2026:08:21:56 -0800] "GET /wp-includes/js/plupload/ HTTP/1.1" 503 282 "-" "Mozilla/5.0 (Windows NT 10.0; Win64; x64) AppleWebKit/537.36 (KHTML, like Gecko) Chrome/120.0.0.0 Safari/537.36"
20.78.169.245 - - [04/Feb/2026:08:21:56 -0800] "GET /.well-known/ HTTP/1.1" 503 282 "-" "Mozilla/5.0 (Windows NT 10.0; Win64; x64) AppleWebKit/537.36 (KHTML, like Gecko) Chrome/120.0.0.0 Safari/537.36"
20.78.169.245 - - [04/Feb/2026:08:21:57 -0800] "GET /222.php HTTP/1.1" 503 282 "-" "Mozilla/5.0 (Windows NT 10.0; Win64; x64) AppleWebKit/537.36 (KHTML, like Gecko) Chrome/120.0.0.0 Safari/537.36"
20.78.169.245 - - [04/Feb/2026:08:21:57 -0800] "GET /abcd.php HTTP/1.1" 503 282 "-" "Mozilla/5.0 (Windows NT 10.0; Win64; x64) AppleWebKit/537.36 (KHTML, like Gecko) Chrome/120.0.0.0 Safari/537.36"
20.78.169.245 - - [04/Feb/2026:08:21:57 -0800] "GET /class-t.api.php HTTP/1.1" 503 282 "-" "Mozilla/5.0 (Windows NT 10.0; Win64; x64) AppleWebKit/537.36 (KHTML, like Gecko) Chrome/120.0.0.0 Safari/537.36"
20.78.169.245 - - [04/Feb/2026:08:21:58 -0800] "GET /classwithtostring.php HTTP/1.1" 503 282 "-" "Mozilla/5.0 (Windows NT 10.0; Win64; x64) AppleWebKit/537.36 (KHTML, like Gecko) Chrome/120.0.0.0 Safari/537.36"
20.78.169.245 - - [04/Feb/2026:08:21:58 -0800] "GET /file.php HTTP/1.1" 503 282 "-" "Mozilla/5.0 (Windows NT 10.0; Win64; x64) AppleWebKit/537.36 (KHTML, like Gecko) Chrome/120.0.0.0 Safari/537.36"
20.78.169.245 - - [04/Feb/2026:08:21:58 -0800] "GET /info.php HTTP/1.1" 503 282 "-" "Mozilla/5.0 (Windows NT 10.0; Win64; x64) AppleWebKit/537.36 (KHTML, like Gecko) Chrome/120.0.0.0 Safari/537.36"
20.78.169.245 - - [04/Feb/2026:08:21:59 -0800] "GET /wp-admin/css/colors/coffee/ HTTP/1.1" 503 282 "-" "Mozilla/5.0 (Windows NT 10.0; Win64; x64) AppleWebKit/537.36 (KHTML, like Gecko) Chrome/120.0.0.0 Safari/537.36"
20.78.169.245 - - [04/Feb/2026:08:21:59 -0800] "GET /wp-admin/js/widgets/ HTTP/1.1" 503 282 "-" "Mozilla/5.0 (Windows NT 10.0; Win64; x64) AppleWebKit/537.36 (KHTML, like Gecko) Chrome/120.0.0.0 Safari/537.36"
20.78.169.245 - - [04/Feb/2026:08:21:59 -0800] "GET /wp-content/languages/ HTTP/1.1" 503 282 "-" "Mozilla/5.0 (Windows NT 10.0; Win64; x64) AppleWebKit/537.36 (KHTML, like Gecko) Chrome/120.0.0.0 Safari/537.36"
20.78.169.245 - - [04/Feb/2026:08:22:00 -0800] "GET /wp-content/languages/plugins/ HTTP/1.1" 503 282 "-" "Mozilla/5.0 (Windows NT 10.0; Win64; x64) AppleWebKit/537.36 (KHTML, like Gecko) Chrome/120.0.0.0 Safari/537.36"
20.78.169.245 - - [04/Feb/2026:08:22:00 -0800] "GET /wp-content/themes/twentytwentyfour/ HTTP/1.1" 503 282 "-" "Mozilla/5.0 (Windows NT 10.0; Win64; x64) AppleWebKit/537.36 (KHTML, like Gecko) Chrome/120.0.0.0 Safari/537.36"
20.78.169.245 - - [04/Feb/2026:08:22:00 -0800] "GET /wp-content/upgrade/ HTTP/1.1" 503 282 "-" "Mozilla/5.0 (Windows NT 10.0; Win64; x64) AppleWebKit/537.36 (KHTML, like Gecko) Chrome/120.0.0.0 Safari/537.36"
20.78.169.245 - - [04/Feb/2026:08:22:01 -0800] "GET /wp-content/uploads/ HTTP/1.1" 503 282 "-" "Mozilla/5.0 (Windows NT 10.0; Win64; x64) AppleWebKit/537.36 (KHTML, like Gecko) Chrome/120.0.0.0 Safari/537.36"
20.78.169.245 - - [04/Feb/2026:08:22:01 -0800] "GET /wp-good.php HTTP/1.1" 503 282 "-" "Mozilla/5.0 (Windows NT 10.0; Win64; x64) AppleWebKit/537.36 (KHTML, like Gecko) Chrome/120.0.0.0 Safari/537.36"
20.78.169.245 - - [04/Feb/2026:08:22:01 -0800] "GET /wp-includes/js/jquery/ HTTP/1.1" 503 282 "-" "Mozilla/5.0 (Windows NT 10.0; Win64; x64) AppleWebKit/537.36 (KHTML, like Gecko) Chrome/120.0.0.0 Safari/537.36"
20.78.169.245 - - [04/Feb/2026:08:22:02 -0800] "GET /wp-includes/js/jquery/ui/ HTTP/1.1" 503 282 "-" "Mozilla/5.0 (Windows NT 10.0; Win64; x64) AppleWebKit/537.36 (KHTML, like Gecko) Chrome/120.0.0.0 Safari/537.36"
20.78.169.245 - - [04/Feb/2026:08:22:02 -0800] "GET /wp-includes/js/tinymce/themes/ HTTP/1.1" 503 282 "-" "Mozilla/5.0 (Windows NT 10.0; Win64; x64) AppleWebKit/537.36 (KHTML, like Gecko) Chrome/120.0.0.0 Safari/537.36"
20.78.169.245 - - [04/Feb/2026:08:22:02 -0800] "GET /wp-includes/rest-api/ HTTP/1.1" 503 282 "-" "Mozilla/5.0 (Windows NT 10.0; Win64; x64) AppleWebKit/537.36 (KHTML, like Gecko) Chrome/120.0.0.0 Safari/537.36"
57.141.0.59 - - [04/Feb/2026:08:22:02 -0800] "GET /?o=89122233059603 HTTP/1.1" 200 - "-" "meta-externalagent/1.1 (+https://developers.facebook.com/docs/sharing/webmasters/crawler)"
114.119.158.203 - - [04/Feb/2026:08:22:06 -0800] "GET /?o=47592212923401 HTTP/1.1" 200 - "https://copeastlegondistrict.org/sitemap.xml" "Mozilla/5.0 (Linux; Android 7.0;) AppleWebKit/537.36 (KHTML, like Gecko) Mobile Safari/537.36 (compatible; PetalBot;+https://webmaster.petalsearch.com/site/petalbot)"
57.141.0.29 - - [04/Feb/2026:08:22:21 -0800] "GET /?e=93743275361902 HTTP/1.1" 200 - "-" "meta-externalagent/1.1 (+https://developers.facebook.com/docs/sharing/webmasters/crawler)"
57.141.0.39 - - [04/Feb/2026:08:23:08 -0800] "GET /?o=90729239564103 HTTP/1.1" 200 - "-" "meta-externalagent/1.1 (+https://developers.facebook.com/docs/sharing/webmasters/crawler)"
57.141.0.55 - - [04/Feb/2026:08:23:09 -0800] "GET /?e=991105750905 HTTP/1.1" 200 - "-" "meta-externalagent/1.1 (+https://developers.facebook.com/docs/sharing/webmasters/crawler)"
57.141.0.39 - - [04/Feb/2026:08:23:14 -0800] "GET /?e=61718114200100 HTTP/1.1" 200 - "-" "meta-externalagent/1.1 (+https://developers.facebook.com/docs/sharing/webmasters/crawler)"
114.119.133.103 - - [04/Feb/2026:08:23:28 -0800] "GET /?o=24141242331804 HTTP/1.1" 200 - "https://copeastlegondistrict.org/sitemap.xml" "Mozilla/5.0 (Linux; Android 7.0;) AppleWebKit/537.36 (KHTML, like Gecko) Mobile Safari/537.36 (compatible; PetalBot;+https://webmaster.petalsearch.com/site/petalbot)"
57.141.0.30 - - [04/Feb/2026:08:24:08 -0800] "GET /?o=01822283880000 HTTP/1.1" 200 - "-" "meta-externalagent/1.1 (+https://developers.facebook.com/docs/sharing/webmasters/crawler)"
57.141.0.77 - - [04/Feb/2026:08:24:17 -0800] "GET /?o=81928203928706 HTTP/1.1" 200 - "-" "meta-externalagent/1.1 (+https://developers.facebook.com/docs/sharing/webmasters/crawler)"
57.141.0.3 - - [04/Feb/2026:08:24:20 -0800] "GET /?e=91819290859004 HTTP/1.1" 200 - "-" "meta-externalagent/1.1 (+https://developers.facebook.com/docs/sharing/webmasters/crawler)"
114.119.157.103 - - [04/Feb/2026:08:24:53 -0800] "GET /?o=21298133782804 HTTP/1.1" 200 - "https://copeastlegondistrict.org/sitemap.xml" "Mozilla/5.0 (Linux; Android 7.0;) AppleWebKit/537.36 (KHTML, like Gecko) Mobile Safari/537.36 (compatible; PetalBot;+https://webmaster.petalsearch.com/site/petalbot)"
57.141.0.51 - - [04/Feb/2026:08:24:54 -0800] "GET /?e=8930723924501 HTTP/1.1" 200 - "-" "meta-externalagent/1.1 (+https://developers.facebook.com/docs/sharing/webmasters/crawler)"
57.141.0.56 - - [04/Feb/2026:08:25:34 -0800] "GET /?e=75826192917104 HTTP/1.1" 200 - "-" "meta-externalagent/1.1 (+https://developers.facebook.com/docs/sharing/webmasters/crawler)"
57.141.0.47 - - [04/Feb/2026:08:25:46 -0800] "GET /?o=07903178475401 HTTP/1.1" 200 - "-" "meta-externalagent/1.1 (+https://developers.facebook.com/docs/sharing/webmasters/crawler)"
57.141.0.3 - - [04/Feb/2026:08:25:49 -0800] "GET /?o=5447829270803 HTTP/1.1" 200 - "-" "meta-externalagent/1.1 (+https://developers.facebook.com/docs/sharing/webmasters/crawler)"
57.141.0.44 - - [04/Feb/2026:08:25:58 -0800] "GET /?e=90613149604103 HTTP/1.1" 200 - "-" "meta-externalagent/1.1 (+https://developers.facebook.com/docs/sharing/webmasters/crawler)"
114.119.140.87 - - [04/Feb/2026:08:26:16 -0800] "GET /?o=1937390117203 HTTP/1.1" 200 - "https://copeastlegondistrict.org/sitemap.xml" "Mozilla/5.0 (Linux; Android 7.0;) AppleWebKit/537.36 (KHTML, like Gecko) Mobile Safari/537.36 (compatible; PetalBot;+https://webmaster.petalsearch.com/site/petalbot)"
217.182.64.155 - - [04/Feb/2026:08:26:18 -0800] "GET / HTTP/1.1" 200 - "-" "Mozilla/5.0"
57.141.0.37 - - [04/Feb/2026:08:26:23 -0800] "GET /?o=1948174399007 HTTP/1.1" 200 - "-" "meta-externalagent/1.1 (+https://developers.facebook.com/docs/sharing/webmasters/crawler)"
57.141.0.8 - - [04/Feb/2026:08:27:17 -0800] "GET /?e=51925267657606 HTTP/1.1" 200 - "-" "meta-externalagent/1.1 (+https://developers.facebook.com/docs/sharing/webmasters/crawler)"
57.141.0.32 - - [04/Feb/2026:08:27:25 -0800] "GET /?e=9608137394400 HTTP/1.1" 200 - "-" "meta-externalagent/1.1 (+https://developers.facebook.com/docs/sharing/webmasters/crawler)"
114.119.140.87 - - [04/Feb/2026:08:27:39 -0800] "GET /?o=15950147978000 HTTP/1.1" 200 - "https://copeastlegondistrict.org/sitemap.xml" "Mozilla/5.0 (Linux; Android 7.0;) AppleWebKit/537.36 (KHTML, like Gecko) Mobile Safari/537.36 (compatible; PetalBot;+https://webmaster.petalsearch.com/site/petalbot)"
57.141.0.4 - - [04/Feb/2026:08:28:31 -0800] "GET /?e=21909239753902 HTTP/1.1" 200 - "-" "meta-externalagent/1.1 (+https://developers.facebook.com/docs/sharing/webmasters/crawler)"
57.141.0.73 - - [04/Feb/2026:08:28:36 -0800] "GET /?e=0518512273200 HTTP/1.1" 200 - "-" "meta-externalagent/1.1 (+https://developers.facebook.com/docs/sharing/webmasters/crawler)"
57.141.0.56 - - [04/Feb/2026:08:29:15 -0800] "GET /?o=60032152653703 HTTP/1.1" 200 - "-" "meta-externalagent/1.1 (+https://developers.facebook.com/docs/sharing/webmasters/crawler)"
57.141.0.23 - - [04/Feb/2026:08:29:31 -0800] "GET /?e=1852140561301 HTTP/1.1" 200 - "-" "meta-externalagent/1.1 (+https://developers.facebook.com/docs/sharing/webmasters/crawler)"
57.141.0.52 - - [04/Feb/2026:08:29:38 -0800] "GET /?e=1310629422409 HTTP/1.1" 200 - "-" "meta-externalagent/1.1 (+https://developers.facebook.com/docs/sharing/webmasters/crawler)"
57.141.0.53 - - [04/Feb/2026:08:30:21 -0800] "GET /?e=62815121322102 HTTP/1.1" 200 - "-" "meta-externalagent/1.1 (+https://developers.facebook.com/docs/sharing/webmasters/crawler)"
57.141.0.78 - - [04/Feb/2026:08:30:50 -0800] "GET /?o=58301243295200 HTTP/1.1" 200 - "-" "meta-externalagent/1.1 (+https://developers.facebook.com/docs/sharing/webmasters/crawler)"
57.141.0.25 - - [04/Feb/2026:08:31:07 -0800] "GET /?e=8719466961405 HTTP/1.1" 200 - "-" "meta-externalagent/1.1 (+https://developers.facebook.com/docs/sharing/webmasters/crawler)"
57.141.0.12 - - [04/Feb/2026:08:31:10 -0800] "GET /?o=1082761789900 HTTP/1.1" 200 - "-" "meta-externalagent/1.1 (+https://developers.facebook.com/docs/sharing/webmasters/crawler)"
57.141.0.58 - - [04/Feb/2026:08:31:22 -0800] "GET /?e=82185166932300 HTTP/1.1" 200 - "-" "meta-externalagent/1.1 (+https://developers.facebook.com/docs/sharing/webmasters/crawler)"
57.141.0.40 - - [04/Feb/2026:08:31:34 -0800] "GET /?e=9827258991704 HTTP/1.1" 200 - "-" "meta-externalagent/1.1 (+https://developers.facebook.com/docs/sharing/webmasters/crawler)"
57.141.0.15 - - [04/Feb/2026:08:31:37 -0800] "GET /?o=3004172981600 HTTP/1.1" 200 - "-" "meta-externalagent/1.1 (+https://developers.facebook.com/docs/sharing/webmasters/crawler)"
57.141.0.18 - - [04/Feb/2026:08:33:18 -0800] "GET /?e=82170101588500 HTTP/1.1" 200 - "-" "meta-externalagent/1.1 (+https://developers.facebook.com/docs/sharing/webmasters/crawler)"
66.249.70.110 - - [04/Feb/2026:08:33:33 -0800] "GET /?e=33000281908601 HTTP/1.1" 200 197202 "-" "Mozilla/5.0 (Linux; Android 6.0.1; Nexus 5X Build/MMB29P) AppleWebKit/537.36 (KHTML, like Gecko) Chrome/144.0.7559.109 Mobile Safari/537.36 (compatible; Googlebot/2.1; +http://www.google.com/bot.html)"
57.141.0.25 - - [04/Feb/2026:08:33:58 -0800] "GET /?e=15351247114201 HTTP/1.1" 200 - "-" "meta-externalagent/1.1 (+https://developers.facebook.com/docs/sharing/webmasters/crawler)"
57.141.0.56 - - [04/Feb/2026:08:34:10 -0800] "GET /?e=97709299645703 HTTP/1.1" 200 - "-" "meta-externalagent/1.1 (+https://developers.facebook.com/docs/sharing/webmasters/crawler)"
57.141.0.31 - - [04/Feb/2026:08:34:26 -0800] "GET /?e=709923141507 HTTP/1.1" 200 - "-" "meta-externalagent/1.1 (+https://developers.facebook.com/docs/sharing/webmasters/crawler)"
114.119.150.208 - - [04/Feb/2026:08:34:37 -0800] "GET /?o=92085186600902 HTTP/1.1" 200 - "https://copeastlegondistrict.org/sitemap.xml" "Mozilla/5.0 (Linux; Android 7.0;) AppleWebKit/537.36 (KHTML, like Gecko) Mobile Safari/537.36 (compatible; PetalBot;+https://webmaster.petalsearch.com/site/petalbot)"
57.141.0.35 - - [04/Feb/2026:08:35:41 -0800] "GET /?o=00201122447104 HTTP/1.1" 200 - "-" "meta-externalagent/1.1 (+https://developers.facebook.com/docs/sharing/webmasters/crawler)"
57.141.0.77 - - [04/Feb/2026:08:35:47 -0800] "GET /?o=0313234262002 HTTP/1.1" 200 - "-" "meta-externalagent/1.1 (+https://developers.facebook.com/docs/sharing/webmasters/crawler)"
114.119.151.81 - - [04/Feb/2026:08:36:01 -0800] "GET /?o=68162152736600 HTTP/1.1" 200 - "https://copeastlegondistrict.org/sitemap.xml" "Mozilla/5.0 (Linux; Android 7.0;) AppleWebKit/537.36 (KHTML, like Gecko) Mobile Safari/537.36 (compatible; PetalBot;+https://webmaster.petalsearch.com/site/petalbot)"
57.141.0.15 - - [04/Feb/2026:08:36:32 -0800] "GET /?e=30800232696600 HTTP/1.1" 200 - "-" "meta-externalagent/1.1 (+https://developers.facebook.com/docs/sharing/webmasters/crawler)"
114.119.155.203 - - [04/Feb/2026:08:37:25 -0800] "GET /?o=62674150816402 HTTP/1.1" 200 - "https://copeastlegondistrict.org/sitemap.xml" "Mozilla/5.0 (Linux; Android 7.0;) AppleWebKit/537.36 (KHTML, like Gecko) Mobile Safari/537.36 (compatible; PetalBot;+https://webmaster.petalsearch.com/site/petalbot)"
66.249.70.110 - - [04/Feb/2026:08:37:46 -0800] "GET /?o=84014102076000 HTTP/1.1" 200 201697 "-" "Mozilla/5.0 (Linux; Android 6.0.1; Nexus 5X Build/MMB29P) AppleWebKit/537.36 (KHTML, like Gecko) Chrome/144.0.7559.109 Mobile Safari/537.36 (compatible; Googlebot/2.1; +http://www.google.com/bot.html)"
66.249.70.110 - - [04/Feb/2026:08:37:47 -0800] "GET /?e=13878142460902 HTTP/1.1" 200 207824 "-" "Mozilla/5.0 (Linux; Android 6.0.1; Nexus 5X Build/MMB29P) AppleWebKit/537.36 (KHTML, like Gecko) Chrome/144.0.7559.109 Mobile Safari/537.36 (compatible; Googlebot/2.1; +http://www.google.com/bot.html)"
66.249.70.110 - - [04/Feb/2026:08:37:48 -0800] "GET /?o=1329223548706 HTTP/1.1" 200 - "-" "Mozilla/5.0 (Linux; Android 6.0.1; Nexus 5X Build/MMB29P) AppleWebKit/537.36 (KHTML, like Gecko) Chrome/144.0.7559.109 Mobile Safari/537.36 (compatible; Googlebot/2.1; +http://www.google.com/bot.html)"
66.249.70.97 - - [04/Feb/2026:08:37:49 -0800] "GET /?e=48627262020702 HTTP/1.1" 200 195595 "-" "Mozilla/5.0 (Linux; Android 6.0.1; Nexus 5X Build/MMB29P) AppleWebKit/537.36 (KHTML, like Gecko) Chrome/144.0.7559.109 Mobile Safari/537.36 (compatible; Googlebot/2.1; +http://www.google.com/bot.html)"
57.141.0.2 - - [04/Feb/2026:08:38:29 -0800] "GET /?o=59132247227200 HTTP/1.1" 200 - "-" "meta-externalagent/1.1 (+https://developers.facebook.com/docs/sharing/webmasters/crawler)"
66.249.70.110 - - [04/Feb/2026:08:38:35 -0800] "GET /?e=4227710991405 HTTP/1.1" 200 189187 "-" "Mozilla/5.0 (Linux; Android 6.0.1; Nexus 5X Build/MMB29P) AppleWebKit/537.36 (KHTML, like Gecko) Chrome/144.0.7559.109 Mobile Safari/537.36 (compatible; Googlebot/2.1; +http://www.google.com/bot.html)"
114.119.151.107 - - [04/Feb/2026:08:38:48 -0800] "GET /?o=19987206779904 HTTP/1.1" 200 - "https://copeastlegondistrict.org/sitemap.xml" "Mozilla/5.0 (Linux; Android 7.0;) AppleWebKit/537.36 (KHTML, like Gecko) Mobile Safari/537.36 (compatible; PetalBot;+https://webmaster.petalsearch.com/site/petalbot)"
57.141.0.8 - - [04/Feb/2026:08:39:00 -0800] "GET /?o=2231791310001 HTTP/1.1" 200 - "-" "meta-externalagent/1.1 (+https://developers.facebook.com/docs/sharing/webmasters/crawler)"
66.249.70.97 - - [04/Feb/2026:08:39:22 -0800] "GET /?o=27720111899603 HTTP/1.1" 200 194735 "-" "Mozilla/5.0 (Linux; Android 6.0.1; Nexus 5X Build/MMB29P) AppleWebKit/537.36 (KHTML, like Gecko) Chrome/144.0.7559.109 Mobile Safari/537.36 (compatible; Googlebot/2.1; +http://www.google.com/bot.html)"
