66.249.70.97 - - [04/Feb/2026:08:39:22 -0800] "GET /?e=2979672139700 HTTP/1.1" 200 205208 "-" "Mozilla/5.0 (Linux; Android 6.0.1; Nexus 5X Build/MMB29P) AppleWebKit/537.36 (KHTML, like Gecko) Chrome/144.0.7559.109 Mobile Safari/537.36 (compatible; Googlebot/2.1; +http://www.google.com/bot.html)"
66.249.70.97 - - [04/Feb/2026:08:39:23 -0800] "GET /?e=68487254784903 HTTP/1.1" 200 194218 "-" "Mozilla/5.0 (Linux; Android 6.0.1; Nexus 5X Build/MMB29P) AppleWebKit/537.36 (KHTML, like Gecko) Chrome/144.0.7559.109 Mobile Safari/537.36 (compatible; Googlebot/2.1; +http://www.google.com/bot.html)"
66.249.70.96 - - [04/Feb/2026:08:39:24 -0800] "GET /?e=62293111872900 HTTP/1.1" 200 199357 "-" "Mozilla/5.0 (Linux; Android 6.0.1; Nexus 5X Build/MMB29P) AppleWebKit/537.36 (KHTML, like Gecko) Chrome/144.0.7559.109 Mobile Safari/537.36 (compatible; Googlebot/2.1; +http://www.google.com/bot.html)"
66.249.70.97 - - [04/Feb/2026:08:39:24 -0800] "GET /?o=1989461071400 HTTP/1.1" 200 201443 "-" "Mozilla/5.0 (Linux; Android 6.0.1; Nexus 5X Build/MMB29P) AppleWebKit/537.36 (KHTML, like Gecko) Chrome/144.0.7559.109 Mobile Safari/537.36 (compatible; Googlebot/2.1; +http://www.google.com/bot.html)"
52.230.35.34 - - [04/Feb/2026:08:39:36 -0800] "GET /rip.php HTTP/1.1" 200 12170 "-" "Mozilla/5.0 (Windows NT 10.0; Win64; x64) AppleWebKit/537.36 (KHTML, like Gecko) Chrome/120.0.0.0 Safari/537.36"
52.230.35.34 - - [04/Feb/2026:08:39:36 -0800] "GET /about.php HTTP/1.1" 200 12169 "-" "Mozilla/5.0 (Windows NT 10.0; Win64; x64) AppleWebKit/537.36 (KHTML, like Gecko) Chrome/120.0.0.0 Safari/537.36"
52.230.35.34 - - [04/Feb/2026:08:39:37 -0800] "GET /wp-content/plugins/hello-dolly/ HTTP/1.1" 200 12182 "-" "Mozilla/5.0 (Windows NT 10.0; Win64; x64) AppleWebKit/537.36 (KHTML, like Gecko) Chrome/120.0.0.0 Safari/537.36"
52.230.35.34 - - [04/Feb/2026:08:39:38 -0800] "GET /wp-content/themes/admin.php HTTP/1.1" 200 12183 "-" "Mozilla/5.0 (Windows NT 10.0; Win64; x64) AppleWebKit/537.36 (KHTML, like Gecko) Chrome/120.0.0.0 Safari/537.36"
52.230.35.34 - - [04/Feb/2026:08:39:39 -0800] "GET /admin.php HTTP/1.1" 200 12166 "-" "Mozilla/5.0 (Windows NT 10.0; Win64; x64) AppleWebKit/537.36 (KHTML, like Gecko) Chrome/120.0.0.0 Safari/537.36"
52.230.35.34 - - [04/Feb/2026:08:39:39 -0800] "GET /adminfuns.php HTTP/1.1" 200 12174 "-" "Mozilla/5.0 (Windows NT 10.0; Win64; x64) AppleWebKit/537.36 (KHTML, like Gecko) Chrome/120.0.0.0 Safari/537.36"
52.230.35.34 - - [04/Feb/2026:08:39:40 -0800] "GET /wp-content/cache/ HTTP/1.1" 200 12177 "-" "Mozilla/5.0 (Windows NT 10.0; Win64; x64) AppleWebKit/537.36 (KHTML, like Gecko) Chrome/120.0.0.0 Safari/537.36"
52.230.35.34 - - [04/Feb/2026:08:39:41 -0800] "GET /wp-includes/js/thickbox/ HTTP/1.1" 200 12182 "-" "Mozilla/5.0 (Windows NT 10.0; Win64; x64) AppleWebKit/537.36 (KHTML, like Gecko) Chrome/120.0.0.0 Safari/537.36"
52.230.35.34 - - [04/Feb/2026:08:39:42 -0800] "GET /goods.php HTTP/1.1" 200 12173 "-" "Mozilla/5.0 (Windows NT 10.0; Win64; x64) AppleWebKit/537.36 (KHTML, like Gecko) Chrome/120.0.0.0 Safari/537.36"
52.230.35.34 - - [04/Feb/2026:08:39:42 -0800] "GET /sf.php HTTP/1.1" 200 12168 "-" "Mozilla/5.0 (Windows NT 10.0; Win64; x64) AppleWebKit/537.36 (KHTML, like Gecko) Chrome/120.0.0.0 Safari/537.36"
52.230.35.34 - - [04/Feb/2026:08:39:43 -0800] "GET /wp-admin/ HTTP/1.1" 200 12170 "-" "Mozilla/5.0 (Windows NT 10.0; Win64; x64) AppleWebKit/537.36 (KHTML, like Gecko) Chrome/120.0.0.0 Safari/537.36"
52.230.35.34 - - [04/Feb/2026:08:39:44 -0800] "GET /wp-admin/images/ HTTP/1.1" 200 12171 "-" "Mozilla/5.0 (Windows NT 10.0; Win64; x64) AppleWebKit/537.36 (KHTML, like Gecko) Chrome/120.0.0.0 Safari/537.36"
52.230.35.34 - - [04/Feb/2026:08:39:45 -0800] "GET /wp-content/admin.php HTTP/1.1" 200 12176 "-" "Mozilla/5.0 (Windows NT 10.0; Win64; x64) AppleWebKit/537.36 (KHTML, like Gecko) Chrome/120.0.0.0 Safari/537.36"
52.230.35.34 - - [04/Feb/2026:08:39:45 -0800] "GET /wp-content/uploads/admin.php HTTP/1.1" 200 12183 "-" "Mozilla/5.0 (Windows NT 10.0; Win64; x64) AppleWebKit/537.36 (KHTML, like Gecko) Chrome/120.0.0.0 Safari/537.36"
52.230.35.34 - - [04/Feb/2026:08:39:46 -0800] "GET /wp-includes/ HTTP/1.1" 200 12170 "-" "Mozilla/5.0 (Windows NT 10.0; Win64; x64) AppleWebKit/537.36 (KHTML, like Gecko) Chrome/120.0.0.0 Safari/537.36"
52.230.35.34 - - [04/Feb/2026:08:39:47 -0800] "GET /wp-includes/css/ HTTP/1.1" 200 12171 "-" "Mozilla/5.0 (Windows NT 10.0; Win64; x64) AppleWebKit/537.36 (KHTML, like Gecko) Chrome/120.0.0.0 Safari/537.36"
52.230.35.34 - - [04/Feb/2026:08:39:48 -0800] "GET /wp-includes/js/plupload/ HTTP/1.1" 200 12180 "-" "Mozilla/5.0 (Windows NT 10.0; Win64; x64) AppleWebKit/537.36 (KHTML, like Gecko) Chrome/120.0.0.0 Safari/537.36"
52.230.35.34 - - [04/Feb/2026:08:39:48 -0800] "GET /.well-known/ HTTP/1.1" 200 12172 "-" "Mozilla/5.0 (Windows NT 10.0; Win64; x64) AppleWebKit/537.36 (KHTML, like Gecko) Chrome/120.0.0.0 Safari/537.36"
52.230.35.34 - - [04/Feb/2026:08:39:49 -0800] "GET /222.php HTTP/1.1" 200 12169 "-" "Mozilla/5.0 (Windows NT 10.0; Win64; x64) AppleWebKit/537.36 (KHTML, like Gecko) Chrome/120.0.0.0 Safari/537.36"
52.230.35.34 - - [04/Feb/2026:08:39:50 -0800] "GET /abcd.php HTTP/1.1" 200 12167 "-" "Mozilla/5.0 (Windows NT 10.0; Win64; x64) AppleWebKit/537.36 (KHTML, like Gecko) Chrome/120.0.0.0 Safari/537.36"
52.230.35.34 - - [04/Feb/2026:08:39:51 -0800] "GET /class-t.api.php HTTP/1.1" 200 12172 "-" "Mozilla/5.0 (Windows NT 10.0; Win64; x64) AppleWebKit/537.36 (KHTML, like Gecko) Chrome/120.0.0.0 Safari/537.36"
57.141.0.19 - - [04/Feb/2026:08:39:51 -0800] "GET /?e=47009222197002 HTTP/1.1" 200 - "-" "meta-externalagent/1.1 (+https://developers.facebook.com/docs/sharing/webmasters/crawler)"
52.230.35.34 - - [04/Feb/2026:08:39:51 -0800] "GET /classwithtostring.php HTTP/1.1" 200 12173 "-" "Mozilla/5.0 (Windows NT 10.0; Win64; x64) AppleWebKit/537.36 (KHTML, like Gecko) Chrome/120.0.0.0 Safari/537.36"
52.230.35.34 - - [04/Feb/2026:08:39:52 -0800] "GET /file.php HTTP/1.1" 200 12164 "-" "Mozilla/5.0 (Windows NT 10.0; Win64; x64) AppleWebKit/537.36 (KHTML, like Gecko) Chrome/120.0.0.0 Safari/537.36"
52.230.35.34 - - [04/Feb/2026:08:39:53 -0800] "GET /info.php HTTP/1.1" 200 12170 "-" "Mozilla/5.0 (Windows NT 10.0; Win64; x64) AppleWebKit/537.36 (KHTML, like Gecko) Chrome/120.0.0.0 Safari/537.36"
52.230.35.34 - - [04/Feb/2026:08:39:54 -0800] "GET /wp-admin/css/colors/coffee/ HTTP/1.1" 200 12178 "-" "Mozilla/5.0 (Windows NT 10.0; Win64; x64) AppleWebKit/537.36 (KHTML, like Gecko) Chrome/120.0.0.0 Safari/537.36"
52.230.35.34 - - [04/Feb/2026:08:39:54 -0800] "GET /wp-admin/js/widgets/ HTTP/1.1" 200 12178 "-" "Mozilla/5.0 (Windows NT 10.0; Win64; x64) AppleWebKit/537.36 (KHTML, like Gecko) Chrome/120.0.0.0 Safari/537.36"
52.230.35.34 - - [04/Feb/2026:08:39:55 -0800] "GET /wp-content/languages/ HTTP/1.1" 200 12180 "-" "Mozilla/5.0 (Windows NT 10.0; Win64; x64) AppleWebKit/537.36 (KHTML, like Gecko) Chrome/120.0.0.0 Safari/537.36"
52.230.35.34 - - [04/Feb/2026:08:39:56 -0800] "GET /wp-content/languages/plugins/ HTTP/1.1" 200 12184 "-" "Mozilla/5.0 (Windows NT 10.0; Win64; x64) AppleWebKit/537.36 (KHTML, like Gecko) Chrome/120.0.0.0 Safari/537.36"
52.230.35.34 - - [04/Feb/2026:08:39:57 -0800] "GET /wp-content/themes/twentytwentyfour/ HTTP/1.1" 200 12180 "-" "Mozilla/5.0 (Windows NT 10.0; Win64; x64) AppleWebKit/537.36 (KHTML, like Gecko) Chrome/120.0.0.0 Safari/537.36"
52.230.35.34 - - [04/Feb/2026:08:39:57 -0800] "GET /wp-content/upgrade/ HTTP/1.1" 200 12172 "-" "Mozilla/5.0 (Windows NT 10.0; Win64; x64) AppleWebKit/537.36 (KHTML, like Gecko) Chrome/120.0.0.0 Safari/537.36"
52.230.35.34 - - [04/Feb/2026:08:39:58 -0800] "GET /wp-content/uploads/ HTTP/1.1" 200 12174 "-" "Mozilla/5.0 (Windows NT 10.0; Win64; x64) AppleWebKit/537.36 (KHTML, like Gecko) Chrome/120.0.0.0 Safari/537.36"
52.230.35.34 - - [04/Feb/2026:08:39:59 -0800] "GET /wp-good.php HTTP/1.1" 200 12180 "-" "Mozilla/5.0 (Windows NT 10.0; Win64; x64) AppleWebKit/537.36 (KHTML, like Gecko) Chrome/120.0.0.0 Safari/537.36"
52.230.35.34 - - [04/Feb/2026:08:40:00 -0800] "GET /wp-includes/js/jquery/ HTTP/1.1" 200 12175 "-" "Mozilla/5.0 (Windows NT 10.0; Win64; x64) AppleWebKit/537.36 (KHTML, like Gecko) Chrome/120.0.0.0 Safari/537.36"
52.230.35.34 - - [04/Feb/2026:08:40:00 -0800] "GET /wp-includes/js/jquery/ui/ HTTP/1.1" 200 12181 "-" "Mozilla/5.0 (Windows NT 10.0; Win64; x64) AppleWebKit/537.36 (KHTML, like Gecko) Chrome/120.0.0.0 Safari/537.36"
52.230.35.34 - - [04/Feb/2026:08:40:01 -0800] "GET /wp-includes/js/tinymce/themes/ HTTP/1.1" 200 12186 "-" "Mozilla/5.0 (Windows NT 10.0; Win64; x64) AppleWebKit/537.36 (KHTML, like Gecko) Chrome/120.0.0.0 Safari/537.36"
52.230.35.34 - - [04/Feb/2026:08:40:02 -0800] "GET /wp-includes/rest-api/ HTTP/1.1" 200 12177 "-" "Mozilla/5.0 (Windows NT 10.0; Win64; x64) AppleWebKit/537.36 (KHTML, like Gecko) Chrome/120.0.0.0 Safari/537.36"
114.119.158.203 - - [04/Feb/2026:08:40:12 -0800] "GET /?o=070195032602 HTTP/1.1" 200 - "https://copeastlegondistrict.org/sitemap.xml" "Mozilla/5.0 (Linux; Android 7.0;) AppleWebKit/537.36 (KHTML, like Gecko) Mobile Safari/537.36 (compatible; PetalBot;+https://webmaster.petalsearch.com/site/petalbot)"
57.141.0.22 - - [04/Feb/2026:08:40:20 -0800] "GET /?e=30518106698403 HTTP/1.1" 200 - "-" "meta-externalagent/1.1 (+https://developers.facebook.com/docs/sharing/webmasters/crawler)"
57.141.0.24 - - [04/Feb/2026:08:40:15 -0800] "GET /?e=020307505702 HTTP/1.1" 200 - "-" "meta-externalagent/1.1 (+https://developers.facebook.com/docs/sharing/webmasters/crawler)"
57.141.0.59 - - [04/Feb/2026:08:40:50 -0800] "GET /?e=3979976111401 HTTP/1.1" 200 - "-" "meta-externalagent/1.1 (+https://developers.facebook.com/docs/sharing/webmasters/crawler)"
114.119.157.103 - - [04/Feb/2026:08:41:36 -0800] "GET /?o=02693183162800 HTTP/1.1" 200 - "https://copeastlegondistrict.org/sitemap.xml" "Mozilla/5.0 (Linux; Android 7.0;) AppleWebKit/537.36 (KHTML, like Gecko) Mobile Safari/537.36 (compatible; PetalBot;+https://webmaster.petalsearch.com/site/petalbot)"
57.141.0.37 - - [04/Feb/2026:08:43:18 -0800] "GET /?o=78224272865803 HTTP/1.1" 200 - "-" "meta-externalagent/1.1 (+https://developers.facebook.com/docs/sharing/webmasters/crawler)"
57.141.0.31 - - [04/Feb/2026:08:43:39 -0800] "GET /?o=8775355425705 HTTP/1.1" 200 - "-" "meta-externalagent/1.1 (+https://developers.facebook.com/docs/sharing/webmasters/crawler)"
57.141.0.21 - - [04/Feb/2026:08:43:48 -0800] "GET /?o=8302423224700 HTTP/1.1" 200 - "-" "meta-externalagent/1.1 (+https://developers.facebook.com/docs/sharing/webmasters/crawler)"
57.141.0.75 - - [04/Feb/2026:08:44:17 -0800] "GET /?e=7720078575004 HTTP/1.1" 200 - "-" "meta-externalagent/1.1 (+https://developers.facebook.com/docs/sharing/webmasters/crawler)"
66.249.70.96 - - [04/Feb/2026:08:44:42 -0800] "GET /?o=51209262607205 HTTP/1.1" 200 - "-" "Mozilla/5.0 (Linux; Android 6.0.1; Nexus 5X Build/MMB29P) AppleWebKit/537.36 (KHTML, like Gecko) Chrome/144.0.7559.109 Mobile Safari/537.36 (compatible; Googlebot/2.1; +http://www.google.com/bot.html)"
57.141.0.34 - - [04/Feb/2026:08:45:14 -0800] "GET /?o=78521285079800 HTTP/1.1" 200 - "-" "meta-externalagent/1.1 (+https://developers.facebook.com/docs/sharing/webmasters/crawler)"
57.141.0.58 - - [04/Feb/2026:08:45:23 -0800] "GET /?e=95919291593301 HTTP/1.1" 200 - "-" "meta-externalagent/1.1 (+https://developers.facebook.com/docs/sharing/webmasters/crawler)"
114.119.140.87 - - [04/Feb/2026:08:45:45 -0800] "GET /?o=8987991470501 HTTP/1.1" 200 - "https://copeastlegondistrict.org/sitemap.xml" "Mozilla/5.0 (Linux; Android 7.0;) AppleWebKit/537.36 (KHTML, like Gecko) Mobile Safari/537.36 (compatible; PetalBot;+https://webmaster.petalsearch.com/site/petalbot)"
57.141.0.43 - - [04/Feb/2026:08:46:18 -0800] "GET /?o=28357134591900 HTTP/1.1" 200 - "-" "meta-externalagent/1.1 (+https://developers.facebook.com/docs/sharing/webmasters/crawler)"
114.119.150.208 - - [04/Feb/2026:08:47:09 -0800] "GET /?o=75041232091402 HTTP/1.1" 200 - "https://copeastlegondistrict.org/sitemap.xml" "Mozilla/5.0 (Linux; Android 7.0;) AppleWebKit/537.36 (KHTML, like Gecko) Mobile Safari/537.36 (compatible; PetalBot;+https://webmaster.petalsearch.com/site/petalbot)"
66.249.70.110 - - [04/Feb/2026:08:47:45 -0800] "GET /?o=90612135979405 HTTP/1.1" 200 - "-" "Mozilla/5.0 (Linux; Android 6.0.1; Nexus 5X Build/MMB29P) AppleWebKit/537.36 (KHTML, like Gecko) Chrome/144.0.7559.109 Mobile Safari/537.36 (compatible; Googlebot/2.1; +http://www.google.com/bot.html)"
114.119.157.103 - - [04/Feb/2026:08:48:32 -0800] "GET /?o=7260482887900 HTTP/1.1" 200 - "https://copeastlegondistrict.org/sitemap.xml" "Mozilla/5.0 (Linux; Android 7.0;) AppleWebKit/537.36 (KHTML, like Gecko) Mobile Safari/537.36 (compatible; PetalBot;+https://webmaster.petalsearch.com/site/petalbot)"
57.141.0.14 - - [04/Feb/2026:08:49:44 -0800] "GET /?o=177351838501 HTTP/1.1" 200 - "-" "meta-externalagent/1.1 (+https://developers.facebook.com/docs/sharing/webmasters/crawler)"
57.141.0.32 - - [04/Feb/2026:08:49:50 -0800] "GET /?e=8207654839504 HTTP/1.1" 200 - "-" "meta-externalagent/1.1 (+https://developers.facebook.com/docs/sharing/webmasters/crawler)"
114.119.158.203 - - [04/Feb/2026:08:49:56 -0800] "GET /?o=1427224706301 HTTP/1.1" 200 - "https://copeastlegondistrict.org/sitemap.xml" "Mozilla/5.0 (Linux; Android 7.0;) AppleWebKit/537.36 (KHTML, like Gecko) Mobile Safari/537.36 (compatible; PetalBot;+https://webmaster.petalsearch.com/site/petalbot)"
57.141.0.56 - - [04/Feb/2026:08:51:33 -0800] "GET /?e=87278267883200 HTTP/1.1" 200 - "-" "meta-externalagent/1.1 (+https://developers.facebook.com/docs/sharing/webmasters/crawler)"
66.249.70.97 - - [04/Feb/2026:08:51:33 -0800] "GET /?e=24199214300803 HTTP/1.1" 200 210160 "-" "Mozilla/5.0 (Linux; Android 6.0.1; Nexus 5X Build/MMB29P) AppleWebKit/537.36 (KHTML, like Gecko) Chrome/144.0.7559.109 Mobile Safari/537.36 (compatible; Googlebot/2.1; +http://www.google.com/bot.html)"
57.141.0.52 - - [04/Feb/2026:08:51:57 -0800] "GET /?e=12814272893904 HTTP/1.1" 200 - "-" "meta-externalagent/1.1 (+https://developers.facebook.com/docs/sharing/webmasters/crawler)"
114.119.133.103 - - [04/Feb/2026:08:52:43 -0800] "GET /?o=79892143267105 HTTP/1.1" 200 - "https://copeastlegondistrict.org/sitemap.xml" "Mozilla/5.0 (Linux; Android 7.0;) AppleWebKit/537.36 (KHTML, like Gecko) Mobile Safari/537.36 (compatible; PetalBot;+https://webmaster.petalsearch.com/site/petalbot)"
57.141.0.76 - - [04/Feb/2026:08:53:17 -0800] "GET /?o=410795040901 HTTP/1.1" 200 - "-" "meta-externalagent/1.1 (+https://developers.facebook.com/docs/sharing/webmasters/crawler)"
66.249.70.97 - - [04/Feb/2026:08:53:50 -0800] "GET /?o=2108979244501 HTTP/1.1" 200 - "-" "Mozilla/5.0 (Linux; Android 6.0.1; Nexus 5X Build/MMB29P) AppleWebKit/537.36 (KHTML, like Gecko) Chrome/144.0.7559.109 Mobile Safari/537.36 (compatible; Googlebot/2.1; +http://www.google.com/bot.html)"
66.249.70.96 - - [04/Feb/2026:08:53:51 -0800] "GET /?o=42796144149504 HTTP/1.1" 200 192199 "-" "Mozilla/5.0 (Linux; Android 6.0.1; Nexus 5X Build/MMB29P) AppleWebKit/537.36 (KHTML, like Gecko) Chrome/144.0.7559.109 Mobile Safari/537.36 (compatible; Googlebot/2.1; +http://www.google.com/bot.html)"
114.119.133.103 - - [04/Feb/2026:08:54:06 -0800] "GET /?o=1297997818903 HTTP/1.1" 200 - "https://copeastlegondistrict.org/sitemap.xml" "Mozilla/5.0 (Linux; Android 7.0;) AppleWebKit/537.36 (KHTML, like Gecko) Mobile Safari/537.36 (compatible; PetalBot;+https://webmaster.petalsearch.com/site/petalbot)"
66.249.70.110 - - [04/Feb/2026:08:54:34 -0800] "GET /?e=38012104115000 HTTP/1.1" 200 194423 "-" "Mozilla/5.0 (Linux; Android 6.0.1; Nexus 5X Build/MMB29P) AppleWebKit/537.36 (KHTML, like Gecko) Chrome/144.0.7559.109 Mobile Safari/537.36 (compatible; Googlebot/2.1; +http://www.google.com/bot.html)"
57.141.0.58 - - [04/Feb/2026:08:55:18 -0800] "GET /?e=70900260250605 HTTP/1.1" 200 - "-" "meta-externalagent/1.1 (+https://developers.facebook.com/docs/sharing/webmasters/crawler)"
57.141.0.11 - - [04/Feb/2026:08:56:34 -0800] "GET /?e=71888206494701 HTTP/1.1" 200 - "-" "meta-externalagent/1.1 (+https://developers.facebook.com/docs/sharing/webmasters/crawler)"
66.249.70.97 - - [04/Feb/2026:08:56:40 -0800] "GET /?e=51907297099201 HTTP/1.1" 200 194613 "-" "Mozilla/5.0 (Linux; Android 6.0.1; Nexus 5X Build/MMB29P) AppleWebKit/537.36 (KHTML, like Gecko) Chrome/144.0.7559.109 Mobile Safari/537.36 (compatible; Googlebot/2.1; +http://www.google.com/bot.html)"
66.249.70.96 - - [04/Feb/2026:08:56:41 -0800] "GET /?e=8746063929500 HTTP/1.1" 200 196929 "-" "Mozilla/5.0 (Linux; Android 6.0.1; Nexus 5X Build/MMB29P) AppleWebKit/537.36 (KHTML, like Gecko) Chrome/144.0.7559.109 Mobile Safari/537.36 (compatible; Googlebot/2.1; +http://www.google.com/bot.html)"
57.141.0.27 - - [04/Feb/2026:08:57:05 -0800] "GET /?o=83024236534300 HTTP/1.1" 200 - "-" "meta-externalagent/1.1 (+https://developers.facebook.com/docs/sharing/webmasters/crawler)"
57.141.0.32 - - [04/Feb/2026:08:57:58 -0800] "GET /?o=66157108142200 HTTP/1.1" 200 - "-" "meta-externalagent/1.1 (+https://developers.facebook.com/docs/sharing/webmasters/crawler)"
66.249.70.110 - - [04/Feb/2026:08:58:06 -0800] "GET /?o=2006087191500 HTTP/1.1" 200 199529 "-" "Mozilla/5.0 (Linux; Android 6.0.1; Nexus 5X Build/MMB29P) AppleWebKit/537.36 (KHTML, like Gecko) Chrome/144.0.7559.109 Mobile Safari/537.36 (compatible; Googlebot/2.1; +http://www.google.com/bot.html)"
57.141.0.35 - - [04/Feb/2026:08:58:16 -0800] "GET /?o=5839874249200 HTTP/1.1" 200 - "-" "meta-externalagent/1.1 (+https://developers.facebook.com/docs/sharing/webmasters/crawler)"
57.141.0.4 - - [04/Feb/2026:08:58:58 -0800] "GET /?o=3704561653606 HTTP/1.1" 200 - "-" "meta-externalagent/1.1 (+https://developers.facebook.com/docs/sharing/webmasters/crawler)"
66.249.70.110 - - [04/Feb/2026:08:59:31 -0800] "GET /?o=89806170300402 HTTP/1.1" 200 208017 "-" "Mozilla/5.0 (Linux; Android 6.0.1; Nexus 5X Build/MMB29P) AppleWebKit/537.36 (KHTML, like Gecko) Chrome/144.0.7559.109 Mobile Safari/537.36 (compatible; Googlebot/2.1; +http://www.google.com/bot.html)"
57.141.0.14 - - [04/Feb/2026:09:00:11 -0800] "GET /?e=38080255536413 HTTP/1.1" 200 - "-" "meta-externalagent/1.1 (+https://developers.facebook.com/docs/sharing/webmasters/crawler)"
57.141.0.60 - - [04/Feb/2026:09:00:12 -0800] "GET /?e=02063181879804 HTTP/1.1" 200 - "-" "meta-externalagent/1.1 (+https://developers.facebook.com/docs/sharing/webmasters/crawler)"
66.249.70.110 - - [04/Feb/2026:09:00:55 -0800] "GET /?o=110701245805 HTTP/1.1" 200 - "-" "Mozilla/5.0 (Linux; Android 6.0.1; Nexus 5X Build/MMB29P) AppleWebKit/537.36 (KHTML, like Gecko) Chrome/144.0.7559.109 Mobile Safari/537.36 (compatible; Googlebot/2.1; +http://www.google.com/bot.html)"
66.249.70.110 - - [04/Feb/2026:09:01:37 -0800] "GET /?o=988719465404 HTTP/1.1" 200 - "-" "Mozilla/5.0 (Linux; Android 6.0.1; Nexus 5X Build/MMB29P) AppleWebKit/537.36 (KHTML, like Gecko) Chrome/144.0.7559.109 Mobile Safari/537.36 (compatible; Googlebot/2.1; +http://www.google.com/bot.html)"
66.249.70.96 - - [04/Feb/2026:09:02:20 -0800] "GET /?e=49986144568500 HTTP/1.1" 200 203433 "-" "Mozilla/5.0 (Linux; Android 6.0.1; Nexus 5X Build/MMB29P) AppleWebKit/537.36 (KHTML, like Gecko) Chrome/144.0.7559.109 Mobile Safari/537.36 (compatible; Googlebot/2.1; +http://www.google.com/bot.html)"
57.141.0.58 - - [04/Feb/2026:09:02:42 -0800] "GET /?e=1399054882204 HTTP/1.1" 200 - "-" "meta-externalagent/1.1 (+https://developers.facebook.com/docs/sharing/webmasters/crawler)"
114.119.150.208 - - [04/Feb/2026:09:04:00 -0800] "GET /?o=65059163585703 HTTP/1.1" 200 - "https://copeastlegondistrict.org/sitemap.xml" "Mozilla/5.0 (Linux; Android 7.0;) AppleWebKit/537.36 (KHTML, like Gecko) Mobile Safari/537.36 (compatible; PetalBot;+https://webmaster.petalsearch.com/site/petalbot)"
57.141.0.75 - - [04/Feb/2026:09:04:13 -0800] "GET /?o=89979248901706 HTTP/1.1" 200 - "-" "meta-externalagent/1.1 (+https://developers.facebook.com/docs/sharing/webmasters/crawler)"
66.249.70.110 - - [04/Feb/2026:09:04:20 -0800] "GET /?e=5213434812100 HTTP/1.1" 200 197380 "-" "Mozilla/5.0 (Linux; Android 6.0.1; Nexus 5X Build/MMB29P) AppleWebKit/537.36 (KHTML, like Gecko) Chrome/144.0.7559.109 Mobile Safari/537.36 (compatible; Googlebot/2.1; +http://www.google.com/bot.html)"
66.249.70.97 - - [04/Feb/2026:09:05:46 -0800] "GET /?o=17100129981103 HTTP/1.1" 200 - "-" "Mozilla/5.0 (Linux; Android 6.0.1; Nexus 5X Build/MMB29P) AppleWebKit/537.36 (KHTML, like Gecko) Chrome/144.0.7559.109 Mobile Safari/537.36 (compatible; Googlebot/2.1; +http://www.google.com/bot.html)"
66.249.70.97 - - [04/Feb/2026:09:06:29 -0800] "GET /?o=7220154203200 HTTP/1.1" 200 204741 "-" "Mozilla/5.0 (Linux; Android 6.0.1; Nexus 5X Build/MMB29P) AppleWebKit/537.36 (KHTML, like Gecko) Chrome/144.0.7559.109 Mobile Safari/537.36 (compatible; Googlebot/2.1; +http://www.google.com/bot.html)"
57.141.0.73 - - [04/Feb/2026:09:06:37 -0800] "GET /?e=09108276512101 HTTP/1.1" 200 - "-" "meta-externalagent/1.1 (+https://developers.facebook.com/docs/sharing/webmasters/crawler)"
66.249.70.110 - - [04/Feb/2026:09:07:12 -0800] "GET /?e=203992932105 HTTP/1.1" 200 197816 "-" "Mozilla/5.0 (Linux; Android 6.0.1; Nexus 5X Build/MMB29P) AppleWebKit/537.36 (KHTML, like Gecko) Chrome/144.0.7559.109 Mobile Safari/537.36 (compatible; Googlebot/2.1; +http://www.google.com/bot.html)"
20.212.16.147 - - [04/Feb/2026:09:07:48 -0800] "GET /wp-editor.php HTTP/1.1" 200 12172 "-" "Mozilla/5.0 (Windows NT 10.0; Win64; x64) AppleWebKit/537.36 (KHTML, like Gecko) Chrome/120.0.0.0 Safari/537.36"
20.212.16.147 - - [04/Feb/2026:09:07:49 -0800] "GET /wp-blog.php HTTP/1.1" 200 12169 "-" "Mozilla/5.0 (Windows NT 10.0; Win64; x64) AppleWebKit/537.36 (KHTML, like Gecko) Chrome/120.0.0.0 Safari/537.36"
20.212.16.147 - - [04/Feb/2026:09:07:49 -0800] "GET /wp-good.php HTTP/1.1" 200 12173 "-" "Mozilla/5.0 (Windows NT 10.0; Win64; x64) AppleWebKit/537.36 (KHTML, like Gecko) Chrome/120.0.0.0 Safari/537.36"
20.212.16.147 - - [04/Feb/2026:09:07:51 -0800] "GET /hehe.php HTTP/1.1" 200 12171 "-" "Mozilla/5.0 (Windows NT 10.0; Win64; x64) AppleWebKit/537.36 (KHTML, like Gecko) Chrome/120.0.0.0 Safari/537.36"
20.212.16.147 - - [04/Feb/2026:09:07:51 -0800] "GET /buy.php HTTP/1.1" 200 12165 "-" "Mozilla/5.0 (Windows NT 10.0; Win64; x64) AppleWebKit/537.36 (KHTML, like Gecko) Chrome/120.0.0.0 Safari/537.36"
20.212.16.147 - - [04/Feb/2026:09:07:52 -0800] "GET /cgi-bin/ HTTP/1.1" 200 12169 "-" "Mozilla/5.0 (Windows NT 10.0; Win64; x64) AppleWebKit/537.36 (KHTML, like Gecko) Chrome/120.0.0.0 Safari/537.36"
20.212.16.147 - - [04/Feb/2026:09:07:53 -0800] "GET /fonts/index.php HTTP/1.1" 200 12168 "-" "Mozilla/5.0 (Windows NT 10.0; Win64; x64) AppleWebKit/537.36 (KHTML, like Gecko) Chrome/120.0.0.0 Safari/537.36"
20.212.16.147 - - [04/Feb/2026:09:07:54 -0800] "GET /wp-links-opml.php HTTP/1.1" 200 12179 "-" "Mozilla/5.0 (Windows NT 10.0; Win64; x64) AppleWebKit/537.36 (KHTML, like Gecko) Chrome/120.0.0.0 Safari/537.36"
20.212.16.147 - - [04/Feb/2026:09:07:55 -0800] "GET /wp-includes/index.php HTTP/1.1" 200 12179 "-" "Mozilla/5.0 (Windows NT 10.0; Win64; x64) AppleWebKit/537.36 (KHTML, like Gecko) Chrome/120.0.0.0 Safari/537.36"
20.212.16.147 - - [04/Feb/2026:09:07:55 -0800] "GET /wp-includes/theme-compat/ HTTP/1.1" 200 12176 "-" "Mozilla/5.0 (Windows NT 10.0; Win64; x64) AppleWebKit/537.36 (KHTML, like Gecko) Chrome/120.0.0.0 Safari/537.36"
20.212.16.147 - - [04/Feb/2026:09:07:56 -0800] "GET /wp-includes/block-bindings/ HTTP/1.1" 200 12175 "-" "Mozilla/5.0 (Windows NT 10.0; Win64; x64) AppleWebKit/537.36 (KHTML, like Gecko) Chrome/120.0.0.0 Safari/537.36"
20.212.16.147 - - [04/Feb/2026:09:07:57 -0800] "GET /wp-includes/rest-api/ HTTP/1.1" 200 12178 "-" "Mozilla/5.0 (Windows NT 10.0; Win64; x64) AppleWebKit/537.36 (KHTML, like Gecko) Chrome/120.0.0.0 Safari/537.36"
20.212.16.147 - - [04/Feb/2026:09:07:58 -0800] "GET /wp-includes/block-supports/ HTTP/1.1" 200 12179 "-" "Mozilla/5.0 (Windows NT 10.0; Win64; x64) AppleWebKit/537.36 (KHTML, like Gecko) Chrome/120.0.0.0 Safari/537.36"
20.212.16.147 - - [04/Feb/2026:09:07:58 -0800] "GET /wp-includes/Text/ HTTP/1.1" 200 12171 "-" "Mozilla/5.0 (Windows NT 10.0; Win64; x64) AppleWebKit/537.36 (KHTML, like Gecko) Chrome/120.0.0.0 Safari/537.36"
20.212.16.147 - - [04/Feb/2026:09:07:59 -0800] "GET /wp-includes/js/jcrop/Jcrop.php HTTP/1.1" 200 12182 "-" "Mozilla/5.0 (Windows NT 10.0; Win64; x64) AppleWebKit/537.36 (KHTML, like Gecko) Chrome/120.0.0.0 Safari/537.36"
20.212.16.147 - - [04/Feb/2026:09:08:00 -0800] "GET /wp-includes/style-engine/index.php HTTP/1.1" 200 12186 "-" "Mozilla/5.0 (Windows NT 10.0; Win64; x64) AppleWebKit/537.36 (KHTML, like Gecko) Chrome/120.0.0.0 Safari/537.36"
20.212.16.147 - - [04/Feb/2026:09:08:01 -0800] "GET /wp-includes/html-api/index.php HTTP/1.1" 200 12181 "-" "Mozilla/5.0 (Windows NT 10.0; Win64; x64) AppleWebKit/537.36 (KHTML, like Gecko) Chrome/120.0.0.0 Safari/537.36"
20.212.16.147 - - [04/Feb/2026:09:08:02 -0800] "GET /wp-includes/assets/autoload_classmap.php HTTP/1.1" 200 12184 "-" "Mozilla/5.0 (Windows NT 10.0; Win64; x64) AppleWebKit/537.36 (KHTML, like Gecko) Chrome/120.0.0.0 Safari/537.36"
20.212.16.147 - - [04/Feb/2026:09:08:02 -0800] "GET /wp-includes/blocks/media-text/index.php HTTP/1.1" 200 12188 "-" "Mozilla/5.0 (Windows NT 10.0; Win64; x64) AppleWebKit/537.36 (KHTML, like Gecko) Chrome/120.0.0.0 Safari/537.36"
20.212.16.147 - - [04/Feb/2026:09:08:03 -0800] "GET /wp-content/index.php HTTP/1.1" 200 12172 "-" "Mozilla/5.0 (Windows NT 10.0; Win64; x64) AppleWebKit/537.36 (KHTML, like Gecko) Chrome/120.0.0.0 Safari/537.36"
20.212.16.147 - - [04/Feb/2026:09:08:05 -0800] "GET /wp-content/admin.php HTTP/1.1" 200 12171 "-" "Mozilla/5.0 (Windows NT 10.0; Win64; x64) AppleWebKit/537.36 (KHTML, like Gecko) Chrome/120.0.0.0 Safari/537.36"
20.212.16.147 - - [04/Feb/2026:09:08:06 -0800] "GET /wp-content/upgrade/index.php HTTP/1.1" 200 12180 "-" "Mozilla/5.0 (Windows NT 10.0; Win64; x64) AppleWebKit/537.36 (KHTML, like Gecko) Chrome/120.0.0.0 Safari/537.36"
20.212.16.147 - - [04/Feb/2026:09:08:07 -0800] "GET /wp-content/plugins/index.php HTTP/1.1" 200 12184 "-" "Mozilla/5.0 (Windows NT 10.0; Win64; x64) AppleWebKit/537.36 (KHTML, like Gecko) Chrome/120.0.0.0 Safari/537.36"
20.212.16.147 - - [04/Feb/2026:09:08:07 -0800] "GET /wp-content/plugins/wp-diambar/includes/loadme.php HTTP/1.1" 200 12201 "-" "Mozilla/5.0 (Windows NT 10.0; Win64; x64) AppleWebKit/537.36 (KHTML, like Gecko) Chrome/120.0.0.0 Safari/537.36"
20.212.16.147 - - [04/Feb/2026:09:08:08 -0800] "GET /wp-content/themes/admin.php HTTP/1.1" 200 12183 "-" "Mozilla/5.0 (Windows NT 10.0; Win64; x64) AppleWebKit/537.36 (KHTML, like Gecko) Chrome/120.0.0.0 Safari/537.36"
20.212.16.147 - - [04/Feb/2026:09:08:09 -0800] "GET /wp-admin/maint/ HTTP/1.1" 200 12174 "-" "Mozilla/5.0 (Windows NT 10.0; Win64; x64) AppleWebKit/537.36 (KHTML, like Gecko) Chrome/120.0.0.0 Safari/537.36"
20.212.16.147 - - [04/Feb/2026:09:08:10 -0800] "GET /wp-admin/js/ HTTP/1.1" 200 12170 "-" "Mozilla/5.0 (Windows NT 10.0; Win64; x64) AppleWebKit/537.36 (KHTML, like Gecko) Chrome/120.0.0.0 Safari/537.36"
20.212.16.147 - - [04/Feb/2026:09:08:11 -0800] "GET /wp-admin/radio.php HTTP/1.1" 200 12175 "-" "Mozilla/5.0 (Windows NT 10.0; Win64; x64) AppleWebKit/537.36 (KHTML, like Gecko) Chrome/120.0.0.0 Safari/537.36"
20.212.16.147 - - [04/Feb/2026:09:08:12 -0800] "GET /wp-admin/includes/ HTTP/1.1" 200 12176 "-" "Mozilla/5.0 (Windows NT 10.0; Win64; x64) AppleWebKit/537.36 (KHTML, like Gecko) Chrome/120.0.0.0 Safari/537.36"
57.141.0.12 - - [04/Feb/2026:09:09:11 -0800] "GET /?e=01440245390000 HTTP/1.1" 200 - "-" "meta-externalagent/1.1 (+https://developers.facebook.com/docs/sharing/webmasters/crawler)"
66.249.70.110 - - [04/Feb/2026:09:09:18 -0800] "GET /?e=98163211281203 HTTP/1.1" 200 197469 "-" "Mozilla/5.0 (Linux; Android 6.0.1; Nexus 5X Build/MMB29P) AppleWebKit/537.36 (KHTML, like Gecko) Chrome/144.0.7559.109 Mobile Safari/537.36 (compatible; Googlebot/2.1; +http://www.google.com/bot.html)"
57.141.0.52 - - [04/Feb/2026:09:10:40 -0800] "GET /?e=24298295230200 HTTP/1.1" 200 - "-" "meta-externalagent/1.1 (+https://developers.facebook.com/docs/sharing/webmasters/crawler)"
66.249.70.110 - - [04/Feb/2026:09:10:42 -0800] "GET /?o=10457205701301 HTTP/1.1" 200 209174 "-" "Mozilla/5.0 (Linux; Android 6.0.1; Nexus 5X Build/MMB29P) AppleWebKit/537.36 (KHTML, like Gecko) Chrome/144.0.7559.109 Mobile Safari/537.36 (compatible; Googlebot/2.1; +http://www.google.com/bot.html)"
57.141.0.30 - - [04/Feb/2026:09:13:24 -0800] "GET /?e=3900970948802 HTTP/1.1" 200 - "-" "meta-externalagent/1.1 (+https://developers.facebook.com/docs/sharing/webmasters/crawler)"
66.249.70.97 - - [04/Feb/2026:09:13:38 -0800] "GET /?o=17146111445103 HTTP/1.1" 200 - "-" "Mozilla/5.0 (Linux; Android 6.0.1; Nexus 5X Build/MMB29P) AppleWebKit/537.36 (KHTML, like Gecko) Chrome/144.0.7559.109 Mobile Safari/537.36 (compatible; Googlebot/2.1; +http://www.google.com/bot.html)"
57.141.0.4 - - [04/Feb/2026:09:13:40 -0800] "GET /?e=45276240584901 HTTP/1.1" 200 - "-" "meta-externalagent/1.1 (+https://developers.facebook.com/docs/sharing/webmasters/crawler)"
114.119.150.208 - - [04/Feb/2026:09:13:40 -0800] "GET /?o=01267133706700 HTTP/1.1" 200 - "https://copeastlegondistrict.org/sitemap.xml" "Mozilla/5.0 (Linux; Android 7.0;) AppleWebKit/537.36 (KHTML, like Gecko) Mobile Safari/537.36 (compatible; PetalBot;+https://webmaster.petalsearch.com/site/petalbot)"
66.249.70.110 - - [04/Feb/2026:09:15:15 -0800] "GET /?o=91099199218703 HTTP/1.1" 200 - "-" "Mozilla/5.0 (Linux; Android 6.0.1; Nexus 5X Build/MMB29P) AppleWebKit/537.36 (KHTML, like Gecko) Chrome/144.0.7559.109 Mobile Safari/537.36 (compatible; Googlebot/2.1; +http://www.google.com/bot.html)"
66.249.70.97 - - [04/Feb/2026:09:15:16 -0800] "GET /?o=59258118194205 HTTP/1.1" 200 - "-" "Mozilla/5.0 (Linux; Android 6.0.1; Nexus 5X Build/MMB29P) AppleWebKit/537.36 (KHTML, like Gecko) Chrome/144.0.7559.109 Mobile Safari/537.36 (compatible; Googlebot/2.1; +http://www.google.com/bot.html)"
114.119.151.81 - - [04/Feb/2026:09:16:27 -0800] "GET /?o=27649204414905 HTTP/1.1" 200 - "https://copeastlegondistrict.org/sitemap.xml" "Mozilla/5.0 (Linux; Android 7.0;) AppleWebKit/537.36 (KHTML, like Gecko) Mobile Safari/537.36 (compatible; PetalBot;+https://webmaster.petalsearch.com/site/petalbot)"
66.249.70.97 - - [04/Feb/2026:09:17:32 -0800] "GET /?e=90608166084501 HTTP/1.1" 200 197737 "-" "Mozilla/5.0 (Linux; Android 6.0.1; Nexus 5X Build/MMB29P) AppleWebKit/537.36 (KHTML, like Gecko) Chrome/144.0.7559.109 Mobile Safari/537.36 (compatible; Googlebot/2.1; +http://www.google.com/bot.html)"
66.249.70.96 - - [04/Feb/2026:09:18:57 -0800] "GET /?o=59251187855301 HTTP/1.1" 200 199545 "-" "Mozilla/5.0 (Linux; Android 6.0.1; Nexus 5X Build/MMB29P) AppleWebKit/537.36 (KHTML, like Gecko) Chrome/144.0.7559.109 Mobile Safari/537.36 (compatible; Googlebot/2.1; +http://www.google.com/bot.html)"
114.119.155.203 - - [04/Feb/2026:09:19:14 -0800] "GET /?o=91709238407802 HTTP/1.1" 200 - "https://copeastlegondistrict.org/sitemap.xml" "Mozilla/5.0 (Linux; Android 7.0;) AppleWebKit/537.36 (KHTML, like Gecko) Mobile Safari/537.36 (compatible; PetalBot;+https://webmaster.petalsearch.com/site/petalbot)"
66.249.70.110 - - [04/Feb/2026:09:20:22 -0800] "GET /?o=12481136033105 HTTP/1.1" 200 - "-" "Mozilla/5.0 (Linux; Android 6.0.1; Nexus 5X Build/MMB29P) AppleWebKit/537.36 (KHTML, like Gecko) Chrome/144.0.7559.109 Mobile Safari/537.36 (compatible; Googlebot/2.1; +http://www.google.com/bot.html)"
66.249.70.110 - - [04/Feb/2026:09:20:22 -0800] "GET /?e=32042225853603 HTTP/1.1" 200 194899 "-" "Mozilla/5.0 (Linux; Android 6.0.1; Nexus 5X Build/MMB29P) AppleWebKit/537.36 (KHTML, like Gecko) Chrome/144.0.7559.109 Mobile Safari/537.36 (compatible; Googlebot/2.1; +http://www.google.com/bot.html)"
114.119.150.208 - - [04/Feb/2026:09:20:37 -0800] "GET /?o=25082161925000 HTTP/1.1" 200 - "https://copeastlegondistrict.org/sitemap.xml" "Mozilla/5.0 (Linux; Android 7.0;) AppleWebKit/537.36 (KHTML, like Gecko) Mobile Safari/537.36 (compatible; PetalBot;+https://webmaster.petalsearch.com/site/petalbot)"
31.42.184.113 - - [04/Feb/2026:09:21:17 -0800] "GET //index.php?params HTTP/1.1" 200 343 "-" "Mozilla/5.0 (compatible; Googlebot/2.1; +http://www.google.com/bot.html; (greenwich&lewisham))"
31.42.184.113 - - [04/Feb/2026:09:21:17 -0800] "GET //index.php?dump HTTP/1.1" 200 198143 "-" "Mozilla/5.0 (compatible; Googlebot/2.1; +http://www.google.com/bot.html; (greenwich&lewisham))"
66.249.70.110 - - [04/Feb/2026:09:21:47 -0800] "GET /?o=72443138969603 HTTP/1.1" 200 194338 "-" "Mozilla/5.0 (Linux; Android 6.0.1; Nexus 5X Build/MMB29P) AppleWebKit/537.36 (KHTML, like Gecko) Chrome/144.0.7559.109 Mobile Safari/537.36 (compatible; Googlebot/2.1; +http://www.google.com/bot.html)"
66.249.70.110 - - [04/Feb/2026:09:21:47 -0800] "GET /?e=81658142394901 HTTP/1.1" 200 200414 "-" "Mozilla/5.0 (Linux; Android 6.0.1; Nexus 5X Build/MMB29P) AppleWebKit/537.36 (KHTML, like Gecko) Chrome/144.0.7559.109 Mobile Safari/537.36 (compatible; Googlebot/2.1; +http://www.google.com/bot.html)"
114.119.151.81 - - [04/Feb/2026:09:22:02 -0800] "GET /?o=180509032402 HTTP/1.1" 200 - "https://copeastlegondistrict.org/sitemap.xml" "Mozilla/5.0 (Linux; Android 7.0;) AppleWebKit/537.36 (KHTML, like Gecko) Mobile Safari/537.36 (compatible; PetalBot;+https://webmaster.petalsearch.com/site/petalbot)"
57.141.0.45 - - [04/Feb/2026:09:22:29 -0800] "GET /?e=0207251575104 HTTP/1.1" 200 - "-" "meta-externalagent/1.1 (+https://developers.facebook.com/docs/sharing/webmasters/crawler)"
66.249.70.110 - - [04/Feb/2026:09:24:19 -0800] "GET /?e=3699252398502 HTTP/1.1" 200 201053 "-" "Mozilla/5.0 (Linux; Android 6.0.1; Nexus 5X Build/MMB29P) AppleWebKit/537.36 (KHTML, like Gecko) Chrome/144.0.7559.109 Mobile Safari/537.36 (compatible; Googlebot/2.1; +http://www.google.com/bot.html)"
173.252.83.115 - - [04/Feb/2026:09:24:27 -0800] "GET /robots.txt HTTP/1.1" 200 78 "-" "facebookexternalhit/1.1 (+http://www.facebook.com/externalhit_uatext.php)"
173.252.83.3 - - [04/Feb/2026:09:24:27 -0800] "GET /robots.txt HTTP/1.1" 200 78 "-" "facebookexternalhit/1.1 (+http://www.facebook.com/externalhit_uatext.php)"
57.141.0.37 - - [04/Feb/2026:09:24:27 -0800] "GET /?e=2374526963102 HTTP/1.1" 200 - "-" "meta-externalagent/1.1 (+https://developers.facebook.com/docs/sharing/webmasters/crawler)"
57.141.0.11 - - [04/Feb/2026:09:24:32 -0800] "GET /?e=81929137926800 HTTP/1.1" 200 - "-" "meta-externalagent/1.1 (+https://developers.facebook.com/docs/sharing/webmasters/crawler)"
66.249.70.110 - - [04/Feb/2026:09:25:02 -0800] "GET /?e=41138207380304 HTTP/1.1" 200 198319 "-" "Mozilla/5.0 (Linux; Android 6.0.1; Nexus 5X Build/MMB29P) AppleWebKit/537.36 (KHTML, like Gecko) Chrome/144.0.7559.109 Mobile Safari/537.36 (compatible; Googlebot/2.1; +http://www.google.com/bot.html)"
66.249.70.97 - - [04/Feb/2026:09:25:02 -0800] "GET /?o=48986200545607 HTTP/1.1" 200 - "-" "Mozilla/5.0 (Linux; Android 6.0.1; Nexus 5X Build/MMB29P) AppleWebKit/537.36 (KHTML, like Gecko) Chrome/144.0.7559.109 Mobile Safari/537.36 (compatible; Googlebot/2.1; +http://www.google.com/bot.html)"
66.249.70.110 - - [04/Feb/2026:09:25:03 -0800] "GET /?o=68229169321500 HTTP/1.1" 200 199684 "-" "Mozilla/5.0 (Linux; Android 6.0.1; Nexus 5X Build/MMB29P) AppleWebKit/537.36 (KHTML, like Gecko) Chrome/144.0.7559.109 Mobile Safari/537.36 (compatible; Googlebot/2.1; +http://www.google.com/bot.html)"
66.249.70.96 - - [04/Feb/2026:09:25:03 -0800] "GET /?e=9986425751101 HTTP/1.1" 200 194417 "-" "Mozilla/5.0 (Linux; Android 6.0.1; Nexus 5X Build/MMB29P) AppleWebKit/537.36 (KHTML, like Gecko) Chrome/144.0.7559.109 Mobile Safari/537.36 (compatible; Googlebot/2.1; +http://www.google.com/bot.html)"
57.141.0.69 - - [04/Feb/2026:09:25:42 -0800] "GET /?e=89172186796401 HTTP/1.1" 200 - "-" "meta-externalagent/1.1 (+https://developers.facebook.com/docs/sharing/webmasters/crawler)"
66.249.70.110 - - [04/Feb/2026:09:26:35 -0800] "GET /?o=87121138974605 HTTP/1.1" 200 - "-" "Mozilla/5.0 (Linux; Android 6.0.1; Nexus 5X Build/MMB29P) AppleWebKit/537.36 (KHTML, like Gecko) Chrome/144.0.7559.109 Mobile Safari/537.36 (compatible; Googlebot/2.1; +http://www.google.com/bot.html)"
57.141.0.36 - - [04/Feb/2026:09:27:26 -0800] "GET /?e=47768245983002 HTTP/1.1" 200 - "-" "meta-externalagent/1.1 (+https://developers.facebook.com/docs/sharing/webmasters/crawler)"
57.141.0.34 - - [04/Feb/2026:09:28:28 -0800] "GET /?e=50060119214506 HTTP/1.1" 200 - "-" "meta-externalagent/1.1 (+https://developers.facebook.com/docs/sharing/webmasters/crawler)"
57.141.0.47 - - [04/Feb/2026:09:28:29 -0800] "GET /?e=520289310306 HTTP/1.1" 200 - "-" "meta-externalagent/1.1 (+https://developers.facebook.com/docs/sharing/webmasters/crawler)"
57.141.0.38 - - [04/Feb/2026:09:29:41 -0800] "GET /?o=0378096128701 HTTP/1.1" 200 - "-" "meta-externalagent/1.1 (+https://developers.facebook.com/docs/sharing/webmasters/crawler)"
66.249.70.97 - - [04/Feb/2026:09:29:53 -0800] "GET /?e=70181242332801 HTTP/1.1" 200 192701 "-" "Mozilla/5.0 (Linux; Android 6.0.1; Nexus 5X Build/MMB29P) AppleWebKit/537.36 (KHTML, like Gecko) Chrome/144.0.7559.109 Mobile Safari/537.36 (compatible; Googlebot/2.1; +http://www.google.com/bot.html)"
66.249.70.110 - - [04/Feb/2026:09:29:54 -0800] "GET /?o=57875233233600 HTTP/1.1" 200 205348 "-" "Mozilla/5.0 (Linux; Android 6.0.1; Nexus 5X Build/MMB29P) AppleWebKit/537.36 (KHTML, like Gecko) Chrome/144.0.7559.109 Mobile Safari/537.36 (compatible; Googlebot/2.1; +http://www.google.com/bot.html)"
57.141.0.25 - - [04/Feb/2026:09:31:39 -0800] "GET /?o=5577711395002 HTTP/1.1" 200 - "-" "meta-externalagent/1.1 (+https://developers.facebook.com/docs/sharing/webmasters/crawler)"
20.197.56.208 - - [04/Feb/2026:09:31:40 -0800] "GET /aa.php HTTP/1.1" 503 282 "-" "Mozilla/5.0 (Windows NT 10.0; Win64; x64) AppleWebKit/537.36 (KHTML, like Gecko) Chrome/120.0.0.0 Safari/537.36"
20.197.56.208 - - [04/Feb/2026:09:31:41 -0800] "GET /abcd.php HTTP/1.1" 503 282 "-" "Mozilla/5.0 (Windows NT 10.0; Win64; x64) AppleWebKit/537.36 (KHTML, like Gecko) Chrome/120.0.0.0 Safari/537.36"
20.197.56.208 - - [04/Feb/2026:09:31:42 -0800] "GET /admin.php HTTP/1.1" 503 282 "-" "Mozilla/5.0 (Windows NT 10.0; Win64; x64) AppleWebKit/537.36 (KHTML, like Gecko) Chrome/120.0.0.0 Safari/537.36"
20.197.56.208 - - [04/Feb/2026:09:31:43 -0800] "GET /buy.php HTTP/1.1" 503 282 "-" "Mozilla/5.0 (Windows NT 10.0; Win64; x64) AppleWebKit/537.36 (KHTML, like Gecko) Chrome/120.0.0.0 Safari/537.36"
20.197.56.208 - - [04/Feb/2026:09:31:44 -0800] "GET /cgi-bin/ HTTP/1.1" 503 282 "-" "Mozilla/5.0 (Windows NT 10.0; Win64; x64) AppleWebKit/537.36 (KHTML, like Gecko) Chrome/120.0.0.0 Safari/537.36"
20.197.56.208 - - [04/Feb/2026:09:31:45 -0800] "GET /edit.php HTTP/1.1" 503 282 "-" "Mozilla/5.0 (Windows NT 10.0; Win64; x64) AppleWebKit/537.36 (KHTML, like Gecko) Chrome/120.0.0.0 Safari/537.36"
20.197.56.208 - - [04/Feb/2026:09:31:46 -0800] "GET /file.php HTTP/1.1" 503 282 "-" "Mozilla/5.0 (Windows NT 10.0; Win64; x64) AppleWebKit/537.36 (KHTML, like Gecko) Chrome/120.0.0.0 Safari/537.36"
20.197.56.208 - - [04/Feb/2026:09:31:48 -0800] "GET /flower.php HTTP/1.1" 503 282 "-" "Mozilla/5.0 (Windows NT 10.0; Win64; x64) AppleWebKit/537.36 (KHTML, like Gecko) Chrome/120.0.0.0 Safari/537.36"
20.197.56.208 - - [04/Feb/2026:09:31:49 -0800] "GET /images/index.php HTTP/1.1" 503 282 "-" "Mozilla/5.0 (Windows NT 10.0; Win64; x64) AppleWebKit/537.36 (KHTML, like Gecko) Chrome/120.0.0.0 Safari/537.36"
20.197.56.208 - - [04/Feb/2026:09:31:50 -0800] "GET /info.php HTTP/1.1" 503 282 "-" "Mozilla/5.0 (Windows NT 10.0; Win64; x64) AppleWebKit/537.36 (KHTML, like Gecko) Chrome/120.0.0.0 Safari/537.36"
66.249.70.96 - - [04/Feb/2026:09:31:50 -0800] "GET /?o=9090950060406 HTTP/1.1" 200 - "-" "Mozilla/5.0 (Linux; Android 6.0.1; Nexus 5X Build/MMB29P) AppleWebKit/537.36 (KHTML, like Gecko) Chrome/144.0.7559.109 Mobile Safari/537.36 (compatible; Googlebot/2.1; +http://www.google.com/bot.html)"
20.197.56.208 - - [04/Feb/2026:09:31:52 -0800] "GET /ioxi-o.php HTTP/1.1" 503 282 "-" "Mozilla/5.0 (Windows NT 10.0; Win64; x64) AppleWebKit/537.36 (KHTML, like Gecko) Chrome/120.0.0.0 Safari/537.36"
20.197.56.208 - - [04/Feb/2026:09:31:53 -0800] "GET /nc4.php HTTP/1.1" 503 282 "-" "Mozilla/5.0 (Windows NT 10.0; Win64; x64) AppleWebKit/537.36 (KHTML, like Gecko) Chrome/120.0.0.0 Safari/537.36"
20.197.56.208 - - [04/Feb/2026:09:31:53 -0800] "GET /xleet.php HTTP/1.1" 503 282 "-" "Mozilla/5.0 (Windows NT 10.0; Win64; x64) AppleWebKit/537.36 (KHTML, like Gecko) Chrome/120.0.0.0 Safari/537.36"
20.197.56.208 - - [04/Feb/2026:09:31:54 -0800] "GET /wp-admin/includes/ HTTP/1.1" 503 282 "-" "Mozilla/5.0 (Windows NT 10.0; Win64; x64) AppleWebKit/537.36 (KHTML, like Gecko) Chrome/120.0.0.0 Safari/537.36"
20.197.56.208 - - [04/Feb/2026:09:31:55 -0800] "GET /wp-content/upgrade/index.php HTTP/1.1" 503 282 "-" "Mozilla/5.0 (Windows NT 10.0; Win64; x64) AppleWebKit/537.36 (KHTML, like Gecko) Chrome/120.0.0.0 Safari/537.36"
20.197.56.208 - - [04/Feb/2026:09:31:56 -0800] "GET /wp-content/uploads/admin.php HTTP/1.1" 503 282 "-" "Mozilla/5.0 (Windows NT 10.0; Win64; x64) AppleWebKit/537.36 (KHTML, like Gecko) Chrome/120.0.0.0 Safari/537.36"
20.197.56.208 - - [04/Feb/2026:09:31:58 -0800] "GET /wp-good.php HTTP/1.1" 503 282 "-" "Mozilla/5.0 (Windows NT 10.0; Win64; x64) AppleWebKit/537.36 (KHTML, like Gecko) Chrome/120.0.0.0 Safari/537.36"
20.197.56.208 - - [04/Feb/2026:09:31:59 -0800] "GET /wp-includes/Text/Diff/Renderer/ HTTP/1.1" 503 282 "-" "Mozilla/5.0 (Windows NT 10.0; Win64; x64) AppleWebKit/537.36 (KHTML, like Gecko) Chrome/120.0.0.0 Safari/537.36"
20.197.56.208 - - [04/Feb/2026:09:32:00 -0800] "GET /wp-includes/style-engine/ HTTP/1.1" 503 282 "-" "Mozilla/5.0 (Windows NT 10.0; Win64; x64) AppleWebKit/537.36 (KHTML, like Gecko) Chrome/120.0.0.0 Safari/537.36"
20.197.56.208 - - [04/Feb/2026:09:32:01 -0800] "GET /xmrlpc.php HTTP/1.1" 503 282 "-" "Mozilla/5.0 (Windows NT 10.0; Win64; x64) AppleWebKit/537.36 (KHTML, like Gecko) Chrome/120.0.0.0 Safari/537.36"
20.197.56.208 - - [04/Feb/2026:09:32:02 -0800] "GET /about.php HTTP/1.1" 503 282 "-" "Mozilla/5.0 (Windows NT 10.0; Win64; x64) AppleWebKit/537.36 (KHTML, like Gecko) Chrome/120.0.0.0 Safari/537.36"
20.197.56.208 - - [04/Feb/2026:09:32:03 -0800] "GET /adminfuns.php HTTP/1.1" 503 282 "-" "Mozilla/5.0 (Windows NT 10.0; Win64; x64) AppleWebKit/537.36 (KHTML, like Gecko) Chrome/120.0.0.0 Safari/537.36"
20.197.56.208 - - [04/Feb/2026:09:32:04 -0800] "GET /alfa.php HTTP/1.1" 503 282 "-" "Mozilla/5.0 (Windows NT 10.0; Win64; x64) AppleWebKit/537.36 (KHTML, like Gecko) Chrome/120.0.0.0 Safari/537.36"
20.197.56.208 - - [04/Feb/2026:09:32:05 -0800] "GET /asasx.php HTTP/1.1" 503 282 "-" "Mozilla/5.0 (Windows NT 10.0; Win64; x64) AppleWebKit/537.36 (KHTML, like Gecko) Chrome/120.0.0.0 Safari/537.36"
20.197.56.208 - - [04/Feb/2026:09:32:06 -0800] "GET /autoload_classmap.php HTTP/1.1" 503 282 "-" "Mozilla/5.0 (Windows NT 10.0; Win64; x64) AppleWebKit/537.36 (KHTML, like Gecko) Chrome/120.0.0.0 Safari/537.36"
20.197.56.208 - - [04/Feb/2026:09:32:07 -0800] "GET /classwithtostring.php HTTP/1.1" 503 282 "-" "Mozilla/5.0 (Windows NT 10.0; Win64; x64) AppleWebKit/537.36 (KHTML, like Gecko) Chrome/120.0.0.0 Safari/537.36"
20.197.56.208 - - [04/Feb/2026:09:32:08 -0800] "GET /cong.php HTTP/1.1" 503 282 "-" "Mozilla/5.0 (Windows NT 10.0; Win64; x64) AppleWebKit/537.36 (KHTML, like Gecko) Chrome/120.0.0.0 Safari/537.36"
20.197.56.208 - - [04/Feb/2026:09:32:09 -0800] "GET /file2.php HTTP/1.1" 503 282 "-" "Mozilla/5.0 (Windows NT 10.0; Win64; x64) AppleWebKit/537.36 (KHTML, like Gecko) Chrome/120.0.0.0 Safari/537.36"
20.197.56.208 - - [04/Feb/2026:09:32:10 -0800] "GET /moon.php HTTP/1.1" 503 282 "-" "Mozilla/5.0 (Windows NT 10.0; Win64; x64) AppleWebKit/537.36 (KHTML, like Gecko) Chrome/120.0.0.0 Safari/537.36"
20.197.56.208 - - [04/Feb/2026:09:32:11 -0800] "GET /wp-admin/css/colors/blue/index.php HTTP/1.1" 503 282 "-" "Mozilla/5.0 (Windows NT 10.0; Win64; x64) AppleWebKit/537.36 (KHTML, like Gecko) Chrome/120.0.0.0 Safari/537.36"
20.197.56.208 - - [04/Feb/2026:09:32:12 -0800] "GET /wp-content/index.php HTTP/1.1" 503 282 "-" "Mozilla/5.0 (Windows NT 10.0; Win64; x64) AppleWebKit/537.36 (KHTML, like Gecko) Chrome/120.0.0.0 Safari/537.36"
20.197.56.208 - - [04/Feb/2026:09:32:12 -0800] "GET /wp-content/plugins/yanierin/akcc.php HTTP/1.1" 503 282 "-" "Mozilla/5.0 (Windows NT 10.0; Win64; x64) AppleWebKit/537.36 (KHTML, like Gecko) Chrome/120.0.0.0 Safari/537.36"
20.197.56.208 - - [04/Feb/2026:09:32:13 -0800] "GET /wp-content/uploads/index.php HTTP/1.1" 503 282 "-" "Mozilla/5.0 (Windows NT 10.0; Win64; x64) AppleWebKit/537.36 (KHTML, like Gecko) Chrome/120.0.0.0 Safari/537.36"
20.197.56.208 - - [04/Feb/2026:09:32:15 -0800] "GET /wp-content/wp-conflg.php HTTP/1.1" 503 282 "-" "Mozilla/5.0 (Windows NT 10.0; Win64; x64) AppleWebKit/537.36 (KHTML, like Gecko) Chrome/120.0.0.0 Safari/537.36"
20.197.56.208 - - [04/Feb/2026:09:32:16 -0800] "GET /wp-cron.php HTTP/1.1" 503 282 "-" "Mozilla/5.0 (Windows NT 10.0; Win64; x64) AppleWebKit/537.36 (KHTML, like Gecko) Chrome/120.0.0.0 Safari/537.36"
20.197.56.208 - - [04/Feb/2026:09:32:17 -0800] "GET /wp-includes/IXR/ HTTP/1.1" 503 282 "-" "Mozilla/5.0 (Windows NT 10.0; Win64; x64) AppleWebKit/537.36 (KHTML, like Gecko) Chrome/120.0.0.0 Safari/537.36"
20.197.56.208 - - [04/Feb/2026:09:32:18 -0800] "GET /wp-includes/block-supports/ HTTP/1.1" 503 282 "-" "Mozilla/5.0 (Windows NT 10.0; Win64; x64) AppleWebKit/537.36 (KHTML, like Gecko) Chrome/120.0.0.0 Safari/537.36"
20.197.56.208 - - [04/Feb/2026:09:32:19 -0800] "GET /wp-includes/fonts/ HTTP/1.1" 503 282 "-" "Mozilla/5.0 (Windows NT 10.0; Win64; x64) AppleWebKit/537.36 (KHTML, like Gecko) Chrome/120.0.0.0 Safari/537.36"
20.197.56.208 - - [04/Feb/2026:09:32:19 -0800] "GET /wp-includes/fonts/index.php HTTP/1.1" 503 282 "-" "Mozilla/5.0 (Windows NT 10.0; Win64; x64) AppleWebKit/537.36 (KHTML, like Gecko) Chrome/120.0.0.0 Safari/537.36"
20.197.56.208 - - [04/Feb/2026:09:32:20 -0800] "GET /wp-includes/js/crop/ HTTP/1.1" 503 282 "-" "Mozilla/5.0 (Windows NT 10.0; Win64; x64) AppleWebKit/537.36 (KHTML, like Gecko) Chrome/120.0.0.0 Safari/537.36"
20.197.56.208 - - [04/Feb/2026:09:32:22 -0800] "GET /wp-includes/rest-api/ HTTP/1.1" 503 282 "-" "Mozilla/5.0 (Windows NT 10.0; Win64; x64) AppleWebKit/537.36 (KHTML, like Gecko) Chrome/120.0.0.0 Safari/537.36"
20.197.56.208 - - [04/Feb/2026:09:32:24 -0800] "GET /wp-includes/widgets/ HTTP/1.1" 503 282 "-" "Mozilla/5.0 (Windows NT 10.0; Win64; x64) AppleWebKit/537.36 (KHTML, like Gecko) Chrome/120.0.0.0 Safari/537.36"
57.141.0.38 - - [04/Feb/2026:09:32:47 -0800] "GET /?e=27099283814702 HTTP/1.1" 200 - "-" "meta-externalagent/1.1 (+https://developers.facebook.com/docs/sharing/webmasters/crawler)"
66.249.70.110 - - [04/Feb/2026:09:33:02 -0800] "GET /?e=89889241146204 HTTP/1.1" 200 199367 "-" "Mozilla/5.0 (Linux; Android 6.0.1; Nexus 5X Build/MMB29P) AppleWebKit/537.36 (KHTML, like Gecko) Chrome/144.0.7559.109 Mobile Safari/537.36 (compatible; Googlebot/2.1; +http://www.google.com/bot.html)"
40.77.167.48 - - [04/Feb/2026:09:33:35 -0800] "GET /?e=9119772987201 HTTP/1.1" 200 196821 "-" "Mozilla/5.0 AppleWebKit/537.36 (KHTML, like Gecko; compatible; bingbot/2.0; +http://www.bing.com/bingbot.htm) Chrome/116.0.1938.76 Safari/537.36"
66.249.70.97 - - [04/Feb/2026:09:34:43 -0800] "GET /?o=9298239808407 HTTP/1.1" 200 - "-" "Mozilla/5.0 (Linux; Android 6.0.1; Nexus 5X Build/MMB29P) AppleWebKit/537.36 (KHTML, like Gecko) Chrome/144.0.7559.109 Mobile Safari/537.36 (compatible; Googlebot/2.1; +http://www.google.com/bot.html)"
66.249.70.97 - - [04/Feb/2026:09:34:43 -0800] "GET /?o=8081422968001 HTTP/1.1" 200 - "-" "Mozilla/5.0 (Linux; Android 6.0.1; Nexus 5X Build/MMB29P) AppleWebKit/537.36 (KHTML, like Gecko) Chrome/144.0.7559.109 Mobile Safari/537.36 (compatible; Googlebot/2.1; +http://www.google.com/bot.html)"
66.249.70.110 - - [04/Feb/2026:09:35:36 -0800] "GET /?o=71780179637809 HTTP/1.1" 200 - "-" "Mozilla/5.0 (Linux; Android 6.0.1; Nexus 5X Build/MMB29P) AppleWebKit/537.36 (KHTML, like Gecko) Chrome/144.0.7559.109 Mobile Safari/537.36 (compatible; Googlebot/2.1; +http://www.google.com/bot.html)"
66.249.70.97 - - [04/Feb/2026:09:36:18 -0800] "GET /?o=1697950570001 HTTP/1.1" 200 197692 "-" "Mozilla/5.0 (Linux; Android 6.0.1; Nexus 5X Build/MMB29P) AppleWebKit/537.36 (KHTML, like Gecko) Chrome/144.0.7559.109 Mobile Safari/537.36 (compatible; Googlebot/2.1; +http://www.google.com/bot.html)"
66.249.70.96 - - [04/Feb/2026:09:36:19 -0800] "GET /?o=8762482206702 HTTP/1.1" 200 194896 "-" "Mozilla/5.0 (Linux; Android 6.0.1; Nexus 5X Build/MMB29P) AppleWebKit/537.36 (KHTML, like Gecko) Chrome/144.0.7559.109 Mobile Safari/537.36 (compatible; Googlebot/2.1; +http://www.google.com/bot.html)"
57.141.0.50 - - [04/Feb/2026:09:37:56 -0800] "GET /?o=7074048246204 HTTP/1.1" 200 - "-" "meta-externalagent/1.1 (+https://developers.facebook.com/docs/sharing/webmasters/crawler)"
66.249.70.97 - - [04/Feb/2026:09:38:25 -0800] "GET /?o=555278970701 HTTP/1.1" 200 201425 "-" "Mozilla/5.0 (Linux; Android 6.0.1; Nexus 5X Build/MMB29P) AppleWebKit/537.36 (KHTML, like Gecko) Chrome/144.0.7559.109 Mobile Safari/537.36 (compatible; Googlebot/2.1; +http://www.google.com/bot.html)"
57.141.0.74 - - [04/Feb/2026:09:39:41 -0800] "GET /?e=3347284678204 HTTP/1.1" 200 - "-" "meta-externalagent/1.1 (+https://developers.facebook.com/docs/sharing/webmasters/crawler)"
57.141.0.68 - - [04/Feb/2026:09:39:47 -0800] "GET /?e=19086115945504 HTTP/1.1" 200 - "-" "meta-externalagent/1.1 (+https://developers.facebook.com/docs/sharing/webmasters/crawler)"
